216.73.216.81 - - [13/Mar/2026:12:10:03 +0000] "GET /FSS-HCM__1405e9d/root/proc/2766786/task/2766791/net/rt_acct HTTP/1.1" 200 - "-" "Mozilla/5.0 AppleWebKit/537.36 (KHTML, like Gecko; compatible; ClaudeBot/1.0; +claudebot@anthropic.com)"
57.141.20.37 - - [13/Mar/2026:12:10:03 +0000] "GET /FSS-HCM__1405e9d/root/proc/thread-self/root/proc/2328801/root/proc/200/mountstats HTTP/1.1" 404 16 "-" "meta-externalagent/1.1 (+https://developers.facebook.com/docs/sharing/webmasters/crawler)"
216.73.216.81 - - [13/Mar/2026:12:10:03 +0000] "GET /FSS-HCM__1405e9d/root/proc/653/task/1818083/attr/fscreate HTTP/1.1" 200 - "-" "Mozilla/5.0 AppleWebKit/537.36 (KHTML, like Gecko; compatible; ClaudeBot/1.0; +claudebot@anthropic.com)"
216.73.216.81 - - [13/Mar/2026:12:10:03 +0000] "GET /FSS-HCM__1405e9d/root/sys/dev/char/4:42/subsystem/console/?C=M&O=A HTTP/1.1" 200 440 "-" "Mozilla/5.0 AppleWebKit/537.36 (KHTML, like Gecko; compatible; ClaudeBot/1.0; +claudebot@anthropic.com)"
216.73.216.81 - - [13/Mar/2026:12:10:03 +0000] "GET /FSS-HCM__1405e9d/root/usr/share/man/man3/Fcntl.3pm.gz HTTP/1.1" 200 2750 "-" "Mozilla/5.0 AppleWebKit/537.36 (KHTML, like Gecko; compatible; ClaudeBot/1.0; +claudebot@anthropic.com)"
216.73.216.81 - - [13/Mar/2026:12:10:03 +0000] "GET /FSS-HCM__1405e9d/root/usr/share/man/man1/md5sum.1.gz HTTP/1.1" 200 1371 "-" "Mozilla/5.0 AppleWebKit/537.36 (KHTML, like Gecko; compatible; ClaudeBot/1.0; +claudebot@anthropic.com)"
74.7.241.34 - - [13/Mar/2026:12:10:03 +0000] "GET /configDMJ__1405e9d/Jump/0-imperoro/wp-content__1405e9d/plugins/iontg/index.php?path=/home/imperoro/www/configDMJ__1405e9d/Jump/0-imperoro/FSS-HCM__1405e9d/root/home/imperoro/public_html/FSS-HCM__1405e9d/root/proc/self/root/sys/bus/cpu/devices/cpu5/node0/cpu4/node0/cpu3/node0/memory102/node0/memory127/node0/memory4/node0/memory0/power HTTP/1.1" 200 3311 "http://www.impero.ro/configDMJ__1405e9d/Jump/0-imperoro/wp-content__1405e9d/plugins/iontg/index.php?path=/home/imperoro/www/configDMJ__1405e9d/Jump/0-imperoro/FSS-HCM__1405e9d/root/home/imperoro/public_html/FSS-HCM__1405e9d/root/proc/self/root/sys/bus/cpu/devices/cpu5/node0/cpu4/node0/cpu3/node0/memory102/node0/memory127/node0/memory4/node0/memory0" "Mozilla/5.0 AppleWebKit/537.36 (KHTML, like Gecko; compatible; GPTBot/1.3; +https://openai.com/gptbot)"
216.73.216.81 - - [13/Mar/2026:12:10:03 +0000] "GET /FSS-HCM__1405e9d/root/proc/thread-self/cwd/run/restartsrv_p0f HTTP/1.1" 200 - "-" "Mozilla/5.0 AppleWebKit/537.36 (KHTML, like Gecko; compatible; ClaudeBot/1.0; +claudebot@anthropic.com)"
216.73.216.81 - - [13/Mar/2026:12:10:03 +0000] "GET /FSS-HCM__1405e9d/root/usr/share/man/man1/ps2ps.1.gz HTTP/1.1" 200 671 "-" "Mozilla/5.0 AppleWebKit/537.36 (KHTML, like Gecko; compatible; ClaudeBot/1.0; +claudebot@anthropic.com)"
216.73.216.81 - - [13/Mar/2026:12:10:03 +0000] "GET /FSS-HCM__1405e9d/root/proc/1807877/task/1807881/mounts HTTP/1.1" 200 - "-" "Mozilla/5.0 AppleWebKit/537.36 (KHTML, like Gecko; compatible; ClaudeBot/1.0; +claudebot@anthropic.com)"
57.141.20.43 - - [13/Mar/2026:12:10:03 +0000] "GET /FSS-HCM__1405e9d/root/proc/thread-self/root/proc/2328801/root/proc/2460863/stack HTTP/1.1" 404 16 "-" "meta-externalagent/1.1 (+https://developers.facebook.com/docs/sharing/webmasters/crawler)"
216.73.216.81 - - [13/Mar/2026:12:10:03 +0000] "GET /FSS-HCM__1405e9d/root/usr/share/doc/perl-DB_File/?C=S&O=A HTTP/1.1" 200 412 "-" "Mozilla/5.0 AppleWebKit/537.36 (KHTML, like Gecko; compatible; ClaudeBot/1.0; +claudebot@anthropic.com)"
216.73.216.81 - - [13/Mar/2026:12:10:03 +0000] "GET /FSS-HCM__1405e9d/root/usr/share/man/man3/EVP_seed_cfb.3ssl.gz HTTP/1.1" 200 2451 "-" "Mozilla/5.0 AppleWebKit/537.36 (KHTML, like Gecko; compatible; ClaudeBot/1.0; +claudebot@anthropic.com)"
216.73.216.81 - - [13/Mar/2026:12:10:03 +0000] "GET /FSS-HCM__1405e9d/root/sys/module/netpoll/?C=M&O=A HTTP/1.1" 200 396 "-" "Mozilla/5.0 AppleWebKit/537.36 (KHTML, like Gecko; compatible; ClaudeBot/1.0; +claudebot@anthropic.com)"
216.73.216.81 - - [13/Mar/2026:12:10:04 +0000] "GET /FSS-HCM__1405e9d/root/usr/include/drm/?C=D&O=A HTTP/1.1" 200 718 "-" "Mozilla/5.0 AppleWebKit/537.36 (KHTML, like Gecko; compatible; ClaudeBot/1.0; +claudebot@anthropic.com)"
74.7.241.34 - - [13/Mar/2026:12:10:04 +0000] "GET /configDMJ__1405e9d/Jump/0-imperoro/wp-content__1405e9d/plugins/iontg/index.php?path=/home/imperoro/www/configDMJ__1405e9d/Jump/0-imperoro/FSS-HCM__1405e9d/root/home/imperoro/public_html/FSS-HCM__1405e9d/root/proc/self/root/sys/bus/cpu/devices/cpu5/node0/cpu4/node0/cpu3/node0/memory102/node0/memory127/node0/memory4/node0/cpu0/driver HTTP/1.1" 200 3430 "http://www.impero.ro/configDMJ__1405e9d/Jump/0-imperoro/wp-content__1405e9d/plugins/iontg/index.php?path=/home/imperoro/www/configDMJ__1405e9d/Jump/0-imperoro/FSS-HCM__1405e9d/root/home/imperoro/public_html/FSS-HCM__1405e9d/root/proc/self/root/sys/bus/cpu/devices/cpu5/node0/cpu4/node0/cpu3/node0/memory102/node0/memory127/node0/memory4/node0/cpu0" "Mozilla/5.0 AppleWebKit/537.36 (KHTML, like Gecko; compatible; GPTBot/1.3; +https://openai.com/gptbot)"
57.141.20.6 - - [13/Mar/2026:12:10:04 +0000] "GET /FSS-HCM__1405e9d/root/proc/thread-self/root/proc/2328801/root/proc/2460863/stat HTTP/1.1" 200 - "-" "meta-externalagent/1.1 (+https://developers.facebook.com/docs/sharing/webmasters/crawler)"
216.73.216.81 - - [13/Mar/2026:12:10:04 +0000] "GET /FSS-HCM__1405e9d/root/usr/share/zoneinfo/America/Montserrat HTTP/1.1" 200 127 "-" "Mozilla/5.0 AppleWebKit/537.36 (KHTML, like Gecko; compatible; ClaudeBot/1.0; +claudebot@anthropic.com)"
216.73.216.81 - - [13/Mar/2026:12:10:04 +0000] "GET /FSS-HCM__1405e9d/root/usr/share/man/man3/EVP_PKEY_assign_RSA.3ssl.gz HTTP/1.1" 200 3768 "-" "Mozilla/5.0 AppleWebKit/537.36 (KHTML, like Gecko; compatible; ClaudeBot/1.0; +claudebot@anthropic.com)"
216.73.216.81 - - [13/Mar/2026:12:10:04 +0000] "GET /FSS-HCM__1405e9d/root/usr/share/tk8.6/demos/dialog1.tcl HTTP/1.1" 200 395 "-" "Mozilla/5.0 AppleWebKit/537.36 (KHTML, like Gecko; compatible; ClaudeBot/1.0; +claudebot@anthropic.com)"
216.73.216.81 - - [13/Mar/2026:12:10:04 +0000] "GET /FSS-HCM__1405e9d/root/usr/share/man/man1/vlock.1.gz HTTP/1.1" 200 924 "-" "Mozilla/5.0 AppleWebKit/537.36 (KHTML, like Gecko; compatible; ClaudeBot/1.0; +claudebot@anthropic.com)"
216.73.216.81 - - [13/Mar/2026:12:10:04 +0000] "GET /FSS-HCM__1405e9d/root/sys/dev/char/202:5/subsystem/?C=M&O=A HTTP/1.1" 200 415 "-" "Mozilla/5.0 AppleWebKit/537.36 (KHTML, like Gecko; compatible; ClaudeBot/1.0; +claudebot@anthropic.com)"
57.141.20.27 - - [13/Mar/2026:12:10:04 +0000] "GET /FSS-HCM__1405e9d/root/proc/thread-self/root/proc/2328801/root/proc/200/mem HTTP/1.1" 404 16 "-" "meta-externalagent/1.1 (+https://developers.facebook.com/docs/sharing/webmasters/crawler)"
74.7.241.34 - - [13/Mar/2026:12:10:04 +0000] "GET /configDMJ__1405e9d/Jump/0-imperoro/wp-content__1405e9d/plugins/iontg/index.php?path=/home/imperoro/www/configDMJ__1405e9d/Jump/0-imperoro/FSS-HCM__1405e9d/root/home/imperoro/public_html/FSS-HCM__1405e9d/root/proc/self/root/sys/bus/cpu/devices/cpu5/node0/cpu4/node0/cpu3/node0/memory102/node0/memory127/node0/memory4/node0/cpu0/cache HTTP/1.1" 200 3288 "http://www.impero.ro/configDMJ__1405e9d/Jump/0-imperoro/wp-content__1405e9d/plugins/iontg/index.php?path=/home/imperoro/www/configDMJ__1405e9d/Jump/0-imperoro/FSS-HCM__1405e9d/root/home/imperoro/public_html/FSS-HCM__1405e9d/root/proc/self/root/sys/bus/cpu/devices/cpu5/node0/cpu4/node0/cpu3/node0/memory102/node0/memory127/node0/memory4/node0/cpu0" "Mozilla/5.0 AppleWebKit/537.36 (KHTML, like Gecko; compatible; GPTBot/1.3; +https://openai.com/gptbot)"
216.73.216.81 - - [13/Mar/2026:12:10:04 +0000] "GET /FSS-HCM__1405e9d/root/usr/share/man/man3/xcb_xf86dri_open_connection_reply.3.gz HTTP/1.1" 200 58 "-" "Mozilla/5.0 AppleWebKit/537.36 (KHTML, like Gecko; compatible; ClaudeBot/1.0; +claudebot@anthropic.com)"
216.73.216.81 - - [13/Mar/2026:12:10:04 +0000] "GET /FSS-HCM__1405e9d/root/sys/dev/char/21:0/device/generic/?C=M&O=A HTTP/1.1" 200 453 "-" "Mozilla/5.0 AppleWebKit/537.36 (KHTML, like Gecko; compatible; ClaudeBot/1.0; +claudebot@anthropic.com)"
216.73.216.81 - - [13/Mar/2026:12:10:04 +0000] "GET /FSS-HCM__1405e9d/root/usr/share/doc/rpm/tsort HTTP/1.1" 200 2245 "-" "Mozilla/5.0 AppleWebKit/537.36 (KHTML, like Gecko; compatible; ClaudeBot/1.0; +claudebot@anthropic.com)"
216.73.216.81 - - [13/Mar/2026:12:10:04 +0000] "GET /FSS-HCM__1405e9d/root/usr/share/man/man3/xcb_xvmc_create_subpicture_priv_data.3.gz HTTP/1.1" 200 57 "-" "Mozilla/5.0 AppleWebKit/537.36 (KHTML, like Gecko; compatible; ClaudeBot/1.0; +claudebot@anthropic.com)"
216.73.216.81 - - [13/Mar/2026:12:10:04 +0000] "GET /FSS-HCM__1405e9d/root/usr/lib/firmware/i915/tgl_guc_70.1.1.bin HTTP/1.1" 200 113993 "-" "Mozilla/5.0 AppleWebKit/537.36 (KHTML, like Gecko; compatible; ClaudeBot/1.0; +claudebot@anthropic.com)"
216.73.216.81 - - [13/Mar/2026:12:10:05 +0000] "GET /FSS-HCM__1405e9d/root/usr/share/man/man5/auditd.conf.5.gz HTTP/1.1" 200 6864 "-" "Mozilla/5.0 AppleWebKit/537.36 (KHTML, like Gecko; compatible; ClaudeBot/1.0; +claudebot@anthropic.com)"
74.7.241.34 - - [13/Mar/2026:12:10:05 +0000] "GET /configDMJ__1405e9d/Jump/0-imperoro/wp-content__1405e9d/plugins/iontg/index.php?path=/home/imperoro/www/configDMJ__1405e9d/Jump/0-imperoro/FSS-HCM__1405e9d/root/home/imperoro/public_html/FSS-HCM__1405e9d/root/proc/self/root/sys/bus/cpu/devices/cpu5/node0/cpu4/node0/cpu3/node0/memory102/node0/memory127/node0/memory4/node0/cpu0/power HTTP/1.1" 200 3366 "http://www.impero.ro/configDMJ__1405e9d/Jump/0-imperoro/wp-content__1405e9d/plugins/iontg/index.php?path=/home/imperoro/www/configDMJ__1405e9d/Jump/0-imperoro/FSS-HCM__1405e9d/root/home/imperoro/public_html/FSS-HCM__1405e9d/root/proc/self/root/sys/bus/cpu/devices/cpu5/node0/cpu4/node0/cpu3/node0/memory102/node0/memory127/node0/memory4/node0/cpu0" "Mozilla/5.0 AppleWebKit/537.36 (KHTML, like Gecko; compatible; GPTBot/1.3; +https://openai.com/gptbot)"
57.141.20.56 - - [13/Mar/2026:12:10:05 +0000] "GET /FSS-HCM__1405e9d/root/proc/thread-self/root/proc/2328801/root/proc/200/?C=N;O=A HTTP/1.1" 200 9049 "-" "meta-externalagent/1.1 (+https://developers.facebook.com/docs/sharing/webmasters/crawler)"
216.73.216.81 - - [13/Mar/2026:12:10:05 +0000] "GET /FSS-HCM__1405e9d/root/usr/share/man/man3/xcb_composite_get_overlay_window_unchecked.3.gz HTTP/1.1" 200 63 "-" "Mozilla/5.0 AppleWebKit/537.36 (KHTML, like Gecko; compatible; ClaudeBot/1.0; +claudebot@anthropic.com)"
57.141.20.33 - - [13/Mar/2026:12:10:05 +0000] "GET /FSS-HCM__1405e9d/root/proc/thread-self/root/proc/2328801/root/proc/200/sched HTTP/1.1" 200 - "-" "meta-externalagent/1.1 (+https://developers.facebook.com/docs/sharing/webmasters/crawler)"
216.73.216.81 - - [13/Mar/2026:12:10:05 +0000] "GET /FSS-HCM__1405e9d/root/usr/share/man/man3/d2i_ASN1_GENERALIZEDTIME.3ssl.gz HTTP/1.1" 200 6886 "-" "Mozilla/5.0 AppleWebKit/537.36 (KHTML, like Gecko; compatible; ClaudeBot/1.0; +claudebot@anthropic.com)"
216.73.216.81 - - [13/Mar/2026:12:10:05 +0000] "GET /FSS-HCM__1405e9d/root/usr/share/zoneinfo/America/Noronha HTTP/1.1" 200 381 "-" "Mozilla/5.0 AppleWebKit/537.36 (KHTML, like Gecko; compatible; ClaudeBot/1.0; +claudebot@anthropic.com)"
74.7.241.34 - - [13/Mar/2026:12:10:05 +0000] "GET /configDMJ__1405e9d/Jump/0-imperoro/wp-content__1405e9d/plugins/iontg/index.php?path=/home/imperoro/www/configDMJ__1405e9d/Jump/0-imperoro/FSS-HCM__1405e9d/root/home/imperoro/public_html/FSS-HCM__1405e9d/root/proc/self/root/sys/bus/cpu/devices/cpu5/node0/cpu4/node0/cpu3/node0/memory102/node0/memory127/node0/memory4/node0/cpu2/power HTTP/1.1" 200 3368 "http://www.impero.ro/configDMJ__1405e9d/Jump/0-imperoro/wp-content__1405e9d/plugins/iontg/index.php?path=/home/imperoro/www/configDMJ__1405e9d/Jump/0-imperoro/FSS-HCM__1405e9d/root/home/imperoro/public_html/FSS-HCM__1405e9d/root/proc/self/root/sys/bus/cpu/devices/cpu5/node0/cpu4/node0/cpu3/node0/memory102/node0/memory127/node0/memory4/node0/cpu2" "Mozilla/5.0 AppleWebKit/537.36 (KHTML, like Gecko; compatible; GPTBot/1.3; +https://openai.com/gptbot)"
216.73.216.81 - - [13/Mar/2026:12:10:05 +0000] "GET /FSS-HCM__1405e9d/root/usr/lib/firmware/i915/adlp_guc_70.1.1.bin HTTP/1.1" 200 120415 "-" "Mozilla/5.0 AppleWebKit/537.36 (KHTML, like Gecko; compatible; ClaudeBot/1.0; +claudebot@anthropic.com)"
216.73.216.81 - - [13/Mar/2026:12:10:05 +0000] "GET /FSS-HCM__1405e9d/root/sys/kernel/slab/kmalloc-128/?C=D&O=A HTTP/1.1" 200 759 "-" "Mozilla/5.0 AppleWebKit/537.36 (KHTML, like Gecko; compatible; ClaudeBot/1.0; +claudebot@anthropic.com)"
216.73.216.81 - - [13/Mar/2026:12:10:05 +0000] "GET /FSS-HCM__1405e9d/root/usr/share/zoneinfo/Asia/Baghdad HTTP/1.1" 200 516 "-" "Mozilla/5.0 AppleWebKit/537.36 (KHTML, like Gecko; compatible; ClaudeBot/1.0; +claudebot@anthropic.com)"
216.73.216.81 - - [13/Mar/2026:12:10:05 +0000] "GET /FSS-HCM__1405e9d/root/usr/share/man/man3/BN_mpi2bn.3ssl.gz HTTP/1.1" 200 3470 "-" "Mozilla/5.0 AppleWebKit/537.36 (KHTML, like Gecko; compatible; ClaudeBot/1.0; +claudebot@anthropic.com)"
57.141.20.33 - - [13/Mar/2026:12:10:05 +0000] "GET /FSS-HCM__1405e9d/root/proc/thread-self/root/proc/2328801/root/proc/200/statm HTTP/1.1" 200 - "-" "meta-externalagent/1.1 (+https://developers.facebook.com/docs/sharing/webmasters/crawler)"
216.73.216.81 - - [13/Mar/2026:12:10:05 +0000] "GET /FSS-HCM__1405e9d/root/usr/share/man/man3/PROXY_POLICY_free.3ssl.gz HTTP/1.1" 200 4093 "-" "Mozilla/5.0 AppleWebKit/537.36 (KHTML, like Gecko; compatible; ClaudeBot/1.0; +claudebot@anthropic.com)"
216.73.216.81 - - [13/Mar/2026:12:10:06 +0000] "GET /FSS-HCM__1405e9d/root/sys/kernel/slab/kmalloc-96/?C=N&O=A HTTP/1.1" 200 758 "-" "Mozilla/5.0 AppleWebKit/537.36 (KHTML, like Gecko; compatible; ClaudeBot/1.0; +claudebot@anthropic.com)"
74.7.241.34 - - [13/Mar/2026:12:10:06 +0000] "GET /configDMJ__1405e9d/Jump/0-imperoro/wp-content__1405e9d/plugins/iontg/index.php?path=/home/imperoro/www/configDMJ__1405e9d/Jump/0-imperoro/FSS-HCM__1405e9d/root/home/imperoro/public_html/FSS-HCM__1405e9d/root/proc/self/root/sys/bus/cpu/devices/cpu5/node0/cpu4/node0/cpu3/node0/memory102/node0/memory127/node0/memory4/node0/cpu2/hotplug HTTP/1.1" 200 3201 "http://www.impero.ro/configDMJ__1405e9d/Jump/0-imperoro/wp-content__1405e9d/plugins/iontg/index.php?path=/home/imperoro/www/configDMJ__1405e9d/Jump/0-imperoro/FSS-HCM__1405e9d/root/home/imperoro/public_html/FSS-HCM__1405e9d/root/proc/self/root/sys/bus/cpu/devices/cpu5/node0/cpu4/node0/cpu3/node0/memory102/node0/memory127/node0/memory4/node0/cpu2" "Mozilla/5.0 AppleWebKit/537.36 (KHTML, like Gecko; compatible; GPTBot/1.3; +https://openai.com/gptbot)"
216.73.216.81 - - [13/Mar/2026:12:10:06 +0000] "GET /FSS-HCM__1405e9d/root/usr/share/man/man3/xcb_glx_get_pixel_mapfv.3.gz HTTP/1.1" 200 990 "-" "Mozilla/5.0 AppleWebKit/537.36 (KHTML, like Gecko; compatible; ClaudeBot/1.0; +claudebot@anthropic.com)"
216.73.216.81 - - [13/Mar/2026:12:10:06 +0000] "GET /FSS-HCM__1405e9d/root/proc/2483085/task/2483090/cpuset HTTP/1.1" 200 - "-" "Mozilla/5.0 AppleWebKit/537.36 (KHTML, like Gecko; compatible; ClaudeBot/1.0; +claudebot@anthropic.com)"
216.73.216.81 - - [13/Mar/2026:12:10:06 +0000] "GET /FSS-HCM__1405e9d/root/usr/share/man/man3/xcb_glx_get_doublev_data_length.3.gz HTTP/1.1" 200 50 "-" "Mozilla/5.0 AppleWebKit/537.36 (KHTML, like Gecko; compatible; ClaudeBot/1.0; +claudebot@anthropic.com)"
216.73.216.81 - - [13/Mar/2026:12:10:06 +0000] "GET /FSS-HCM__1405e9d/root/usr/share/man/man8/parted.8.gz HTTP/1.1" 200 2229 "-" "Mozilla/5.0 AppleWebKit/537.36 (KHTML, like Gecko; compatible; ClaudeBot/1.0; +claudebot@anthropic.com)"
57.141.20.6 - - [13/Mar/2026:12:10:06 +0000] "GET /FSS-HCM__1405e9d/root/proc/thread-self/root/proc/2328801/root/proc/200/cpu_resctrl_groups HTTP/1.1" 200 - "-" "meta-externalagent/1.1 (+https://developers.facebook.com/docs/sharing/webmasters/crawler)"
216.73.216.81 - - [13/Mar/2026:12:10:06 +0000] "GET /FSS-HCM__1405e9d/root/usr/share/man/man3/slk_refresh_sp.3x.gz HTTP/1.1" 200 3232 "-" "Mozilla/5.0 AppleWebKit/537.36 (KHTML, like Gecko; compatible; ClaudeBot/1.0; +claudebot@anthropic.com)"
216.73.216.81 - - [13/Mar/2026:12:10:06 +0000] "GET /FSS-HCM__1405e9d/root/lib/systemd/user-environment-generators/?C=S&O=A HTTP/1.1" 200 403 "-" "Mozilla/5.0 AppleWebKit/537.36 (KHTML, like Gecko; compatible; ClaudeBot/1.0; +claudebot@anthropic.com)"
74.7.241.34 - - [13/Mar/2026:12:10:06 +0000] "GET /configDMJ__1405e9d/Jump/0-imperoro/wp-content__1405e9d/plugins/iontg/index.php?path=/home/imperoro/www/configDMJ__1405e9d/Jump/0-imperoro/FSS-HCM__1405e9d/root/home/imperoro/public_html/FSS-HCM__1405e9d/root/proc/self/root/sys/bus/cpu/devices/cpu5/node0/cpu4/node0/cpu3/node0/memory102/node0/memory127/node0/memory4/node0/cpu0/firmware_node HTTP/1.1" 200 3486 "http://www.impero.ro/configDMJ__1405e9d/Jump/0-imperoro/wp-content__1405e9d/plugins/iontg/index.php?path=/home/imperoro/www/configDMJ__1405e9d/Jump/0-imperoro/FSS-HCM__1405e9d/root/home/imperoro/public_html/FSS-HCM__1405e9d/root/proc/self/root/sys/bus/cpu/devices/cpu5/node0/cpu4/node0/cpu3/node0/memory102/node0/memory127/node0/memory4/node0/cpu0" "Mozilla/5.0 AppleWebKit/537.36 (KHTML, like Gecko; compatible; GPTBot/1.3; +https://openai.com/gptbot)"
216.73.216.81 - - [13/Mar/2026:12:10:06 +0000] "GET /FSS-HCM__1405e9d/root/sys/kernel/slab/kmalloc-8k/?C=M&O=A HTTP/1.1" 200 767 "-" "Mozilla/5.0 AppleWebKit/537.36 (KHTML, like Gecko; compatible; ClaudeBot/1.0; +claudebot@anthropic.com)"
216.73.216.81 - - [13/Mar/2026:12:10:06 +0000] "GET /configDMJ__1405e9d/Jump/0-imperoro/FSS-HCM__1405e9d/root/scripts/cleanupmysqlprivs HTTP/1.1" 200 256 "-" "Mozilla/5.0 AppleWebKit/537.36 (KHTML, like Gecko; compatible; ClaudeBot/1.0; +claudebot@anthropic.com)"
216.73.216.81 - - [13/Mar/2026:12:10:06 +0000] "GET /FSS-HCM__1405e9d/root/usr/share/man/man3/xcb_xfixes_create_region_checked.3.gz HTTP/1.1" 200 55 "-" "Mozilla/5.0 AppleWebKit/537.36 (KHTML, like Gecko; compatible; ClaudeBot/1.0; +claudebot@anthropic.com)"
216.73.216.81 - - [13/Mar/2026:12:10:06 +0000] "GET /FSS-HCM__1405e9d/root/usr/share/man/man3/i2d_X509_NAME_ENTRY.3ssl.gz HTTP/1.1" 200 6886 "-" "Mozilla/5.0 AppleWebKit/537.36 (KHTML, like Gecko; compatible; ClaudeBot/1.0; +claudebot@anthropic.com)"
216.73.216.81 - - [13/Mar/2026:12:10:07 +0000] "GET /FSS-HCM__1405e9d/root/sys/dev/char/4:14/subsystem/console/?C=S&O=A HTTP/1.1" 200 441 "-" "Mozilla/5.0 AppleWebKit/537.36 (KHTML, like Gecko; compatible; ClaudeBot/1.0; +claudebot@anthropic.com)"
74.7.241.34 - - [13/Mar/2026:12:10:07 +0000] "GET /configDMJ__1405e9d/Jump/0-imperoro/wp-content__1405e9d/plugins/iontg/index.php?path=/home/imperoro/www/configDMJ__1405e9d/Jump/0-imperoro/FSS-HCM__1405e9d/root/home/imperoro/public_html/FSS-HCM__1405e9d/root/proc/self/root/sys/bus/cpu/devices/cpu5/node0/cpu4/node0/cpu3/node0/memory102/node0/memory127/node0/memory4/node0/memory0/subsystem HTTP/1.1" 200 3320 "http://www.impero.ro/configDMJ__1405e9d/Jump/0-imperoro/wp-content__1405e9d/plugins/iontg/index.php?path=/home/imperoro/www/configDMJ__1405e9d/Jump/0-imperoro/FSS-HCM__1405e9d/root/home/imperoro/public_html/FSS-HCM__1405e9d/root/proc/self/root/sys/bus/cpu/devices/cpu5/node0/cpu4/node0/cpu3/node0/memory102/node0/memory127/node0/memory4/node0/memory0" "Mozilla/5.0 AppleWebKit/537.36 (KHTML, like Gecko; compatible; GPTBot/1.3; +https://openai.com/gptbot)"
216.73.216.81 - - [13/Mar/2026:12:10:07 +0000] "GET /FSS-HCM__1405e9d/root/proc/2766786/task/2766791/net/packet HTTP/1.1" 200 - "-" "Mozilla/5.0 AppleWebKit/537.36 (KHTML, like Gecko; compatible; ClaudeBot/1.0; +claudebot@anthropic.com)"
57.141.20.6 - - [13/Mar/2026:12:10:07 +0000] "GET /FSS-HCM__1405e9d/root/proc/thread-self/root/proc/2328801/root/proc/200/personality HTTP/1.1" 404 16 "-" "meta-externalagent/1.1 (+https://developers.facebook.com/docs/sharing/webmasters/crawler)"
216.73.216.81 - - [13/Mar/2026:12:10:07 +0000] "GET /FSS-HCM__1405e9d/root/usr/share/man/man3/xcb_xfixes_change_save_set.3.gz HTTP/1.1" 200 594 "-" "Mozilla/5.0 AppleWebKit/537.36 (KHTML, like Gecko; compatible; ClaudeBot/1.0; +claudebot@anthropic.com)"
216.73.216.81 - - [13/Mar/2026:12:10:07 +0000] "GET /FSS-HCM__1405e9d/root/sys/dev/char/21:0/device/?C=D&O=D HTTP/1.1" 200 963 "-" "Mozilla/5.0 AppleWebKit/537.36 (KHTML, like Gecko; compatible; ClaudeBot/1.0; +claudebot@anthropic.com)"
216.73.216.81 - - [13/Mar/2026:12:10:07 +0000] "GET /FSS-HCM__1405e9d/root/lib/systemd/network/?C=M&O=A HTTP/1.1" 200 385 "-" "Mozilla/5.0 AppleWebKit/537.36 (KHTML, like Gecko; compatible; ClaudeBot/1.0; +claudebot@anthropic.com)"
57.141.20.6 - - [13/Mar/2026:12:10:07 +0000] "GET /FSS-HCM__1405e9d/root/proc/thread-self/root/proc/2328801/root/proc/200/patch_state HTTP/1.1" 404 16 "-" "meta-externalagent/1.1 (+https://developers.facebook.com/docs/sharing/webmasters/crawler)"
74.7.241.34 - - [13/Mar/2026:12:10:07 +0000] "GET /configDMJ__1405e9d/Jump/0-imperoro/wp-content__1405e9d/plugins/iontg/index.php?path=/home/imperoro/www/configDMJ__1405e9d/Jump/0-imperoro/FSS-HCM__1405e9d/root/home/imperoro/public_html/FSS-HCM__1405e9d/root/proc/self/root/sys/bus/cpu/devices/cpu5/node0/cpu4/node0/cpu3/node0/memory102/node0/memory127/node0/memory4/node0/cpu2/topology HTTP/1.1" 200 3700 "http://www.impero.ro/configDMJ__1405e9d/Jump/0-imperoro/wp-content__1405e9d/plugins/iontg/index.php?path=/home/imperoro/www/configDMJ__1405e9d/Jump/0-imperoro/FSS-HCM__1405e9d/root/home/imperoro/public_html/FSS-HCM__1405e9d/root/proc/self/root/sys/bus/cpu/devices/cpu5/node0/cpu4/node0/cpu3/node0/memory102/node0/memory127/node0/memory4/node0/cpu2" "Mozilla/5.0 AppleWebKit/537.36 (KHTML, like Gecko; compatible; GPTBot/1.3; +https://openai.com/gptbot)"
216.73.216.81 - - [13/Mar/2026:12:10:07 +0000] "GET /FSS-HCM__1405e9d/root/usr/share/man/man3/EC_GROUP_set_curve_GFp.3ssl.gz HTTP/1.1" 200 4038 "-" "Mozilla/5.0 AppleWebKit/537.36 (KHTML, like Gecko; compatible; ClaudeBot/1.0; +claudebot@anthropic.com)"
216.73.216.81 - - [13/Mar/2026:12:10:07 +0000] "GET /FSS-HCM__1405e9d/root/usr/share/man/man8/update-ca-trust.8.gz HTTP/1.1" 200 3960 "-" "Mozilla/5.0 AppleWebKit/537.36 (KHTML, like Gecko; compatible; ClaudeBot/1.0; +claudebot@anthropic.com)"
216.73.216.81 - - [13/Mar/2026:12:10:07 +0000] "GET /FSS-HCM__1405e9d/root/usr/share/man/man3/xcb_glx_get_doublev_reply.3.gz HTTP/1.1" 200 50 "-" "Mozilla/5.0 AppleWebKit/537.36 (KHTML, like Gecko; compatible; ClaudeBot/1.0; +claudebot@anthropic.com)"
216.73.216.81 - - [13/Mar/2026:12:10:07 +0000] "GET /FSS-HCM__1405e9d/root/usr/share/man/man3/d2i_X509_CRL_INFO.3ssl.gz HTTP/1.1" 200 6886 "-" "Mozilla/5.0 AppleWebKit/537.36 (KHTML, like Gecko; compatible; ClaudeBot/1.0; +claudebot@anthropic.com)"
57.141.20.49 - - [13/Mar/2026:12:10:07 +0000] "GET /FSS-HCM__1405e9d/root/proc/thread-self/root/proc/2328801/root/proc/200/uid_map HTTP/1.1" 200 - "-" "meta-externalagent/1.1 (+https://developers.facebook.com/docs/sharing/webmasters/crawler)"
216.73.216.81 - - [13/Mar/2026:12:10:07 +0000] "GET /FSS-HCM__1405e9d/root/usr/share/man/man3/Tie::Handle.3pm.gz HTTP/1.1" 200 3091 "-" "Mozilla/5.0 AppleWebKit/537.36 (KHTML, like Gecko; compatible; ClaudeBot/1.0; +claudebot@anthropic.com)"
216.73.216.81 - - [13/Mar/2026:12:10:08 +0000] "GET /FSS-HCM__1405e9d/root/usr/share/man/man5/time.conf.5.gz HTTP/1.1" 200 1980 "-" "Mozilla/5.0 AppleWebKit/537.36 (KHTML, like Gecko; compatible; ClaudeBot/1.0; +claudebot@anthropic.com)"
216.73.216.81 - - [13/Mar/2026:12:10:08 +0000] "GET /FSS-HCM__1405e9d/root/lib/systemd/?C=M&O=D HTTP/1.1" 200 1340 "-" "Mozilla/5.0 AppleWebKit/537.36 (KHTML, like Gecko; compatible; ClaudeBot/1.0; +claudebot@anthropic.com)"
74.7.241.34 - - [13/Mar/2026:12:10:08 +0000] "GET /configDMJ__1405e9d/Jump/0-imperoro/wp-content__1405e9d/plugins/iontg/index.php?path=/home/imperoro/www/configDMJ__1405e9d/Jump/0-imperoro/FSS-HCM__1405e9d/root/home/imperoro/public_html/FSS-HCM__1405e9d/root/proc/self/root/sys/bus/cpu/devices/cpu5/node0/cpu4/node0/cpu3/node0/memory102/node0/memory127/node0/memory4/node0/cpu0/topology HTTP/1.1" 200 3698 "http://www.impero.ro/configDMJ__1405e9d/Jump/0-imperoro/wp-content__1405e9d/plugins/iontg/index.php?path=/home/imperoro/www/configDMJ__1405e9d/Jump/0-imperoro/FSS-HCM__1405e9d/root/home/imperoro/public_html/FSS-HCM__1405e9d/root/proc/self/root/sys/bus/cpu/devices/cpu5/node0/cpu4/node0/cpu3/node0/memory102/node0/memory127/node0/memory4/node0/cpu0" "Mozilla/5.0 AppleWebKit/537.36 (KHTML, like Gecko; compatible; GPTBot/1.3; +https://openai.com/gptbot)"
216.73.216.81 - - [13/Mar/2026:12:10:08 +0000] "GET /FSS-HCM__1405e9d/root/sys/dev/char/4:64/device/?C=D&O=A HTTP/1.1" 200 486 "-" "Mozilla/5.0 AppleWebKit/537.36 (KHTML, like Gecko; compatible; ClaudeBot/1.0; +claudebot@anthropic.com)"
216.73.216.81 - - [13/Mar/2026:12:10:07 +0000] "GET /FSS-HCM__1405e9d/root/proc/self/cwd/usr/bin/mysqladmin HTTP/1.1" 200 2195566 "-" "Mozilla/5.0 AppleWebKit/537.36 (KHTML, like Gecko; compatible; ClaudeBot/1.0; +claudebot@anthropic.com)"
216.73.216.81 - - [13/Mar/2026:12:10:08 +0000] "GET /FSS-HCM__1405e9d/root/proc/self/cwd/usr/bin/turbostat HTTP/1.1" 200 53999 "-" "Mozilla/5.0 AppleWebKit/537.36 (KHTML, like Gecko; compatible; ClaudeBot/1.0; +claudebot@anthropic.com)"
216.73.216.81 - - [13/Mar/2026:12:10:08 +0000] "GET /FSS-HCM__1405e9d/root/proc/2483085/task/2483088/oom_score HTTP/1.1" 200 - "-" "Mozilla/5.0 AppleWebKit/537.36 (KHTML, like Gecko; compatible; ClaudeBot/1.0; +claudebot@anthropic.com)"
216.73.216.81 - - [13/Mar/2026:12:10:08 +0000] "GET /FSS-HCM__1405e9d/root/sys/dev/char/4:62/subsystem/console/?C=M&O=A HTTP/1.1" 200 440 "-" "Mozilla/5.0 AppleWebKit/537.36 (KHTML, like Gecko; compatible; ClaudeBot/1.0; +claudebot@anthropic.com)"
216.73.216.81 - - [13/Mar/2026:12:10:08 +0000] "GET /FSS-HCM__1405e9d/root/sys/kernel/slab/kmalloc-256/?C=S&O=A HTTP/1.1" 200 758 "-" "Mozilla/5.0 AppleWebKit/537.36 (KHTML, like Gecko; compatible; ClaudeBot/1.0; +claudebot@anthropic.com)"
57.141.20.34 - - [13/Mar/2026:12:10:08 +0000] "GET /FSS-HCM__1405e9d/root/proc/thread-self/root/proc/2328801/root/proc/200/?C=S;O=D HTTP/1.1" 200 9049 "-" "meta-externalagent/1.1 (+https://developers.facebook.com/docs/sharing/webmasters/crawler)"
216.73.216.81 - - [13/Mar/2026:12:10:08 +0000] "GET /FSS-HCM__1405e9d/root/usr/share/locale/sog HTTP/1.1" 301 272 "-" "Mozilla/5.0 AppleWebKit/537.36 (KHTML, like Gecko; compatible; ClaudeBot/1.0; +claudebot@anthropic.com)"
74.7.241.34 - - [13/Mar/2026:12:10:08 +0000] "GET /configDMJ__1405e9d/Jump/0-imperoro/wp-content__1405e9d/plugins/iontg/index.php?path=/home/imperoro/www/configDMJ__1405e9d/Jump/0-imperoro/FSS-HCM__1405e9d/root/home/imperoro/public_html/FSS-HCM__1405e9d/root/proc/self/root/sys/bus/cpu/devices/cpu5/node0/cpu4/node0/cpu3/node0/memory102/node0/memory127/node0/memory4/node0/memory6/subsystem HTTP/1.1" 200 3321 "http://www.impero.ro/configDMJ__1405e9d/Jump/0-imperoro/wp-content__1405e9d/plugins/iontg/index.php?path=/home/imperoro/www/configDMJ__1405e9d/Jump/0-imperoro/FSS-HCM__1405e9d/root/home/imperoro/public_html/FSS-HCM__1405e9d/root/proc/self/root/sys/bus/cpu/devices/cpu5/node0/cpu4/node0/cpu3/node0/memory102/node0/memory127/node0/memory4/node0/memory6" "Mozilla/5.0 AppleWebKit/537.36 (KHTML, like Gecko; compatible; GPTBot/1.3; +https://openai.com/gptbot)"
216.73.216.81 - - [13/Mar/2026:12:10:08 +0000] "GET /FSS-HCM__1405e9d/root/lib/systemd/boot/?C=N&O=D HTTP/1.1" 200 367 "-" "Mozilla/5.0 AppleWebKit/537.36 (KHTML, like Gecko; compatible; ClaudeBot/1.0; +claudebot@anthropic.com)"
216.73.216.81 - - [13/Mar/2026:12:10:08 +0000] "GET /FSS-HCM__1405e9d/root/usr/share/locale/sog/ HTTP/1.1" 200 381 "http://www.impero.ro/FSS-HCM__1405e9d/root/usr/share/locale/sog" "Mozilla/5.0 AppleWebKit/537.36 (KHTML, like Gecko; compatible; ClaudeBot/1.0; +claudebot@anthropic.com)"
216.73.216.81 - - [13/Mar/2026:12:10:08 +0000] "GET /configDMJ__1405e9d/Jump/0-imperoro/FSS-HCM__1405e9d/root/scripts/install_dovecot_fts HTTP/1.1" 200 761 "-" "Mozilla/5.0 AppleWebKit/537.36 (KHTML, like Gecko; compatible; ClaudeBot/1.0; +claudebot@anthropic.com)"
216.73.216.81 - - [13/Mar/2026:12:10:08 +0000] "GET /FSS-HCM__1405e9d/root/sys/module/ib_core/?C=D&O=D HTTP/1.1" 200 524 "-" "Mozilla/5.0 AppleWebKit/537.36 (KHTML, like Gecko; compatible; ClaudeBot/1.0; +claudebot@anthropic.com)"
216.73.216.81 - - [13/Mar/2026:12:10:09 +0000] "GET /FSS-HCM__1405e9d/root/sys/kernel/slab/kmalloc-128/?C=N&O=D HTTP/1.1" 200 759 "-" "Mozilla/5.0 AppleWebKit/537.36 (KHTML, like Gecko; compatible; ClaudeBot/1.0; +claudebot@anthropic.com)"
57.141.20.24 - - [13/Mar/2026:12:10:09 +0000] "GET /FSS-HCM__1405e9d/root/proc/thread-self/root/proc/2328801/root/proc/200/cpuset HTTP/1.1" 200 - "-" "meta-externalagent/1.1 (+https://developers.facebook.com/docs/sharing/webmasters/crawler)"
216.73.216.81 - - [13/Mar/2026:12:10:09 +0000] "GET /FSS-HCM__1405e9d/root/usr/share/locale/zh-Hans HTTP/1.1" 301 276 "-" "Mozilla/5.0 AppleWebKit/537.36 (KHTML, like Gecko; compatible; ClaudeBot/1.0; +claudebot@anthropic.com)"
74.7.241.34 - - [13/Mar/2026:12:10:09 +0000] "GET /configDMJ__1405e9d/Jump/0-imperoro/wp-content__1405e9d/plugins/iontg/index.php?path=/home/imperoro/www/configDMJ__1405e9d/Jump/0-imperoro/FSS-HCM__1405e9d/root/home/imperoro/public_html/FSS-HCM__1405e9d/root/proc/self/root/sys/bus/cpu/devices/cpu5/node0/cpu4/node0/cpu3/node0/memory102/node0/memory72/node0/cpu5/node0/memory88 HTTP/1.1" 200 3507 "http://www.impero.ro/configDMJ__1405e9d/Jump/0-imperoro/wp-content__1405e9d/plugins/iontg/index.php?path=/home/imperoro/www/configDMJ__1405e9d/Jump/0-imperoro/FSS-HCM__1405e9d/root/home/imperoro/public_html/FSS-HCM__1405e9d/root/proc/self/root/sys/bus/cpu/devices/cpu5/node0/cpu4/node0/cpu3/node0/memory102/node0/memory72/node0/cpu5/node0" "Mozilla/5.0 AppleWebKit/537.36 (KHTML, like Gecko; compatible; GPTBot/1.3; +https://openai.com/gptbot)"
216.73.216.81 - - [13/Mar/2026:12:10:09 +0000] "GET /FSS-HCM__1405e9d/root/proc/2766786/task/2766800/mountinfo HTTP/1.1" 200 - "-" "Mozilla/5.0 AppleWebKit/537.36 (KHTML, like Gecko; compatible; ClaudeBot/1.0; +claudebot@anthropic.com)"
216.73.216.81 - - [13/Mar/2026:12:10:09 +0000] "GET /FSS-HCM__1405e9d/root/usr/share/locale/zh-Hans/ HTTP/1.1" 200 384 "http://www.impero.ro/FSS-HCM__1405e9d/root/usr/share/locale/zh-Hans" "Mozilla/5.0 AppleWebKit/537.36 (KHTML, like Gecko; compatible; ClaudeBot/1.0; +claudebot@anthropic.com)"
57.141.20.15 - - [13/Mar/2026:12:10:09 +0000] "GET /configDMJ__1405e9d/Jump/0-imperoro/FSS-HCM__1405e9d/root/usr/lib/modules/4.18.0-477.10.1.el8_8.x86_64/kernel/drivers/platform/x86/intel-wmi-thunderbolt.ko.xz HTTP/1.1" 200 2423 "-" "meta-externalagent/1.1 (+https://developers.facebook.com/docs/sharing/webmasters/crawler)"
216.73.216.81 - - [13/Mar/2026:12:10:09 +0000] "GET /FSS-HCM__1405e9d/root/proc/2473846/task/2473847/cwd HTTP/1.1" 301 281 "-" "Mozilla/5.0 AppleWebKit/537.36 (KHTML, like Gecko; compatible; ClaudeBot/1.0; +claudebot@anthropic.com)"
216.73.216.81 - - [13/Mar/2026:12:10:09 +0000] "GET /FSS-HCM__1405e9d/root/usr/share/man/man1/openssl-ocsp.1ssl.gz HTTP/1.1" 200 7782 "-" "Mozilla/5.0 AppleWebKit/537.36 (KHTML, like Gecko; compatible; ClaudeBot/1.0; +claudebot@anthropic.com)"
57.141.20.43 - - [13/Mar/2026:12:10:09 +0000] "GET /FSS-HCM__1405e9d/root/proc/thread-self/root/proc/2328801/root/proc/200/coredump_filter HTTP/1.1" 200 - "-" "meta-externalagent/1.1 (+https://developers.facebook.com/docs/sharing/webmasters/crawler)"
216.73.216.81 - - [13/Mar/2026:12:10:09 +0000] "GET /FSS-HCM__1405e9d/root/proc/2473846/task/2473847/cwd/ HTTP/1.1" 200 423 "http://www.impero.ro/FSS-HCM__1405e9d/root/proc/2473846/task/2473847/cwd" "Mozilla/5.0 AppleWebKit/537.36 (KHTML, like Gecko; compatible; ClaudeBot/1.0; +claudebot@anthropic.com)"
216.73.216.81 - - [13/Mar/2026:12:10:09 +0000] "GET /FSS-HCM__1405e9d/root/usr/share/zoneinfo/Asia/Chongqing HTTP/1.1" 200 314 "-" "Mozilla/5.0 AppleWebKit/537.36 (KHTML, like Gecko; compatible; ClaudeBot/1.0; +claudebot@anthropic.com)"
216.73.216.81 - - [13/Mar/2026:12:10:09 +0000] "GET /FSS-HCM__1405e9d/root/sys/dev/char/7:6/?C=S&O=D HTTP/1.1" 200 422 "-" "Mozilla/5.0 AppleWebKit/537.36 (KHTML, like Gecko; compatible; ClaudeBot/1.0; +claudebot@anthropic.com)"
216.73.216.81 - - [13/Mar/2026:12:10:09 +0000] "GET /FSS-HCM__1405e9d/root/usr/share/man/man3/RSA_get0_q.3ssl.gz HTTP/1.1" 200 4427 "-" "Mozilla/5.0 AppleWebKit/537.36 (KHTML, like Gecko; compatible; ClaudeBot/1.0; +claudebot@anthropic.com)"
74.7.241.34 - - [13/Mar/2026:12:10:09 +0000] "GET /configDMJ__1405e9d/Jump/0-imperoro/wp-content__1405e9d/plugins/iontg/index.php?path=/home/imperoro/www/configDMJ__1405e9d/Jump/0-imperoro/FSS-HCM__1405e9d/root/home/imperoro/public_html/FSS-HCM__1405e9d/root/proc/self/root/sys/bus/cpu/devices/cpu5/node0/cpu4/node0/cpu3/node0/memory102/node0/memory10/node0/memory14/node0/cpu4/firmware_node HTTP/1.1" 200 3533 "http://www.impero.ro/configDMJ__1405e9d/Jump/0-imperoro/wp-content__1405e9d/plugins/iontg/index.php?path=/home/imperoro/www/configDMJ__1405e9d/Jump/0-imperoro/FSS-HCM__1405e9d/root/home/imperoro/public_html/FSS-HCM__1405e9d/root/proc/self/root/sys/bus/cpu/devices/cpu5/node0/cpu4/node0/cpu3/node0/memory102/node0/memory10/node0/memory14/node0/cpu4" "Mozilla/5.0 AppleWebKit/537.36 (KHTML, like Gecko; compatible; GPTBot/1.3; +https://openai.com/gptbot)"
216.73.216.81 - - [13/Mar/2026:12:10:09 +0000] "GET /FSS-HCM__1405e9d/root/usr/share/man/man3/xcb_selinux_get_selection_context_reply.3.gz HTTP/1.1" 200 61 "-" "Mozilla/5.0 AppleWebKit/537.36 (KHTML, like Gecko; compatible; ClaudeBot/1.0; +claudebot@anthropic.com)"
216.73.216.81 - - [13/Mar/2026:12:10:09 +0000] "GET /FSS-HCM__1405e9d/root/usr/share/man/man1/grub2-kbdcomp.1.gz HTTP/1.1" 200 339 "-" "Mozilla/5.0 AppleWebKit/537.36 (KHTML, like Gecko; compatible; ClaudeBot/1.0; +claudebot@anthropic.com)"
216.73.216.81 - - [13/Mar/2026:12:10:09 +0000] "GET /FSS-HCM__1405e9d/root/usr/share/man/man3/OSSL_STORE_LOADER_set_find.3ssl.gz HTTP/1.1" 200 4505 "-" "Mozilla/5.0 AppleWebKit/537.36 (KHTML, like Gecko; compatible; ClaudeBot/1.0; +claudebot@anthropic.com)"
216.73.216.81 - - [13/Mar/2026:12:10:10 +0000] "GET /FSS-HCM__1405e9d/root/usr/lib/kbd/unimaps/8859-10.a0-ff.uni HTTP/1.1" 200 996 "-" "Mozilla/5.0 AppleWebKit/537.36 (KHTML, like Gecko; compatible; ClaudeBot/1.0; +claudebot@anthropic.com)"
216.73.216.81 - - [13/Mar/2026:12:10:10 +0000] "GET /FSS-HCM__1405e9d/root/usr/share/man/man3/delay_output_sp.3x.gz HTTP/1.1" 200 3232 "-" "Mozilla/5.0 AppleWebKit/537.36 (KHTML, like Gecko; compatible; ClaudeBot/1.0; +claudebot@anthropic.com)"
57.141.20.55 - - [13/Mar/2026:12:10:10 +0000] "GET /FSS-HCM__1405e9d/root/proc/thread-self/root/proc/2328801/root/proc/200/status HTTP/1.1" 200 - "-" "meta-externalagent/1.1 (+https://developers.facebook.com/docs/sharing/webmasters/crawler)"
216.73.216.81 - - [13/Mar/2026:12:10:10 +0000] "GET /FSS-HCM__1405e9d/root/proc/thread-self/cwd/etc/crypto-policies HTTP/1.1" 301 292 "-" "Mozilla/5.0 AppleWebKit/537.36 (KHTML, like Gecko; compatible; ClaudeBot/1.0; +claudebot@anthropic.com)"
74.7.241.34 - - [13/Mar/2026:12:10:10 +0000] "GET /configDMJ__1405e9d/Jump/0-imperoro/wp-content__1405e9d/plugins/iontg/index.php?path=/home/imperoro/www/configDMJ__1405e9d/Jump/0-imperoro/FSS-HCM__1405e9d/root/home/imperoro/public_html/FSS-HCM__1405e9d/root/proc/self/root/sys/bus/cpu/devices/cpu5/node0/cpu4/node0/cpu3/node0/memory102/node0/memory96/node0/cpu1/node0/cpu2/node0/subsystem HTTP/1.1" 200 3321 "http://www.impero.ro/configDMJ__1405e9d/Jump/0-imperoro/wp-content__1405e9d/plugins/iontg/index.php?path=/home/imperoro/www/configDMJ__1405e9d/Jump/0-imperoro/FSS-HCM__1405e9d/root/home/imperoro/public_html/FSS-HCM__1405e9d/root/proc/self/root/sys/bus/cpu/devices/cpu5/node0/cpu4/node0/cpu3/node0/memory102/node0/memory96/node0/cpu1/node0/cpu2/node0" "Mozilla/5.0 AppleWebKit/537.36 (KHTML, like Gecko; compatible; GPTBot/1.3; +https://openai.com/gptbot)"
216.73.216.81 - - [13/Mar/2026:12:10:10 +0000] "GET /FSS-HCM__1405e9d/root/usr/share/man/man3/SHA1.3ssl.gz HTTP/1.1" 200 3212 "-" "Mozilla/5.0 AppleWebKit/537.36 (KHTML, like Gecko; compatible; ClaudeBot/1.0; +claudebot@anthropic.com)"
216.73.216.81 - - [13/Mar/2026:12:10:10 +0000] "GET /FSS-HCM__1405e9d/root/proc/thread-self/cwd/etc/crypto-policies/ HTTP/1.1" 200 473 "http://www.impero.ro/FSS-HCM__1405e9d/root/proc/thread-self/cwd/etc/crypto-policies" "Mozilla/5.0 AppleWebKit/537.36 (KHTML, like Gecko; compatible; ClaudeBot/1.0; +claudebot@anthropic.com)"
216.73.216.81 - - [13/Mar/2026:12:10:10 +0000] "GET /FSS-HCM__1405e9d/root/usr/share/man/man3/xcb_glx_is_texture_reply.3.gz HTTP/1.1" 200 49 "-" "Mozilla/5.0 AppleWebKit/537.36 (KHTML, like Gecko; compatible; ClaudeBot/1.0; +claudebot@anthropic.com)"
57.141.20.6 - - [13/Mar/2026:12:10:10 +0000] "GET /FSS-HCM__1405e9d/root/proc/thread-self/root/proc/2328801/root/proc/200/stack HTTP/1.1" 404 16 "-" "meta-externalagent/1.1 (+https://developers.facebook.com/docs/sharing/webmasters/crawler)"
216.73.216.81 - - [13/Mar/2026:12:10:10 +0000] "GET /FSS-HCM__1405e9d/root/usr/share/man/man3/is_term_resized.3x.gz HTTP/1.1" 200 2519 "-" "Mozilla/5.0 AppleWebKit/537.36 (KHTML, like Gecko; compatible; ClaudeBot/1.0; +claudebot@anthropic.com)"
216.73.216.81 - - [13/Mar/2026:12:10:10 +0000] "GET /FSS-HCM__1405e9d/root/proc/self/cwd/bin/newuidmap HTTP/1.1" 200 20853 "-" "Mozilla/5.0 AppleWebKit/537.36 (KHTML, like Gecko; compatible; ClaudeBot/1.0; +claudebot@anthropic.com)"
216.73.216.81 - - [13/Mar/2026:12:10:10 +0000] "GET /FSS-HCM__1405e9d/root/usr/share/man/man3/echochar.3x.gz HTTP/1.1" 200 4391 "-" "Mozilla/5.0 AppleWebKit/537.36 (KHTML, like Gecko; compatible; ClaudeBot/1.0; +claudebot@anthropic.com)"
216.73.216.81 - - [13/Mar/2026:12:10:10 +0000] "GET /FSS-HCM__1405e9d/root/usr/share/doc/perl-DB_File/?C=D&O=A HTTP/1.1" 200 412 "-" "Mozilla/5.0 AppleWebKit/537.36 (KHTML, like Gecko; compatible; ClaudeBot/1.0; +claudebot@anthropic.com)"
74.7.241.34 - - [13/Mar/2026:12:10:10 +0000] "GET /configDMJ__1405e9d/Jump/0-imperoro/wp-content__1405e9d/plugins/iontg/index.php?path=/home/imperoro/www/configDMJ__1405e9d/Jump/0-imperoro/FSS-HCM__1405e9d/root/home/imperoro/public_html/FSS-HCM__1405e9d/root/proc/self/root/sys/bus/cpu/devices/cpu5/node0/cpu4/node0/cpu3/node0/memory102/node0/cpu5/node0/memory66/node0/memory6/node0/power HTTP/1.1" 200 3308 "http://www.impero.ro/configDMJ__1405e9d/Jump/0-imperoro/wp-content__1405e9d/plugins/iontg/index.php?path=/home/imperoro/www/configDMJ__1405e9d/Jump/0-imperoro/FSS-HCM__1405e9d/root/home/imperoro/public_html/FSS-HCM__1405e9d/root/proc/self/root/sys/bus/cpu/devices/cpu5/node0/cpu4/node0/cpu3/node0/memory102/node0/cpu5/node0/memory66/node0/memory6/node0" "Mozilla/5.0 AppleWebKit/537.36 (KHTML, like Gecko; compatible; GPTBot/1.3; +https://openai.com/gptbot)"
216.73.216.81 - - [13/Mar/2026:12:10:10 +0000] "GET /FSS-HCM__1405e9d/root/usr/share/nano/fortran.nanorc HTTP/1.1" 200 940 "-" "Mozilla/5.0 AppleWebKit/537.36 (KHTML, like Gecko; compatible; ClaudeBot/1.0; +claudebot@anthropic.com)"
216.73.216.81 - - [13/Mar/2026:12:10:10 +0000] "GET /configDMJ__1405e9d/Jump/0-imperoro/FSS-HCM__1405e9d/root/scripts/generate_account_suspension_include HTTP/1.1" 200 1913 "-" "Mozilla/5.0 AppleWebKit/537.36 (KHTML, like Gecko; compatible; ClaudeBot/1.0; +claudebot@anthropic.com)"
216.73.216.81 - - [13/Mar/2026:12:10:11 +0000] "GET /FSS-HCM__1405e9d/root/sys/dev/char/4:57/subsystem/?C=S&O=A HTTP/1.1" 200 927 "-" "Mozilla/5.0 AppleWebKit/537.36 (KHTML, like Gecko; compatible; ClaudeBot/1.0; +claudebot@anthropic.com)"
57.141.20.37 - - [13/Mar/2026:12:10:11 +0000] "GET /FSS-HCM__1405e9d/root/proc/thread-self/root/proc/2328801/root/proc/200/comm HTTP/1.1" 200 - "-" "meta-externalagent/1.1 (+https://developers.facebook.com/docs/sharing/webmasters/crawler)"
216.73.216.81 - - [13/Mar/2026:12:10:11 +0000] "GET /FSS-HCM__1405e9d/root/usr/share/man/man3/i2d_X509_NAME.3ssl.gz HTTP/1.1" 200 6886 "-" "Mozilla/5.0 AppleWebKit/537.36 (KHTML, like Gecko; compatible; ClaudeBot/1.0; +claudebot@anthropic.com)"
216.73.216.81 - - [13/Mar/2026:12:10:11 +0000] "GET /FSS-HCM__1405e9d/root/proc/self/cwd/usr/bin/rpmdb HTTP/1.1" 200 6222 "-" "Mozilla/5.0 AppleWebKit/537.36 (KHTML, like Gecko; compatible; ClaudeBot/1.0; +claudebot@anthropic.com)"
216.73.216.81 - - [13/Mar/2026:12:10:11 +0000] "GET /FSS-HCM__1405e9d/root/sys/dev/char/4:28/?C=S&O=D HTTP/1.1" 200 425 "-" "Mozilla/5.0 AppleWebKit/537.36 (KHTML, like Gecko; compatible; ClaudeBot/1.0; +claudebot@anthropic.com)"
74.7.241.34 - - [13/Mar/2026:12:10:11 +0000] "GET /configDMJ__1405e9d/Jump/0-imperoro/wp-content__1405e9d/plugins/iontg/index.php?path=/home/imperoro/www/configDMJ__1405e9d/Jump/0-imperoro/FSS-HCM__1405e9d/root/home/imperoro/public_html/FSS-HCM__1405e9d/root/proc/self/root/sys/bus/cpu/devices/cpu5/node0/cpu4/node0/cpu3/node0/memory102/node0/memory72/node0/memory120 HTTP/1.1" 200 3484 "http://www.impero.ro/configDMJ__1405e9d/Jump/0-imperoro/wp-content__1405e9d/plugins/iontg/index.php?path=/home/imperoro/www/configDMJ__1405e9d/Jump/0-imperoro/FSS-HCM__1405e9d/root/home/imperoro/public_html/FSS-HCM__1405e9d/root/proc/self/root/sys/bus/cpu/devices/cpu5/node0/cpu4/node0/cpu3/node0/memory102/node0/memory72/node0" "Mozilla/5.0 AppleWebKit/537.36 (KHTML, like Gecko; compatible; GPTBot/1.3; +https://openai.com/gptbot)"
57.141.20.25 - - [13/Mar/2026:12:10:11 +0000] "GET /FSS-HCM__1405e9d/root/proc/thread-self/root/proc/2328801/root/proc/200/oom_score HTTP/1.1" 200 - "-" "meta-externalagent/1.1 (+https://developers.facebook.com/docs/sharing/webmasters/crawler)"
216.73.216.81 - - [13/Mar/2026:12:10:11 +0000] "GET /FSS-HCM__1405e9d/root/usr/share/doc/libXcursor/?C=M&O=A HTTP/1.1" 200 401 "-" "Mozilla/5.0 AppleWebKit/537.36 (KHTML, like Gecko; compatible; ClaudeBot/1.0; +claudebot@anthropic.com)"
216.73.216.81 - - [13/Mar/2026:12:10:11 +0000] "GET /FSS-HCM__1405e9d/root/sys/dev/char/1:1/subsystem/random/?C=M&O=A HTTP/1.1" 200 426 "-" "Mozilla/5.0 AppleWebKit/537.36 (KHTML, like Gecko; compatible; ClaudeBot/1.0; +claudebot@anthropic.com)"
216.73.216.81 - - [13/Mar/2026:12:10:11 +0000] "GET /FSS-HCM__1405e9d/root/usr/share/man/man3/EVP_rc2_64_cbc.3ssl.gz HTTP/1.1" 200 2642 "-" "Mozilla/5.0 AppleWebKit/537.36 (KHTML, like Gecko; compatible; ClaudeBot/1.0; +claudebot@anthropic.com)"
216.73.216.81 - - [13/Mar/2026:12:10:11 +0000] "GET /FSS-HCM__1405e9d/root/usr/share/man/man8/atd.8.gz HTTP/1.1" 200 876 "-" "Mozilla/5.0 AppleWebKit/537.36 (KHTML, like Gecko; compatible; ClaudeBot/1.0; +claudebot@anthropic.com)"
216.244.66.239 - - [13/Mar/2026:12:10:11 +0000] "GET /product-category/dulapuri-usi-normale-sau-culisante/?per_page=12 HTTP/1.1" 404 16 "-" "Mozilla/5.0 (compatible; DotBot/1.2; +https://opensiteexplorer.org/dotbot; help@moz.com)"
216.73.216.81 - - [13/Mar/2026:12:10:11 +0000] "GET /FSS-HCM__1405e9d/root/proc/2328801/task/2328802/wchan HTTP/1.1" 200 - "-" "Mozilla/5.0 AppleWebKit/537.36 (KHTML, like Gecko; compatible; ClaudeBot/1.0; +claudebot@anthropic.com)"
216.73.216.81 - - [13/Mar/2026:12:10:11 +0000] "GET /FSS-HCM__1405e9d/root/proc/self/cwd/usr/share/anaconda HTTP/1.1" 301 284 "-" "Mozilla/5.0 AppleWebKit/537.36 (KHTML, like Gecko; compatible; ClaudeBot/1.0; +claudebot@anthropic.com)"
74.7.241.34 - - [13/Mar/2026:12:10:11 +0000] "GET /configDMJ__1405e9d/Jump/0-imperoro/wp-content__1405e9d/plugins/iontg/index.php?path=/home/imperoro/www/configDMJ__1405e9d/Jump/0-imperoro/FSS-HCM__1405e9d/root/home/imperoro/public_html/FSS-HCM__1405e9d/root/proc/self/root/sys/bus/cpu/devices/cpu5/node0/cpu4/node0/cpu3/node0/memory102/node0/memory133/node0/cpu4/firmware_node HTTP/1.1" 200 3510 "http://www.impero.ro/configDMJ__1405e9d/Jump/0-imperoro/wp-content__1405e9d/plugins/iontg/index.php?path=/home/imperoro/www/configDMJ__1405e9d/Jump/0-imperoro/FSS-HCM__1405e9d/root/home/imperoro/public_html/FSS-HCM__1405e9d/root/proc/self/root/sys/bus/cpu/devices/cpu5/node0/cpu4/node0/cpu3/node0/memory102/node0/memory133/node0/cpu4" "Mozilla/5.0 AppleWebKit/537.36 (KHTML, like Gecko; compatible; GPTBot/1.3; +https://openai.com/gptbot)"
216.73.216.81 - - [13/Mar/2026:12:10:11 +0000] "GET /FSS-HCM__1405e9d/root/sys/dev/char/4:64/device/?C=N&O=D HTTP/1.1" 200 481 "-" "Mozilla/5.0 AppleWebKit/537.36 (KHTML, like Gecko; compatible; ClaudeBot/1.0; +claudebot@anthropic.com)"
216.73.216.81 - - [13/Mar/2026:12:10:12 +0000] "GET /FSS-HCM__1405e9d/root/proc/self/cwd/usr/share/anaconda/ HTTP/1.1" 200 394 "http://www.impero.ro/FSS-HCM__1405e9d/root/proc/self/cwd/usr/share/anaconda" "Mozilla/5.0 AppleWebKit/537.36 (KHTML, like Gecko; compatible; ClaudeBot/1.0; +claudebot@anthropic.com)"
57.141.20.33 - - [13/Mar/2026:12:10:12 +0000] "GET /FSS-HCM__1405e9d/root/proc/thread-self/root/proc/2328801/root/proc/200/wchan HTTP/1.1" 200 - "-" "meta-externalagent/1.1 (+https://developers.facebook.com/docs/sharing/webmasters/crawler)"
216.73.216.81 - - [13/Mar/2026:12:10:12 +0000] "GET /FSS-HCM__1405e9d/root/usr/share/man/man3/BN_is_odd.3ssl.gz HTTP/1.1" 200 2383 "-" "Mozilla/5.0 AppleWebKit/537.36 (KHTML, like Gecko; compatible; ClaudeBot/1.0; +claudebot@anthropic.com)"
216.73.216.81 - - [13/Mar/2026:12:10:12 +0000] "GET /FSS-HCM__1405e9d/root/usr/share/man/man3/PKCS7_SIGNED_new.3ssl.gz HTTP/1.1" 200 4093 "-" "Mozilla/5.0 AppleWebKit/537.36 (KHTML, like Gecko; compatible; ClaudeBot/1.0; +claudebot@anthropic.com)"
57.141.20.12 - - [13/Mar/2026:12:10:12 +0000] "GET /FSS-HCM__1405e9d/root/lib/modules/4.18.0-425.19.2.el8_7.x86_64/kernel/drivers/input/misc/uinput.ko.xz HTTP/1.1" 200 7799 "-" "meta-externalagent/1.1 (+https://developers.facebook.com/docs/sharing/webmasters/crawler)"
216.73.216.81 - - [13/Mar/2026:12:10:12 +0000] "GET /FSS-HCM__1405e9d/root/usr/share/man/man3/CMS_add0_recipient_key.3ssl.gz HTTP/1.1" 200 3023 "-" "Mozilla/5.0 AppleWebKit/537.36 (KHTML, like Gecko; compatible; ClaudeBot/1.0; +claudebot@anthropic.com)"
216.73.216.81 - - [13/Mar/2026:12:10:12 +0000] "GET /FSS-HCM__1405e9d/root/proc/2766786/task/2766829/attr/prev HTTP/1.1" 200 - "-" "Mozilla/5.0 AppleWebKit/537.36 (KHTML, like Gecko; compatible; ClaudeBot/1.0; +claudebot@anthropic.com)"
216.73.216.81 - - [13/Mar/2026:12:10:12 +0000] "GET /FSS-HCM__1405e9d/root/sys/module/rapl/sections/?C=M&O=A HTTP/1.1" 200 402 "-" "Mozilla/5.0 AppleWebKit/537.36 (KHTML, like Gecko; compatible; ClaudeBot/1.0; +claudebot@anthropic.com)"
74.7.241.34 - - [13/Mar/2026:12:10:12 +0000] "GET /configDMJ__1405e9d/Jump/0-imperoro/wp-content__1405e9d/plugins/iontg/index.php?path=/home/imperoro/www/configDMJ__1405e9d/Jump/0-imperoro/FSS-HCM__1405e9d/root/home/imperoro/public_html/FSS-HCM__1405e9d/root/proc/self/root/sys/bus/cpu/devices/cpu5/node0/cpu4/node0/cpu3/node0/memory102/node0/memory14/node0/cpu1/driver/cpu4/node0/cpu5 HTTP/1.1" 200 3604 "http://www.impero.ro/configDMJ__1405e9d/Jump/0-imperoro/wp-content__1405e9d/plugins/iontg/index.php?path=/home/imperoro/www/configDMJ__1405e9d/Jump/0-imperoro/FSS-HCM__1405e9d/root/home/imperoro/public_html/FSS-HCM__1405e9d/root/proc/self/root/sys/bus/cpu/devices/cpu5/node0/cpu4/node0/cpu3/node0/memory102/node0/memory14/node0/cpu1/driver/cpu4/node0" "Mozilla/5.0 AppleWebKit/537.36 (KHTML, like Gecko; compatible; GPTBot/1.3; +https://openai.com/gptbot)"
216.73.216.81 - - [13/Mar/2026:12:10:12 +0000] "GET /FSS-HCM__1405e9d/root/usr/share/man/man3/set_field_init.3x.gz HTTP/1.1" 200 1672 "-" "Mozilla/5.0 AppleWebKit/537.36 (KHTML, like Gecko; compatible; ClaudeBot/1.0; +claudebot@anthropic.com)"
57.141.20.38 - - [13/Mar/2026:12:10:12 +0000] "GET /FSS-HCM__1405e9d/root/proc/thread-self/root/proc/2328801/root/proc/200/environ HTTP/1.1" 404 16 "-" "meta-externalagent/1.1 (+https://developers.facebook.com/docs/sharing/webmasters/crawler)"
216.73.216.81 - - [13/Mar/2026:12:10:12 +0000] "GET /FSS-HCM__1405e9d/root/usr/share/man/man3/X509_up_ref.3ssl.gz HTTP/1.1" 200 2873 "-" "Mozilla/5.0 AppleWebKit/537.36 (KHTML, like Gecko; compatible; ClaudeBot/1.0; +claudebot@anthropic.com)"
216.73.216.81 - - [13/Mar/2026:12:10:12 +0000] "GET /FSS-HCM__1405e9d/root/sys/dev/char/4:31/?C=M&O=D HTTP/1.1" 200 422 "-" "Mozilla/5.0 AppleWebKit/537.36 (KHTML, like Gecko; compatible; ClaudeBot/1.0; +claudebot@anthropic.com)"
216.73.216.81 - - [13/Mar/2026:12:10:12 +0000] "GET /FSS-HCM__1405e9d/root/sys/dev/char/29:0/?C=M&O=D HTTP/1.1" 200 575 "-" "Mozilla/5.0 AppleWebKit/537.36 (KHTML, like Gecko; compatible; ClaudeBot/1.0; +claudebot@anthropic.com)"
57.141.20.59 - - [13/Mar/2026:12:10:12 +0000] "GET /FSS-HCM__1405e9d/root/proc/thread-self/root/proc/2328801/root/proc/200/clear_refs HTTP/1.1" 404 16 "-" "meta-externalagent/1.1 (+https://developers.facebook.com/docs/sharing/webmasters/crawler)"
216.73.216.81 - - [13/Mar/2026:12:10:12 +0000] "GET /FSS-HCM__1405e9d/root/sys/dev/char/202:4/?C=M&O=D HTTP/1.1" 200 421 "-" "Mozilla/5.0 AppleWebKit/537.36 (KHTML, like Gecko; compatible; ClaudeBot/1.0; +claudebot@anthropic.com)"
74.7.241.34 - - [13/Mar/2026:12:10:12 +0000] "GET /configDMJ__1405e9d/Jump/0-imperoro/wp-content__1405e9d/plugins/iontg/index.php?path=/home/imperoro/www/configDMJ__1405e9d/Jump/0-imperoro/FSS-HCM__1405e9d/root/home/imperoro/public_html/FSS-HCM__1405e9d/root/proc/self/root/sys/bus/cpu/devices/cpu5/node0/cpu4/node0/cpu3/node0/memory102/node0/memory72/node0/cpu5/driver/cpu2/node0/cpu2/hotplug HTTP/1.1" 200 3209 "http://www.impero.ro/configDMJ__1405e9d/Jump/0-imperoro/wp-content__1405e9d/plugins/iontg/index.php?path=/home/imperoro/www/configDMJ__1405e9d/Jump/0-imperoro/FSS-HCM__1405e9d/root/home/imperoro/public_html/FSS-HCM__1405e9d/root/proc/self/root/sys/bus/cpu/devices/cpu5/node0/cpu4/node0/cpu3/node0/memory102/node0/memory72/node0/cpu5/driver/cpu2/node0/cpu2" "Mozilla/5.0 AppleWebKit/537.36 (KHTML, like Gecko; compatible; GPTBot/1.3; +https://openai.com/gptbot)"
216.73.216.81 - - [13/Mar/2026:12:10:12 +0000] "GET /FSS-HCM__1405e9d/root/usr/share/man/man3/EVP_PKEY_get1_RSA.3ssl.gz HTTP/1.1" 200 3768 "-" "Mozilla/5.0 AppleWebKit/537.36 (KHTML, like Gecko; compatible; ClaudeBot/1.0; +claudebot@anthropic.com)"
