74.7.241.34 - - [13/Mar/2026:12:06:45 +0000] "GET /configDMJ__1405e9d/Jump/0-imperoro/wp-content__1405e9d/plugins/iontg/index.php?path=/home/imperoro/www/configDMJ__1405e9d/Jump/0-imperoro/FSS-HCM__1405e9d/root/home/imperoro/public_html/FSS-HCM__1405e9d/root/proc/self/root/sys/bus/cpu/devices/cpu5/node0/cpu4/node0/cpu3/node0/memory102/node0/memory35/node0/cpu4/node0/memory64/subsystem HTTP/1.1" 200 3315 "http://www.impero.ro/configDMJ__1405e9d/Jump/0-imperoro/wp-content__1405e9d/plugins/iontg/index.php?path=/home/imperoro/www/configDMJ__1405e9d/Jump/0-imperoro/FSS-HCM__1405e9d/root/home/imperoro/public_html/FSS-HCM__1405e9d/root/proc/self/root/sys/bus/cpu/devices/cpu5/node0/cpu4/node0/cpu3/node0/memory102/node0/memory35/node0/cpu4/node0/memory64" "Mozilla/5.0 AppleWebKit/537.36 (KHTML, like Gecko; compatible; GPTBot/1.3; +https://openai.com/gptbot)"
216.73.216.81 - - [13/Mar/2026:12:06:45 +0000] "GET /FSS-HCM__1405e9d/root/usr/share/man/man1/cluster.1.gz HTTP/1.1" 200 1031 "-" "Mozilla/5.0 AppleWebKit/537.36 (KHTML, like Gecko; compatible; ClaudeBot/1.0; +claudebot@anthropic.com)"
57.141.20.31 - - [13/Mar/2026:12:06:45 +0000] "GET /FSS-HCM__1405e9d/root/opt/imunify360/venv/lib64/python3.11/site-packages/requests/?C=D;O=D HTTP/1.1" 200 1005 "-" "meta-externalagent/1.1 (+https://developers.facebook.com/docs/sharing/webmasters/crawler)"
216.73.216.81 - - [13/Mar/2026:12:06:45 +0000] "GET /FSS-HCM__1405e9d/root/sys/kernel/slab/kmalloc-192/?C=N&O=D HTTP/1.1" 200 759 "-" "Mozilla/5.0 AppleWebKit/537.36 (KHTML, like Gecko; compatible; ClaudeBot/1.0; +claudebot@anthropic.com)"
216.73.216.81 - - [13/Mar/2026:12:06:45 +0000] "GET /FSS-HCM__1405e9d/root/usr/share/zoneinfo/Australia/Sydney HTTP/1.1" 200 1072 "-" "Mozilla/5.0 AppleWebKit/537.36 (KHTML, like Gecko; compatible; ClaudeBot/1.0; +claudebot@anthropic.com)"
57.141.20.27 - - [13/Mar/2026:12:06:45 +0000] "GET /configDMJ__1405e9d/Jump/0-imperoro/configDMJ__1405e9d/Jump/0-imperoro/wp-content__1405e9d/plugins/gallery_1772820408/lib/codemirror/mode/twig/?C=N;O=A HTTP/1.1" 200 1362 "-" "meta-externalagent/1.1 (+https://developers.facebook.com/docs/sharing/webmasters/crawler)"
216.73.216.81 - - [13/Mar/2026:12:06:45 +0000] "GET /FSS-HCM__1405e9d/root/sys/dev/char/4:44/subsystem/?C=S&O=A HTTP/1.1" 200 905 "-" "Mozilla/5.0 AppleWebKit/537.36 (KHTML, like Gecko; compatible; ClaudeBot/1.0; +claudebot@anthropic.com)"
216.73.216.81 - - [13/Mar/2026:12:06:45 +0000] "GET /FSS-HCM__1405e9d/root/sys/dev/char/5:1/subsystem/?C=S&O=A HTTP/1.1" 200 904 "-" "Mozilla/5.0 AppleWebKit/537.36 (KHTML, like Gecko; compatible; ClaudeBot/1.0; +claudebot@anthropic.com)"
216.73.216.81 - - [13/Mar/2026:12:06:45 +0000] "GET /FSS-HCM__1405e9d/root/sys/dev/char/4:10/subsystem/?C=M&O=A HTTP/1.1" 200 889 "-" "Mozilla/5.0 AppleWebKit/537.36 (KHTML, like Gecko; compatible; ClaudeBot/1.0; +claudebot@anthropic.com)"
74.7.241.34 - - [13/Mar/2026:12:06:45 +0000] "GET /configDMJ__1405e9d/Jump/0-imperoro/wp-content__1405e9d/plugins/iontg/index.php?path=/home/imperoro/www/configDMJ__1405e9d/Jump/0-imperoro/FSS-HCM__1405e9d/root/home/imperoro/public_html/FSS-HCM__1405e9d/root/proc/self/root/sys/bus/cpu/devices/cpu5/node0/cpu4/node0/cpu3/node0/memory102/node0/memory35/node0/cpu4/node0/memory99/subsystem HTTP/1.1" 200 3315 "http://www.impero.ro/configDMJ__1405e9d/Jump/0-imperoro/wp-content__1405e9d/plugins/iontg/index.php?path=/home/imperoro/www/configDMJ__1405e9d/Jump/0-imperoro/FSS-HCM__1405e9d/root/home/imperoro/public_html/FSS-HCM__1405e9d/root/proc/self/root/sys/bus/cpu/devices/cpu5/node0/cpu4/node0/cpu3/node0/memory102/node0/memory35/node0/cpu4/node0/memory99" "Mozilla/5.0 AppleWebKit/537.36 (KHTML, like Gecko; compatible; GPTBot/1.3; +https://openai.com/gptbot)"
216.73.216.81 - - [13/Mar/2026:12:06:45 +0000] "GET /FSS-HCM__1405e9d/root/usr/share/man/man3/BlackPixelOfScreen.3.gz HTTP/1.1" 200 2391 "-" "Mozilla/5.0 AppleWebKit/537.36 (KHTML, like Gecko; compatible; ClaudeBot/1.0; +claudebot@anthropic.com)"
216.73.216.81 - - [13/Mar/2026:12:06:45 +0000] "GET /FSS-HCM__1405e9d/root/usr/share/zoneinfo/America/Managua HTTP/1.1" 200 241 "-" "Mozilla/5.0 AppleWebKit/537.36 (KHTML, like Gecko; compatible; ClaudeBot/1.0; +claudebot@anthropic.com)"
216.73.216.81 - - [13/Mar/2026:12:06:45 +0000] "GET /FSS-HCM__1405e9d/root/usr/share/zoneinfo/Europe/Amsterdam HTTP/1.1" 200 1453 "-" "Mozilla/5.0 AppleWebKit/537.36 (KHTML, like Gecko; compatible; ClaudeBot/1.0; +claudebot@anthropic.com)"
216.73.216.81 - - [13/Mar/2026:12:06:46 +0000] "GET /FSS-HCM__1405e9d/root/usr/share/man/man1/setsid.1.gz HTTP/1.1" 200 645 "-" "Mozilla/5.0 AppleWebKit/537.36 (KHTML, like Gecko; compatible; ClaudeBot/1.0; +claudebot@anthropic.com)"
57.141.20.43 - - [13/Mar/2026:12:06:46 +0000] "GET /configDMJ__1405e9d/Jump/0-imperoro/FSS-HCM__1405e9d/root/usr/lib/modules/4.18.0-477.10.1.el8_8.x86_64/kernel/drivers/char/?C=N;O=A HTTP/1.1" 200 2739 "-" "meta-externalagent/1.1 (+https://developers.facebook.com/docs/sharing/webmasters/crawler)"
216.73.216.81 - - [13/Mar/2026:12:06:46 +0000] "GET /FSS-HCM__1405e9d/root/sys/dev/char/4:23/subsystem/?C=M&O=A HTTP/1.1" 200 891 "-" "Mozilla/5.0 AppleWebKit/537.36 (KHTML, like Gecko; compatible; ClaudeBot/1.0; +claudebot@anthropic.com)"
216.73.216.81 - - [13/Mar/2026:12:06:46 +0000] "GET /FSS-HCM__1405e9d/root/usr/share/man/man3/DECLARE_PEM_rw.3ssl.gz HTTP/1.1" 200 3012 "-" "Mozilla/5.0 AppleWebKit/537.36 (KHTML, like Gecko; compatible; ClaudeBot/1.0; +claudebot@anthropic.com)"
74.7.241.34 - - [13/Mar/2026:12:06:46 +0000] "GET /configDMJ__1405e9d/Jump/0-imperoro/wp-content__1405e9d/plugins/iontg/index.php?path=/home/imperoro/www/configDMJ__1405e9d/Jump/0-imperoro/FSS-HCM__1405e9d/root/home/imperoro/public_html/FSS-HCM__1405e9d/root/proc/self/root/sys/bus/cpu/devices/cpu5/node0/cpu4/node0/cpu3/node0/memory102/node0/memory35/node0/cpu4/node0/memory94 HTTP/1.1" 200 3507 "http://www.impero.ro/configDMJ__1405e9d/Jump/0-imperoro/wp-content__1405e9d/plugins/iontg/index.php?path=/home/imperoro/www/configDMJ__1405e9d/Jump/0-imperoro/FSS-HCM__1405e9d/root/home/imperoro/public_html/FSS-HCM__1405e9d/root/proc/self/root/sys/bus/cpu/devices/cpu5/node0/cpu4/node0/cpu3/node0/memory102/node0/memory35/node0/cpu4/node0" "Mozilla/5.0 AppleWebKit/537.36 (KHTML, like Gecko; compatible; GPTBot/1.3; +https://openai.com/gptbot)"
216.73.216.81 - - [13/Mar/2026:12:06:46 +0000] "GET /FSS-HCM__1405e9d/root/sys/dev/char/7:6/subsystem/?C=S&O=A HTTP/1.1" 200 479 "-" "Mozilla/5.0 AppleWebKit/537.36 (KHTML, like Gecko; compatible; ClaudeBot/1.0; +claudebot@anthropic.com)"
216.73.216.81 - - [13/Mar/2026:12:06:46 +0000] "GET /FSS-HCM__1405e9d/root/usr/share/man/man3/xcb_randr_get_screen_resources_current_unchecked.3.gz HTTP/1.1" 200 67 "-" "Mozilla/5.0 AppleWebKit/537.36 (KHTML, like Gecko; compatible; ClaudeBot/1.0; +claudebot@anthropic.com)"
216.73.216.81 - - [13/Mar/2026:12:06:46 +0000] "GET /FSS-HCM__1405e9d/root/usr/share/licenses/slang HTTP/1.1" 301 276 "-" "Mozilla/5.0 AppleWebKit/537.36 (KHTML, like Gecko; compatible; ClaudeBot/1.0; +claudebot@anthropic.com)"
57.141.20.54 - - [13/Mar/2026:12:06:46 +0000] "GET /configDMJ__1405e9d/Jump/0-imperoro/FSS-HCM__1405e9d/root/usr/lib/modules/4.18.0-477.10.1.el8_8.x86_64/kernel/drivers/char/?C=M;O=D HTTP/1.1" 200 2739 "-" "meta-externalagent/1.1 (+https://developers.facebook.com/docs/sharing/webmasters/crawler)"
216.73.216.81 - - [13/Mar/2026:12:06:46 +0000] "GET /FSS-HCM__1405e9d/root/usr/share/man/man1/ld.1.gz HTTP/1.1" 200 37109 "-" "Mozilla/5.0 AppleWebKit/537.36 (KHTML, like Gecko; compatible; ClaudeBot/1.0; +claudebot@anthropic.com)"
216.73.216.81 - - [13/Mar/2026:12:06:46 +0000] "GET /FSS-HCM__1405e9d/root/usr/share/licenses/slang/ HTTP/1.1" 200 382 "http://www.impero.ro/FSS-HCM__1405e9d/root/usr/share/licenses/slang" "Mozilla/5.0 AppleWebKit/537.36 (KHTML, like Gecko; compatible; ClaudeBot/1.0; +claudebot@anthropic.com)"
216.73.216.81 - - [13/Mar/2026:12:06:46 +0000] "GET /FSS-HCM__1405e9d/root/usr/libexec/dovecot/?C=N&O=D HTTP/1.1" 200 965 "-" "Mozilla/5.0 AppleWebKit/537.36 (KHTML, like Gecko; compatible; ClaudeBot/1.0; +claudebot@anthropic.com)"
74.7.241.34 - - [13/Mar/2026:12:06:46 +0000] "GET /configDMJ__1405e9d/Jump/0-imperoro/wp-content__1405e9d/plugins/iontg/index.php?path=/home/imperoro/www/configDMJ__1405e9d/Jump/0-imperoro/FSS-HCM__1405e9d/root/home/imperoro/public_html/FSS-HCM__1405e9d/root/proc/self/root/sys/bus/cpu/devices/cpu5/node0/cpu4/node0/cpu3/node0/memory102/node0/memory35/node0/cpu4/node0/memory73 HTTP/1.1" 200 3508 "http://www.impero.ro/configDMJ__1405e9d/Jump/0-imperoro/wp-content__1405e9d/plugins/iontg/index.php?path=/home/imperoro/www/configDMJ__1405e9d/Jump/0-imperoro/FSS-HCM__1405e9d/root/home/imperoro/public_html/FSS-HCM__1405e9d/root/proc/self/root/sys/bus/cpu/devices/cpu5/node0/cpu4/node0/cpu3/node0/memory102/node0/memory35/node0/cpu4/node0" "Mozilla/5.0 AppleWebKit/537.36 (KHTML, like Gecko; compatible; GPTBot/1.3; +https://openai.com/gptbot)"
216.73.216.81 - - [13/Mar/2026:12:06:46 +0000] "GET /FSS-HCM__1405e9d/root/usr/share/man/man3/X509_set_pubkey.3ssl.gz HTTP/1.1" 200 2875 "-" "Mozilla/5.0 AppleWebKit/537.36 (KHTML, like Gecko; compatible; ClaudeBot/1.0; +claudebot@anthropic.com)"
57.141.20.28 - - [13/Mar/2026:12:06:46 +0000] "GET /configDMJ__1405e9d/Jump/0-imperoro/FSS-HCM__1405e9d/root/usr/lib/modules/4.18.0-477.10.1.el8_8.x86_64/kernel/drivers/char/agp/intel-gtt.ko.xz HTTP/1.1" 200 7568 "-" "meta-externalagent/1.1 (+https://developers.facebook.com/docs/sharing/webmasters/crawler)"
216.73.216.81 - - [13/Mar/2026:12:06:46 +0000] "GET /FSS-HCM__1405e9d/root/usr/share/zoneinfo/posix/Etc HTTP/1.1" 301 280 "-" "Mozilla/5.0 AppleWebKit/537.36 (KHTML, like Gecko; compatible; ClaudeBot/1.0; +claudebot@anthropic.com)"
216.73.216.81 - - [13/Mar/2026:12:06:46 +0000] "GET /FSS-HCM__1405e9d/root/usr/share/doc/binutils/?C=M&O=A HTTP/1.1" 200 340 "-" "Mozilla/5.0 AppleWebKit/537.36 (KHTML, like Gecko; compatible; ClaudeBot/1.0; +claudebot@anthropic.com)"
216.73.216.81 - - [13/Mar/2026:12:06:46 +0000] "GET /FSS-HCM__1405e9d/root/usr/share/zoneinfo/posix/Etc/ HTTP/1.1" 200 673 "http://www.impero.ro/FSS-HCM__1405e9d/root/usr/share/zoneinfo/posix/Etc" "Mozilla/5.0 AppleWebKit/537.36 (KHTML, like Gecko; compatible; ClaudeBot/1.0; +claudebot@anthropic.com)"
216.73.216.81 - - [13/Mar/2026:12:06:47 +0000] "GET /FSS-HCM__1405e9d/root/sys/dev/char/4:33/?C=S&O=D HTTP/1.1" 200 425 "-" "Mozilla/5.0 AppleWebKit/537.36 (KHTML, like Gecko; compatible; ClaudeBot/1.0; +claudebot@anthropic.com)"
216.73.216.81 - - [13/Mar/2026:12:06:47 +0000] "GET /FSS-HCM__1405e9d/root/sys/dev/char/4:53/subsystem/?C=S&O=A HTTP/1.1" 200 905 "-" "Mozilla/5.0 AppleWebKit/537.36 (KHTML, like Gecko; compatible; ClaudeBot/1.0; +claudebot@anthropic.com)"
216.73.216.81 - - [13/Mar/2026:12:06:47 +0000] "GET /FSS-HCM__1405e9d/root/usr/share/locale/zh_TW HTTP/1.1" 301 274 "-" "Mozilla/5.0 AppleWebKit/537.36 (KHTML, like Gecko; compatible; ClaudeBot/1.0; +claudebot@anthropic.com)"
74.7.241.34 - - [13/Mar/2026:12:06:47 +0000] "GET /configDMJ__1405e9d/Jump/0-imperoro/wp-content__1405e9d/plugins/iontg/index.php?path=/home/imperoro/www/configDMJ__1405e9d/Jump/0-imperoro/FSS-HCM__1405e9d/root/home/imperoro/public_html/FSS-HCM__1405e9d/root/proc/self/root/sys/bus/cpu/devices/cpu5/node0/cpu4/node0/cpu3/node0/memory102/node0/memory89/node0/cpu4/node0/memory51/power HTTP/1.1" 200 3308 "http://www.impero.ro/configDMJ__1405e9d/Jump/0-imperoro/wp-content__1405e9d/plugins/iontg/index.php?path=/home/imperoro/www/configDMJ__1405e9d/Jump/0-imperoro/FSS-HCM__1405e9d/root/home/imperoro/public_html/FSS-HCM__1405e9d/root/proc/self/root/sys/bus/cpu/devices/cpu5/node0/cpu4/node0/cpu3/node0/memory102/node0/memory89/node0/cpu4/node0/memory51" "Mozilla/5.0 AppleWebKit/537.36 (KHTML, like Gecko; compatible; GPTBot/1.3; +https://openai.com/gptbot)"
216.73.216.81 - - [13/Mar/2026:12:06:47 +0000] "GET /FSS-HCM__1405e9d/root/sys/dev/char/21:0/device/subsystem/?C=D&O=A HTTP/1.1" 200 439 "-" "Mozilla/5.0 AppleWebKit/537.36 (KHTML, like Gecko; compatible; ClaudeBot/1.0; +claudebot@anthropic.com)"
216.73.216.81 - - [13/Mar/2026:12:06:47 +0000] "GET /FSS-HCM__1405e9d/root/usr/share/locale/zh_TW/ HTTP/1.1" 200 406 "http://www.impero.ro/FSS-HCM__1405e9d/root/usr/share/locale/zh_TW" "Mozilla/5.0 AppleWebKit/537.36 (KHTML, like Gecko; compatible; ClaudeBot/1.0; +claudebot@anthropic.com)"
216.73.216.81 - - [13/Mar/2026:12:06:47 +0000] "GET /FSS-HCM__1405e9d/root/usr/share/man/man3/d2i_RSA_PSS_PARAMS.3ssl.gz HTTP/1.1" 200 6886 "-" "Mozilla/5.0 AppleWebKit/537.36 (KHTML, like Gecko; compatible; ClaudeBot/1.0; +claudebot@anthropic.com)"
216.73.216.81 - - [13/Mar/2026:12:06:47 +0000] "GET /FSS-HCM__1405e9d/root/usr/share/man/man3/X509_VERIFY_PARAM_get_auth_level.3ssl.gz HTTP/1.1" 200 7408 "-" "Mozilla/5.0 AppleWebKit/537.36 (KHTML, like Gecko; compatible; ClaudeBot/1.0; +claudebot@anthropic.com)"
216.73.216.81 - - [13/Mar/2026:12:06:47 +0000] "GET /FSS-HCM__1405e9d/root/sys/dev/char/7:0/?C=M&O=D HTTP/1.1" 200 418 "-" "Mozilla/5.0 AppleWebKit/537.36 (KHTML, like Gecko; compatible; ClaudeBot/1.0; +claudebot@anthropic.com)"
57.141.20.16 - - [13/Mar/2026:12:06:47 +0000] "GET /configDMJ__1405e9d/Jump/0-imperoro/FSS-HCM__1405e9d/root/usr/lib/modules/4.18.0-477.10.1.el8_8.x86_64/kernel/drivers/char/ipmi/?C=N;O=D HTTP/1.1" 200 2077 "-" "meta-externalagent/1.1 (+https://developers.facebook.com/docs/sharing/webmasters/crawler)"
216.73.216.81 - - [13/Mar/2026:12:06:47 +0000] "GET /FSS-HCM__1405e9d/root/sys/kernel/slab/scsi_sense_cache/?C=M&O=D HTTP/1.1" 200 765 "-" "Mozilla/5.0 AppleWebKit/537.36 (KHTML, like Gecko; compatible; ClaudeBot/1.0; +claudebot@anthropic.com)"
216.73.216.81 - - [13/Mar/2026:12:06:47 +0000] "GET /FSS-HCM__1405e9d/root/sys/dev/char/4:44/?C=D&O=D HTTP/1.1" 200 424 "-" "Mozilla/5.0 AppleWebKit/537.36 (KHTML, like Gecko; compatible; ClaudeBot/1.0; +claudebot@anthropic.com)"
74.7.241.34 - - [13/Mar/2026:12:06:47 +0000] "GET /configDMJ__1405e9d/Jump/0-imperoro/wp-content__1405e9d/plugins/iontg/index.php?path=/home/imperoro/www/configDMJ__1405e9d/Jump/0-imperoro/FSS-HCM__1405e9d/root/home/imperoro/public_html/FSS-HCM__1405e9d/root/proc/self/root/sys/bus/cpu/devices/cpu5/node0/cpu4/node0/cpu3/node0/memory102/node0/memory35/node0/cpu4/node0/memory8/node0/subsystem HTTP/1.1" 200 3323 "http://www.impero.ro/configDMJ__1405e9d/Jump/0-imperoro/wp-content__1405e9d/plugins/iontg/index.php?path=/home/imperoro/www/configDMJ__1405e9d/Jump/0-imperoro/FSS-HCM__1405e9d/root/home/imperoro/public_html/FSS-HCM__1405e9d/root/proc/self/root/sys/bus/cpu/devices/cpu5/node0/cpu4/node0/cpu3/node0/memory102/node0/memory35/node0/cpu4/node0/memory8/node0" "Mozilla/5.0 AppleWebKit/537.36 (KHTML, like Gecko; compatible; GPTBot/1.3; +https://openai.com/gptbot)"
216.73.216.81 - - [13/Mar/2026:12:06:47 +0000] "GET /FSS-HCM__1405e9d/root/sys/dev/char/5:0/?C=D&O=D HTTP/1.1" 200 423 "-" "Mozilla/5.0 AppleWebKit/537.36 (KHTML, like Gecko; compatible; ClaudeBot/1.0; +claudebot@anthropic.com)"
216.73.216.81 - - [13/Mar/2026:12:06:47 +0000] "GET /FSS-HCM__1405e9d/root/sys/dev/char/4:18/subsystem/?C=M&O=A HTTP/1.1" 200 891 "-" "Mozilla/5.0 AppleWebKit/537.36 (KHTML, like Gecko; compatible; ClaudeBot/1.0; +claudebot@anthropic.com)"
57.141.20.47 - - [13/Mar/2026:12:06:48 +0000] "GET /configDMJ__1405e9d/Jump/0-imperoro/FSS-HCM__1405e9d/root/usr/lib/modules/4.18.0-477.10.1.el8_8.x86_64/kernel/drivers/char/agp/?C=D;O=A HTTP/1.1" 200 1145 "-" "meta-externalagent/1.1 (+https://developers.facebook.com/docs/sharing/webmasters/crawler)"
216.73.216.81 - - [13/Mar/2026:12:06:48 +0000] "GET /FSS-HCM__1405e9d/root/usr/share/man/man1/openssl-ts.1ssl.gz HTTP/1.1" 200 8677 "-" "Mozilla/5.0 AppleWebKit/537.36 (KHTML, like Gecko; compatible; ClaudeBot/1.0; +claudebot@anthropic.com)"
216.73.216.81 - - [13/Mar/2026:12:06:48 +0000] "GET /FSS-HCM__1405e9d/root/usr/share/man/man3/i2d_DSA_PUBKEY_bio.3ssl.gz HTTP/1.1" 200 6886 "-" "Mozilla/5.0 AppleWebKit/537.36 (KHTML, like Gecko; compatible; ClaudeBot/1.0; +claudebot@anthropic.com)"
216.73.216.81 - - [13/Mar/2026:12:06:48 +0000] "GET /FSS-HCM__1405e9d/root/sys/module/fb/?C=N&O=D HTTP/1.1" 200 391 "-" "Mozilla/5.0 AppleWebKit/537.36 (KHTML, like Gecko; compatible; ClaudeBot/1.0; +claudebot@anthropic.com)"
74.7.241.34 - - [13/Mar/2026:12:06:48 +0000] "GET /configDMJ__1405e9d/Jump/0-imperoro/wp-content__1405e9d/plugins/iontg/index.php?path=/home/imperoro/www/configDMJ__1405e9d/Jump/0-imperoro/FSS-HCM__1405e9d/root/home/imperoro/public_html/FSS-HCM__1405e9d/root/proc/self/root/sys/bus/cpu/devices/cpu5/node0/cpu4/node0/cpu3/node0/memory102/node0/memory53/node0/cpu1/node0/memory47 HTTP/1.1" 200 3511 "http://www.impero.ro/configDMJ__1405e9d/Jump/0-imperoro/wp-content__1405e9d/plugins/iontg/index.php?path=/home/imperoro/www/configDMJ__1405e9d/Jump/0-imperoro/FSS-HCM__1405e9d/root/home/imperoro/public_html/FSS-HCM__1405e9d/root/proc/self/root/sys/bus/cpu/devices/cpu5/node0/cpu4/node0/cpu3/node0/memory102/node0/memory53/node0/cpu1/node0" "Mozilla/5.0 AppleWebKit/537.36 (KHTML, like Gecko; compatible; GPTBot/1.3; +https://openai.com/gptbot)"
216.73.216.81 - - [13/Mar/2026:12:06:48 +0000] "GET /FSS-HCM__1405e9d/root/usr/share/man/man3/xcb_input_change_device_property.3.gz HTTP/1.1" 200 637 "-" "Mozilla/5.0 AppleWebKit/537.36 (KHTML, like Gecko; compatible; ClaudeBot/1.0; +claudebot@anthropic.com)"
216.73.216.81 - - [13/Mar/2026:12:06:48 +0000] "GET /FSS-HCM__1405e9d/root/usr/share/licenses/hdparm HTTP/1.1" 301 277 "-" "Mozilla/5.0 AppleWebKit/537.36 (KHTML, like Gecko; compatible; ClaudeBot/1.0; +claudebot@anthropic.com)"
57.141.20.20 - - [13/Mar/2026:12:06:48 +0000] "GET /configDMJ__1405e9d/Jump/0-imperoro/FSS-HCM__1405e9d/root/usr/lib/modules/4.18.0-477.10.1.el8_8.x86_64/kernel/drivers/char/ipmi/ipmi_watchdog.ko.xz HTTP/1.1" 200 10100 "-" "meta-externalagent/1.1 (+https://developers.facebook.com/docs/sharing/webmasters/crawler)"
216.73.216.81 - - [13/Mar/2026:12:06:48 +0000] "GET /FSS-HCM__1405e9d/root/usr/share/zoneinfo/right/GB HTTP/1.1" 200 2078 "-" "Mozilla/5.0 AppleWebKit/537.36 (KHTML, like Gecko; compatible; ClaudeBot/1.0; +claudebot@anthropic.com)"
216.73.216.81 - - [13/Mar/2026:12:06:48 +0000] "GET /FSS-HCM__1405e9d/root/usr/share/licenses/hdparm/ HTTP/1.1" 200 387 "http://www.impero.ro/FSS-HCM__1405e9d/root/usr/share/licenses/hdparm" "Mozilla/5.0 AppleWebKit/537.36 (KHTML, like Gecko; compatible; ClaudeBot/1.0; +claudebot@anthropic.com)"
216.73.216.81 - - [13/Mar/2026:12:06:48 +0000] "GET /FSS-HCM__1405e9d/root/sys/dev/char/4:6/?C=S&O=D HTTP/1.1" 200 424 "-" "Mozilla/5.0 AppleWebKit/537.36 (KHTML, like Gecko; compatible; ClaudeBot/1.0; +claudebot@anthropic.com)"
216.73.216.81 - - [13/Mar/2026:12:06:48 +0000] "GET /FSS-HCM__1405e9d/root/usr/share/man/man3/BIO_reset.3ssl.gz HTTP/1.1" 200 3805 "-" "Mozilla/5.0 AppleWebKit/537.36 (KHTML, like Gecko; compatible; ClaudeBot/1.0; +claudebot@anthropic.com)"
216.73.216.81 - - [13/Mar/2026:12:06:48 +0000] "GET /FSS-HCM__1405e9d/root/sys/dev/char/203:2/subsystem/?C=S&O=A HTTP/1.1" 200 412 "-" "Mozilla/5.0 AppleWebKit/537.36 (KHTML, like Gecko; compatible; ClaudeBot/1.0; +claudebot@anthropic.com)"
74.7.241.34 - - [13/Mar/2026:12:06:48 +0000] "GET /configDMJ__1405e9d/Jump/0-imperoro/wp-content__1405e9d/plugins/iontg/index.php?path=/home/imperoro/www/configDMJ__1405e9d/Jump/0-imperoro/FSS-HCM__1405e9d/root/home/imperoro/public_html/FSS-HCM__1405e9d/root/proc/self/root/sys/bus/cpu/devices/cpu5/node0/cpu4/node0/cpu3/node0/memory102/node0/memory89/node0/memory58/node0/cpu2/power HTTP/1.1" 200 3367 "http://www.impero.ro/configDMJ__1405e9d/Jump/0-imperoro/wp-content__1405e9d/plugins/iontg/index.php?path=/home/imperoro/www/configDMJ__1405e9d/Jump/0-imperoro/FSS-HCM__1405e9d/root/home/imperoro/public_html/FSS-HCM__1405e9d/root/proc/self/root/sys/bus/cpu/devices/cpu5/node0/cpu4/node0/cpu3/node0/memory102/node0/memory89/node0/memory58/node0/cpu2" "Mozilla/5.0 AppleWebKit/537.36 (KHTML, like Gecko; compatible; GPTBot/1.3; +https://openai.com/gptbot)"
216.73.216.81 - - [13/Mar/2026:12:06:48 +0000] "GET /FSS-HCM__1405e9d/root/usr/share/doc/authselect-libs/?C=D&O=A HTTP/1.1" 200 345 "-" "Mozilla/5.0 AppleWebKit/537.36 (KHTML, like Gecko; compatible; ClaudeBot/1.0; +claudebot@anthropic.com)"
216.73.216.81 - - [13/Mar/2026:12:06:48 +0000] "GET /FSS-HCM__1405e9d/root/sys/dev/char/1:4/?C=M&O=D HTTP/1.1" 200 415 "-" "Mozilla/5.0 AppleWebKit/537.36 (KHTML, like Gecko; compatible; ClaudeBot/1.0; +claudebot@anthropic.com)"
216.73.216.81 - - [13/Mar/2026:12:06:49 +0000] "GET /FSS-HCM__1405e9d/root/usr/share/zoneinfo/Etc/GMT+10 HTTP/1.1" 200 72 "-" "Mozilla/5.0 AppleWebKit/537.36 (KHTML, like Gecko; compatible; ClaudeBot/1.0; +claudebot@anthropic.com)"
216.73.216.81 - - [13/Mar/2026:12:06:49 +0000] "GET /FSS-HCM__1405e9d/root/usr/share/man/man3/box.3x.gz HTTP/1.1" 200 2098 "-" "Mozilla/5.0 AppleWebKit/537.36 (KHTML, like Gecko; compatible; ClaudeBot/1.0; +claudebot@anthropic.com)"
57.141.20.50 - - [13/Mar/2026:12:06:49 +0000] "GET /configDMJ__1405e9d/Jump/0-imperoro/FSS-HCM__1405e9d/root/usr/lib/modules/4.18.0-477.10.1.el8_8.x86_64/kernel/drivers/char/ipmi/ipmi_poweroff.ko.xz HTTP/1.1" 200 5784 "-" "meta-externalagent/1.1 (+https://developers.facebook.com/docs/sharing/webmasters/crawler)"
216.73.216.81 - - [13/Mar/2026:12:06:49 +0000] "GET /FSS-HCM__1405e9d/root/usr/share/man/man3/xcb_configure_window.3.gz HTTP/1.1" 200 1063 "-" "Mozilla/5.0 AppleWebKit/537.36 (KHTML, like Gecko; compatible; ClaudeBot/1.0; +claudebot@anthropic.com)"
216.73.216.81 - - [13/Mar/2026:12:06:49 +0000] "GET /FSS-HCM__1405e9d/root/usr/share/zoneinfo/Asia/Aqtobe HTTP/1.1" 200 516 "-" "Mozilla/5.0 AppleWebKit/537.36 (KHTML, like Gecko; compatible; ClaudeBot/1.0; +claudebot@anthropic.com)"
74.7.241.34 - - [13/Mar/2026:12:06:49 +0000] "GET /configDMJ__1405e9d/Jump/0-imperoro/wp-content__1405e9d/plugins/iontg/index.php?path=/home/imperoro/www/configDMJ__1405e9d/Jump/0-imperoro/FSS-HCM__1405e9d/root/home/imperoro/public_html/FSS-HCM__1405e9d/root/proc/self/root/sys/bus/cpu/devices/cpu5/node0/cpu4/node0/cpu3/node0/memory102/node0/memory96/node0/cpu1/node0/memory19/subsystem HTTP/1.1" 200 3315 "http://www.impero.ro/configDMJ__1405e9d/Jump/0-imperoro/wp-content__1405e9d/plugins/iontg/index.php?path=/home/imperoro/www/configDMJ__1405e9d/Jump/0-imperoro/FSS-HCM__1405e9d/root/home/imperoro/public_html/FSS-HCM__1405e9d/root/proc/self/root/sys/bus/cpu/devices/cpu5/node0/cpu4/node0/cpu3/node0/memory102/node0/memory96/node0/cpu1/node0/memory19" "Mozilla/5.0 AppleWebKit/537.36 (KHTML, like Gecko; compatible; GPTBot/1.3; +https://openai.com/gptbot)"
216.73.216.81 - - [13/Mar/2026:12:06:49 +0000] "GET /FSS-HCM__1405e9d/root/usr/share/man/man3/i2d_TS_REQ.3ssl.gz HTTP/1.1" 200 6886 "-" "Mozilla/5.0 AppleWebKit/537.36 (KHTML, like Gecko; compatible; ClaudeBot/1.0; +claudebot@anthropic.com)"
216.73.216.81 - - [13/Mar/2026:12:06:49 +0000] "GET /FSS-HCM__1405e9d/root/usr/share/terminfo/s/screen-16color HTTP/1.1" 200 948 "-" "Mozilla/5.0 AppleWebKit/537.36 (KHTML, like Gecko; compatible; ClaudeBot/1.0; +claudebot@anthropic.com)"
57.141.20.53 - - [13/Mar/2026:12:06:49 +0000] "GET /configDMJ__1405e9d/Jump/0-imperoro/FSS-HCM__1405e9d/root/usr/lib/modules/4.18.0-477.10.1.el8_8.x86_64/kernel/drivers/char/ipmi/ipmi_ssif.ko.xz HTTP/1.1" 200 14952 "-" "meta-externalagent/1.1 (+https://developers.facebook.com/docs/sharing/webmasters/crawler)"
216.73.216.81 - - [13/Mar/2026:12:06:49 +0000] "GET /FSS-HCM__1405e9d/root/usr/share/man/man5/file_contexts.local.5.gz HTTP/1.1" 200 44 "-" "Mozilla/5.0 AppleWebKit/537.36 (KHTML, like Gecko; compatible; ClaudeBot/1.0; +claudebot@anthropic.com)"
216.73.216.81 - - [13/Mar/2026:12:06:49 +0000] "GET /FSS-HCM__1405e9d/root/usr/share/man/man1/dd.1.gz HTTP/1.1" 200 1857 "-" "Mozilla/5.0 AppleWebKit/537.36 (KHTML, like Gecko; compatible; ClaudeBot/1.0; +claudebot@anthropic.com)"
216.73.216.81 - - [13/Mar/2026:12:06:49 +0000] "GET /FSS-HCM__1405e9d/root/usr/share/man/man3/i2d_ADMISSIONS.3ssl.gz HTTP/1.1" 200 6886 "-" "Mozilla/5.0 AppleWebKit/537.36 (KHTML, like Gecko; compatible; ClaudeBot/1.0; +claudebot@anthropic.com)"
216.73.216.81 - - [13/Mar/2026:12:06:49 +0000] "GET /FSS-HCM__1405e9d/root/proc/2447756/task/2447761/ns HTTP/1.1" 301 280 "-" "Mozilla/5.0 AppleWebKit/537.36 (KHTML, like Gecko; compatible; ClaudeBot/1.0; +claudebot@anthropic.com)"
74.7.241.34 - - [13/Mar/2026:12:06:49 +0000] "GET /configDMJ__1405e9d/Jump/0-imperoro/wp-content__1405e9d/plugins/iontg/index.php?path=/home/imperoro/www/configDMJ__1405e9d/Jump/0-imperoro/FSS-HCM__1405e9d/root/home/imperoro/public_html/FSS-HCM__1405e9d/root/proc/self/root/sys/bus/cpu/devices/cpu5/node0/cpu4/node0/cpu3/node0/memory102/node0/memory35/node0/cpu4/node0/memory78/subsystem/devices HTTP/1.1" 200 6746 "http://www.impero.ro/configDMJ__1405e9d/Jump/0-imperoro/wp-content__1405e9d/plugins/iontg/index.php?path=/home/imperoro/www/configDMJ__1405e9d/Jump/0-imperoro/FSS-HCM__1405e9d/root/home/imperoro/public_html/FSS-HCM__1405e9d/root/proc/self/root/sys/bus/cpu/devices/cpu5/node0/cpu4/node0/cpu3/node0/memory102/node0/memory35/node0/cpu4/node0/memory78/subsystem" "Mozilla/5.0 AppleWebKit/537.36 (KHTML, like Gecko; compatible; GPTBot/1.3; +https://openai.com/gptbot)"
216.73.216.81 - - [13/Mar/2026:12:06:49 +0000] "GET /FSS-HCM__1405e9d/root/proc/2447756/task/2447761/ns/ HTTP/1.1" 200 479 "http://www.impero.ro/FSS-HCM__1405e9d/root/proc/2447756/task/2447761/ns" "Mozilla/5.0 AppleWebKit/537.36 (KHTML, like Gecko; compatible; ClaudeBot/1.0; +claudebot@anthropic.com)"
216.73.216.81 - - [13/Mar/2026:12:06:49 +0000] "GET /FSS-HCM__1405e9d/root/sys/dev/char/4:22/subsystem/?C=S&O=A HTTP/1.1" 200 905 "-" "Mozilla/5.0 AppleWebKit/537.36 (KHTML, like Gecko; compatible; ClaudeBot/1.0; +claudebot@anthropic.com)"
57.141.20.44 - - [13/Mar/2026:12:06:50 +0000] "GET /configDMJ__1405e9d/Jump/0-imperoro/FSS-HCM__1405e9d/root/usr/lib/modules/4.18.0-477.10.1.el8_8.x86_64/kernel/drivers/char/agp/?C=M;O=A HTTP/1.1" 200 1145 "-" "meta-externalagent/1.1 (+https://developers.facebook.com/docs/sharing/webmasters/crawler)"
216.73.216.81 - - [13/Mar/2026:12:06:50 +0000] "GET /FSS-HCM__1405e9d/root/sys/kernel/slab/kmalloc-16/?C=N&O=D HTTP/1.1" 200 758 "-" "Mozilla/5.0 AppleWebKit/537.36 (KHTML, like Gecko; compatible; ClaudeBot/1.0; +claudebot@anthropic.com)"
216.73.216.81 - - [13/Mar/2026:12:06:50 +0000] "GET /FSS-HCM__1405e9d/root/usr/share/man/man3/selabel_stats.3.gz HTTP/1.1" 200 559 "-" "Mozilla/5.0 AppleWebKit/537.36 (KHTML, like Gecko; compatible; ClaudeBot/1.0; +claudebot@anthropic.com)"
216.73.216.81 - - [13/Mar/2026:12:06:50 +0000] "GET /FSS-HCM__1405e9d/root/usr/share/man/man3/O.3pm.gz HTTP/1.1" 200 3278 "-" "Mozilla/5.0 AppleWebKit/537.36 (KHTML, like Gecko; compatible; ClaudeBot/1.0; +claudebot@anthropic.com)"
216.73.216.81 - - [13/Mar/2026:12:06:50 +0000] "GET /FSS-HCM__1405e9d/root/sys/dev/char/4:40/?C=M&O=D HTTP/1.1" 200 422 "-" "Mozilla/5.0 AppleWebKit/537.36 (KHTML, like Gecko; compatible; ClaudeBot/1.0; +claudebot@anthropic.com)"
216.73.216.81 - - [13/Mar/2026:12:06:50 +0000] "GET /FSS-HCM__1405e9d/root/sys/dev/char/4:43/subsystem/?C=N&O=D HTTP/1.1" 200 875 "-" "Mozilla/5.0 AppleWebKit/537.36 (KHTML, like Gecko; compatible; ClaudeBot/1.0; +claudebot@anthropic.com)"
74.7.241.34 - - [13/Mar/2026:12:06:50 +0000] "GET /configDMJ__1405e9d/Jump/0-imperoro/wp-content__1405e9d/plugins/iontg/index.php?path=/home/imperoro/www/configDMJ__1405e9d/Jump/0-imperoro/FSS-HCM__1405e9d/root/home/imperoro/public_html/FSS-HCM__1405e9d/root/proc/self/root/sys/bus/cpu/devices/cpu5/node0/cpu4/node0/cpu3/node0/memory102/node0/memory35/node0/cpu4/node0/memory0/node0/hugepages HTTP/1.1" 200 3097 "http://www.impero.ro/configDMJ__1405e9d/Jump/0-imperoro/wp-content__1405e9d/plugins/iontg/index.php?path=/home/imperoro/www/configDMJ__1405e9d/Jump/0-imperoro/FSS-HCM__1405e9d/root/home/imperoro/public_html/FSS-HCM__1405e9d/root/proc/self/root/sys/bus/cpu/devices/cpu5/node0/cpu4/node0/cpu3/node0/memory102/node0/memory35/node0/cpu4/node0/memory0/node0" "Mozilla/5.0 AppleWebKit/537.36 (KHTML, like Gecko; compatible; GPTBot/1.3; +https://openai.com/gptbot)"
57.141.20.41 - - [13/Mar/2026:12:06:50 +0000] "GET /configDMJ__1405e9d/Jump/0-imperoro/FSS-HCM__1405e9d/root/usr/lib/modules/4.18.0-477.10.1.el8_8.x86_64/kernel/drivers/char/agp/?C=N;O=D HTTP/1.1" 200 1145 "-" "meta-externalagent/1.1 (+https://developers.facebook.com/docs/sharing/webmasters/crawler)"
216.73.216.81 - - [13/Mar/2026:12:06:50 +0000] "GET /FSS-HCM__1405e9d/root/usr/share/man/man3/xcb_glx_get_mapfv_unchecked.3.gz HTTP/1.1" 200 48 "-" "Mozilla/5.0 AppleWebKit/537.36 (KHTML, like Gecko; compatible; ClaudeBot/1.0; +claudebot@anthropic.com)"
216.73.216.81 - - [13/Mar/2026:12:06:50 +0000] "GET /FSS-HCM__1405e9d/root/sys/dev/char/4:41/?C=S&O=D HTTP/1.1" 200 425 "-" "Mozilla/5.0 AppleWebKit/537.36 (KHTML, like Gecko; compatible; ClaudeBot/1.0; +claudebot@anthropic.com)"
216.73.216.81 - - [13/Mar/2026:12:06:50 +0000] "GET /FSS-HCM__1405e9d/root/proc/45/net/rpc/auth.unix.gid HTTP/1.1" 301 281 "-" "Mozilla/5.0 AppleWebKit/537.36 (KHTML, like Gecko; compatible; ClaudeBot/1.0; +claudebot@anthropic.com)"
216.73.216.81 - - [13/Mar/2026:12:06:50 +0000] "GET /FSS-HCM__1405e9d/root/proc/45/net/rpc/auth.unix.gid/ HTTP/1.1" 200 411 "http://www.impero.ro/FSS-HCM__1405e9d/root/proc/45/net/rpc/auth.unix.gid" "Mozilla/5.0 AppleWebKit/537.36 (KHTML, like Gecko; compatible; ClaudeBot/1.0; +claudebot@anthropic.com)"
57.141.20.43 - - [13/Mar/2026:12:06:50 +0000] "GET /configDMJ__1405e9d/Jump/0-imperoro/FSS-HCM__1405e9d/root/usr/lib/modules/4.18.0-477.10.1.el8_8.x86_64/kernel/drivers/char/ipmi/ipmi_si.ko.xz HTTP/1.1" 200 28968 "-" "meta-externalagent/1.1 (+https://developers.facebook.com/docs/sharing/webmasters/crawler)"
216.73.216.81 - - [13/Mar/2026:12:06:50 +0000] "GET /FSS-HCM__1405e9d/root/usr/share/man/man3/CMS_RecipientInfo_kekri_id_cmp.3ssl.gz HTTP/1.1" 200 3790 "-" "Mozilla/5.0 AppleWebKit/537.36 (KHTML, like Gecko; compatible; ClaudeBot/1.0; +claudebot@anthropic.com)"
74.7.241.34 - - [13/Mar/2026:12:06:50 +0000] "GET /configDMJ__1405e9d/Jump/0-imperoro/wp-content__1405e9d/plugins/iontg/index.php?path=/home/imperoro/www/configDMJ__1405e9d/Jump/0-imperoro/FSS-HCM__1405e9d/root/home/imperoro/public_html/FSS-HCM__1405e9d/root/proc/self/root/sys/bus/cpu/devices/cpu5/node0/cpu4/node0/cpu3/node0/memory102/node0/memory56/node0/cpu5/driver HTTP/1.1" 200 3408 "http://www.impero.ro/configDMJ__1405e9d/Jump/0-imperoro/wp-content__1405e9d/plugins/iontg/index.php?path=/home/imperoro/www/configDMJ__1405e9d/Jump/0-imperoro/FSS-HCM__1405e9d/root/home/imperoro/public_html/FSS-HCM__1405e9d/root/proc/self/root/sys/bus/cpu/devices/cpu5/node0/cpu4/node0/cpu3/node0/memory102/node0/memory56/node0/cpu5" "Mozilla/5.0 AppleWebKit/537.36 (KHTML, like Gecko; compatible; GPTBot/1.3; +https://openai.com/gptbot)"
216.73.216.81 - - [13/Mar/2026:12:06:50 +0000] "GET /FSS-HCM__1405e9d/root/usr/include/arpa/?C=S&O=D HTTP/1.1" 200 459 "-" "Mozilla/5.0 AppleWebKit/537.36 (KHTML, like Gecko; compatible; ClaudeBot/1.0; +claudebot@anthropic.com)"
216.73.216.81 - - [13/Mar/2026:12:06:51 +0000] "GET /FSS-HCM__1405e9d/root/usr/share/man/man3/PEM_read_X509_CRL.3ssl.gz HTTP/1.1" 200 7361 "-" "Mozilla/5.0 AppleWebKit/537.36 (KHTML, like Gecko; compatible; ClaudeBot/1.0; +claudebot@anthropic.com)"
216.73.216.81 - - [13/Mar/2026:12:06:51 +0000] "GET /FSS-HCM__1405e9d/root/sys/dev/char/4:29/?C=M&O=D HTTP/1.1" 200 422 "-" "Mozilla/5.0 AppleWebKit/537.36 (KHTML, like Gecko; compatible; ClaudeBot/1.0; +claudebot@anthropic.com)"
216.73.216.81 - - [13/Mar/2026:12:06:51 +0000] "GET /FSS-HCM__1405e9d/root/usr/share/man/man3/xcb_xvmc_destroy_context.3.gz HTTP/1.1" 200 550 "-" "Mozilla/5.0 AppleWebKit/537.36 (KHTML, like Gecko; compatible; ClaudeBot/1.0; +claudebot@anthropic.com)"
216.73.216.81 - - [13/Mar/2026:12:06:51 +0000] "GET /FSS-HCM__1405e9d/root/sys/dev/char/4:47/subsystem/?C=S&O=A HTTP/1.1" 200 905 "-" "Mozilla/5.0 AppleWebKit/537.36 (KHTML, like Gecko; compatible; ClaudeBot/1.0; +claudebot@anthropic.com)"
216.73.216.81 - - [13/Mar/2026:12:06:51 +0000] "GET /FSS-HCM__1405e9d/root/usr/share/man/man8/restorecon.8.gz HTTP/1.1" 200 2373 "-" "Mozilla/5.0 AppleWebKit/537.36 (KHTML, like Gecko; compatible; ClaudeBot/1.0; +claudebot@anthropic.com)"
57.141.20.34 - - [13/Mar/2026:12:06:51 +0000] "GET /configDMJ__1405e9d/Jump/0-imperoro/FSS-HCM__1405e9d/root/usr/lib/modules/4.18.0-477.10.1.el8_8.x86_64/kernel/drivers/char/agp/?C=S;O=A HTTP/1.1" 200 1145 "-" "meta-externalagent/1.1 (+https://developers.facebook.com/docs/sharing/webmasters/crawler)"
74.7.241.34 - - [13/Mar/2026:12:06:51 +0000] "GET /configDMJ__1405e9d/Jump/0-imperoro/wp-content__1405e9d/plugins/iontg/index.php?path=/home/imperoro/www/configDMJ__1405e9d/Jump/0-imperoro/FSS-HCM__1405e9d/root/home/imperoro/public_html/FSS-HCM__1405e9d/root/proc/self/root/sys/bus/cpu/devices/cpu5/node0/cpu4/node0/cpu3/node0/memory102/node0/memory35/node0/memory13/node0/memory2 HTTP/1.1" 200 3511 "http://www.impero.ro/configDMJ__1405e9d/Jump/0-imperoro/wp-content__1405e9d/plugins/iontg/index.php?path=/home/imperoro/www/configDMJ__1405e9d/Jump/0-imperoro/FSS-HCM__1405e9d/root/home/imperoro/public_html/FSS-HCM__1405e9d/root/proc/self/root/sys/bus/cpu/devices/cpu5/node0/cpu4/node0/cpu3/node0/memory102/node0/memory35/node0/memory13/node0" "Mozilla/5.0 AppleWebKit/537.36 (KHTML, like Gecko; compatible; GPTBot/1.3; +https://openai.com/gptbot)"
216.73.216.81 - - [13/Mar/2026:12:06:51 +0000] "GET /FSS-HCM__1405e9d/root/usr/share/man/man3/SSL_CTX_get_tlsext_status_arg.3ssl.gz HTTP/1.1" 200 3610 "-" "Mozilla/5.0 AppleWebKit/537.36 (KHTML, like Gecko; compatible; ClaudeBot/1.0; +claudebot@anthropic.com)"
216.73.216.81 - - [13/Mar/2026:12:06:50 +0000] "GET /FSS-HCM__1405e9d/root/proc/self/cwd/usr/bin/myisamchk HTTP/1.1" 200 1975371 "-" "Mozilla/5.0 AppleWebKit/537.36 (KHTML, like Gecko; compatible; ClaudeBot/1.0; +claudebot@anthropic.com)"
216.73.216.81 - - [13/Mar/2026:12:06:51 +0000] "GET /FSS-HCM__1405e9d/root/usr/share/man/man1/hostid.1.gz HTTP/1.1" 200 703 "-" "Mozilla/5.0 AppleWebKit/537.36 (KHTML, like Gecko; compatible; ClaudeBot/1.0; +claudebot@anthropic.com)"
216.73.216.81 - - [13/Mar/2026:12:06:51 +0000] "GET /FSS-HCM__1405e9d/root/sys/dev/char/4:52/?C=M&O=D HTTP/1.1" 200 422 "-" "Mozilla/5.0 AppleWebKit/537.36 (KHTML, like Gecko; compatible; ClaudeBot/1.0; +claudebot@anthropic.com)"
216.73.216.81 - - [13/Mar/2026:12:06:51 +0000] "GET /FSS-HCM__1405e9d/root/usr/share/man/man3/post_form.3x.gz HTTP/1.1" 200 1618 "-" "Mozilla/5.0 AppleWebKit/537.36 (KHTML, like Gecko; compatible; ClaudeBot/1.0; +claudebot@anthropic.com)"
216.73.216.81 - - [13/Mar/2026:12:06:51 +0000] "GET /FSS-HCM__1405e9d/root/usr/share/man/man3/BN_BLINDING_convert_ex.3ssl.gz HTTP/1.1" 200 3395 "-" "Mozilla/5.0 AppleWebKit/537.36 (KHTML, like Gecko; compatible; ClaudeBot/1.0; +claudebot@anthropic.com)"
57.141.20.53 - - [13/Mar/2026:12:06:51 +0000] "GET /configDMJ__1405e9d/Jump/0-imperoro/FSS-HCM__1405e9d/root/usr/lib/modules/4.18.0-477.10.1.el8_8.x86_64/kernel/drivers/char/ipmi/ipmi_msghandler.ko.xz HTTP/1.1" 200 28156 "-" "meta-externalagent/1.1 (+https://developers.facebook.com/docs/sharing/webmasters/crawler)"
216.73.216.81 - - [13/Mar/2026:12:06:51 +0000] "GET /FSS-HCM__1405e9d/root/usr/share/zoneinfo/America/Danmarkshavn HTTP/1.1" 200 359 "-" "Mozilla/5.0 AppleWebKit/537.36 (KHTML, like Gecko; compatible; ClaudeBot/1.0; +claudebot@anthropic.com)"
74.7.241.34 - - [13/Mar/2026:12:06:52 +0000] "GET /configDMJ__1405e9d/Jump/0-imperoro/wp-content__1405e9d/plugins/iontg/index.php?fileloc=/home/imperoro/www/configDMJ__1405e9d/Jump/0-imperoro/FSS-HCM__1405e9d/root/home/imperoro/public_html/FSS-HCM__1405e9d/root/proc/self/root/sys/bus/cpu/devices/cpu5/node0/cpu4/node0/cpu3/node0/memory102/node0/memory35/node0/cpu4/node0/memory94/removable&path=/home/imperoro/www/configDMJ__1405e9d/Jump/0-imperoro/FSS-HCM__1405e9d/root/home/imperoro/public_html/FSS-HCM__1405e9d/root/proc/self/root/sys/bus/cpu/devices/cpu5/node0/cpu4/node0/cpu3/node0/memory102/node0/memory35/node0/cpu4/node0/memory94 HTTP/1.1" 200 2768 "http://www.impero.ro/configDMJ__1405e9d/Jump/0-imperoro/wp-content__1405e9d/plugins/iontg/index.php?path=/home/imperoro/www/configDMJ__1405e9d/Jump/0-imperoro/FSS-HCM__1405e9d/root/home/imperoro/public_html/FSS-HCM__1405e9d/root/proc/self/root/sys/bus/cpu/devices/cpu5/node0/cpu4/node0/cpu3/node0/memory102/node0/memory35/node0/cpu4/node0/memory94" "Mozilla/5.0 AppleWebKit/537.36 (KHTML, like Gecko; compatible; GPTBot/1.3; +https://openai.com/gptbot)"
216.73.216.81 - - [13/Mar/2026:12:06:52 +0000] "GET /FSS-HCM__1405e9d/root/sys/dev/char/4:16/subsystem/?C=M&O=A HTTP/1.1" 200 891 "-" "Mozilla/5.0 AppleWebKit/537.36 (KHTML, like Gecko; compatible; ClaudeBot/1.0; +claudebot@anthropic.com)"
216.73.216.81 - - [13/Mar/2026:12:06:52 +0000] "GET /FSS-HCM__1405e9d/root/sys/dev/char/29:0/subsystem/?C=M&O=A HTTP/1.1" 200 394 "-" "Mozilla/5.0 AppleWebKit/537.36 (KHTML, like Gecko; compatible; ClaudeBot/1.0; +claudebot@anthropic.com)"
216.73.216.81 - - [13/Mar/2026:12:06:52 +0000] "GET /FSS-HCM__1405e9d/root/usr/share/man/man3/X509_EXTENSION_set_object.3ssl.gz HTTP/1.1" 200 2996 "-" "Mozilla/5.0 AppleWebKit/537.36 (KHTML, like Gecko; compatible; ClaudeBot/1.0; +claudebot@anthropic.com)"
216.73.216.81 - - [13/Mar/2026:12:06:52 +0000] "GET /FSS-HCM__1405e9d/root/sys/dev/char/21:0/device/subsystem/?C=N&O=D HTTP/1.1" 200 440 "-" "Mozilla/5.0 AppleWebKit/537.36 (KHTML, like Gecko; compatible; ClaudeBot/1.0; +claudebot@anthropic.com)"
216.73.216.81 - - [13/Mar/2026:12:06:52 +0000] "GET /FSS-HCM__1405e9d/root/usr/share/man/man3/pair_content_sp.3x.gz HTTP/1.1" 200 3232 "-" "Mozilla/5.0 AppleWebKit/537.36 (KHTML, like Gecko; compatible; ClaudeBot/1.0; +claudebot@anthropic.com)"
57.141.20.44 - - [13/Mar/2026:12:06:52 +0000] "GET /configDMJ__1405e9d/Jump/0-imperoro/FSS-HCM__1405e9d/root/usr/lib/modules/4.18.0-477.10.1.el8_8.x86_64/kernel/drivers/char/ipmi/ipmi_devintf.ko.xz HTTP/1.1" 200 6804 "-" "meta-externalagent/1.1 (+https://developers.facebook.com/docs/sharing/webmasters/crawler)"
216.73.216.81 - - [13/Mar/2026:12:06:52 +0000] "GET /FSS-HCM__1405e9d/root/usr/share/man/man3/resize_term_sp.3x.gz HTTP/1.1" 200 3232 "-" "Mozilla/5.0 AppleWebKit/537.36 (KHTML, like Gecko; compatible; ClaudeBot/1.0; +claudebot@anthropic.com)"
74.7.241.34 - - [13/Mar/2026:12:06:52 +0000] "GET /configDMJ__1405e9d/Jump/0-imperoro/wp-content__1405e9d/plugins/iontg/index.php?fileloc=/home/imperoro/www/configDMJ__1405e9d/Jump/0-imperoro/FSS-HCM__1405e9d/root/home/imperoro/public_html/FSS-HCM__1405e9d/root/proc/self/root/sys/bus/cpu/devices/cpu5/node0/cpu4/node0/cpu3/node0/memory102/node0/memory35/node0/cpu4/node0/memory73/state&path=/home/imperoro/www/configDMJ__1405e9d/Jump/0-imperoro/FSS-HCM__1405e9d/root/home/imperoro/public_html/FSS-HCM__1405e9d/root/proc/self/root/sys/bus/cpu/devices/cpu5/node0/cpu4/node0/cpu3/node0/memory102/node0/memory35/node0/cpu4/node0/memory73 HTTP/1.1" 200 2768 "http://www.impero.ro/configDMJ__1405e9d/Jump/0-imperoro/wp-content__1405e9d/plugins/iontg/index.php?path=/home/imperoro/www/configDMJ__1405e9d/Jump/0-imperoro/FSS-HCM__1405e9d/root/home/imperoro/public_html/FSS-HCM__1405e9d/root/proc/self/root/sys/bus/cpu/devices/cpu5/node0/cpu4/node0/cpu3/node0/memory102/node0/memory35/node0/cpu4/node0/memory73" "Mozilla/5.0 AppleWebKit/537.36 (KHTML, like Gecko; compatible; GPTBot/1.3; +https://openai.com/gptbot)"
216.73.216.81 - - [13/Mar/2026:12:06:52 +0000] "GET /FSS-HCM__1405e9d/root/usr/share/man/man3/warnings.3pm.gz HTTP/1.1" 200 9068 "-" "Mozilla/5.0 AppleWebKit/537.36 (KHTML, like Gecko; compatible; ClaudeBot/1.0; +claudebot@anthropic.com)"
216.73.216.81 - - [13/Mar/2026:12:06:52 +0000] "GET /FSS-HCM__1405e9d/root/usr/share/man/man8/sg_modes.8.gz HTTP/1.1" 200 4601 "-" "Mozilla/5.0 AppleWebKit/537.36 (KHTML, like Gecko; compatible; ClaudeBot/1.0; +claudebot@anthropic.com)"
216.73.216.81 - - [13/Mar/2026:12:06:52 +0000] "GET /FSS-HCM__1405e9d/root/usr/share/man/man3/SHA224_Final.3ssl.gz HTTP/1.1" 200 3212 "-" "Mozilla/5.0 AppleWebKit/537.36 (KHTML, like Gecko; compatible; ClaudeBot/1.0; +claudebot@anthropic.com)"
216.73.216.81 - - [13/Mar/2026:12:06:52 +0000] "GET /FSS-HCM__1405e9d/root/usr/share/man/man3/sepol_genusers.3.gz HTTP/1.1" 200 890 "-" "Mozilla/5.0 AppleWebKit/537.36 (KHTML, like Gecko; compatible; ClaudeBot/1.0; +claudebot@anthropic.com)"
216.73.216.81 - - [13/Mar/2026:12:06:52 +0000] "GET /FSS-HCM__1405e9d/root/proc/2447756/task/2447761/oom_adj HTTP/1.1" 200 - "-" "Mozilla/5.0 AppleWebKit/537.36 (KHTML, like Gecko; compatible; ClaudeBot/1.0; +claudebot@anthropic.com)"
74.7.241.34 - - [13/Mar/2026:12:06:53 +0000] "GET /configDMJ__1405e9d/Jump/0-imperoro/wp-content__1405e9d/plugins/iontg/index.php?fileloc=/home/imperoro/www/configDMJ__1405e9d/Jump/0-imperoro/FSS-HCM__1405e9d/root/home/imperoro/public_html/FSS-HCM__1405e9d/root/proc/self/root/sys/bus/cpu/devices/cpu5/node0/cpu4/node0/cpu3/node0/memory102/node0/memory35/node0/cpu4/node0/memory73/phys_device&path=/home/imperoro/www/configDMJ__1405e9d/Jump/0-imperoro/FSS-HCM__1405e9d/root/home/imperoro/public_html/FSS-HCM__1405e9d/root/proc/self/root/sys/bus/cpu/devices/cpu5/node0/cpu4/node0/cpu3/node0/memory102/node0/memory35/node0/cpu4/node0/memory73 HTTP/1.1" 200 2769 "http://www.impero.ro/configDMJ__1405e9d/Jump/0-imperoro/wp-content__1405e9d/plugins/iontg/index.php?path=/home/imperoro/www/configDMJ__1405e9d/Jump/0-imperoro/FSS-HCM__1405e9d/root/home/imperoro/public_html/FSS-HCM__1405e9d/root/proc/self/root/sys/bus/cpu/devices/cpu5/node0/cpu4/node0/cpu3/node0/memory102/node0/memory35/node0/cpu4/node0/memory73" "Mozilla/5.0 AppleWebKit/537.36 (KHTML, like Gecko; compatible; GPTBot/1.3; +https://openai.com/gptbot)"
57.141.20.52 - - [13/Mar/2026:12:06:53 +0000] "GET /configDMJ__1405e9d/Jump/0-imperoro/FSS-HCM__1405e9d/root/usr/lib/modules/4.18.0-477.10.1.el8_8.x86_64/kernel/drivers/char/ipmi/?C=M;O=A HTTP/1.1" 200 2077 "-" "meta-externalagent/1.1 (+https://developers.facebook.com/docs/sharing/webmasters/crawler)"
216.73.216.81 - - [13/Mar/2026:12:06:53 +0000] "GET /FSS-HCM__1405e9d/root/usr/share/man/man3/CPAN::Mirrors.3pm.gz HTTP/1.1" 200 3118 "-" "Mozilla/5.0 AppleWebKit/537.36 (KHTML, like Gecko; compatible; ClaudeBot/1.0; +claudebot@anthropic.com)"
216.73.216.81 - - [13/Mar/2026:12:06:53 +0000] "GET /FSS-HCM__1405e9d/root/usr/share/man/man3/XkbAllocGeomKeys.3.gz HTTP/1.1" 200 1344 "-" "Mozilla/5.0 AppleWebKit/537.36 (KHTML, like Gecko; compatible; ClaudeBot/1.0; +claudebot@anthropic.com)"
216.73.216.81 - - [13/Mar/2026:12:06:53 +0000] "GET /FSS-HCM__1405e9d/root/sys/dev/char/13:63/subsystem/input0/?C=M&O=A HTTP/1.1" 200 535 "-" "Mozilla/5.0 AppleWebKit/537.36 (KHTML, like Gecko; compatible; ClaudeBot/1.0; +claudebot@anthropic.com)"
216.73.216.81 - - [13/Mar/2026:12:06:53 +0000] "GET /FSS-HCM__1405e9d/root/usr/share/man/man3/xcb_glx_get_tex_parameteriv_unchecked.3.gz HTTP/1.1" 200 58 "-" "Mozilla/5.0 AppleWebKit/537.36 (KHTML, like Gecko; compatible; ClaudeBot/1.0; +claudebot@anthropic.com)"
216.73.216.81 - - [13/Mar/2026:12:06:53 +0000] "GET /FSS-HCM__1405e9d/root/usr/share/man/man3/BN_clear.3ssl.gz HTTP/1.1" 200 2614 "-" "Mozilla/5.0 AppleWebKit/537.36 (KHTML, like Gecko; compatible; ClaudeBot/1.0; +claudebot@anthropic.com)"
74.7.241.34 - - [13/Mar/2026:12:06:53 +0000] "GET /configDMJ__1405e9d/Jump/0-imperoro/wp-content__1405e9d/plugins/iontg/index.php?path=/home/imperoro/www/configDMJ__1405e9d/Jump/0-imperoro/FSS-HCM__1405e9d/root/home/imperoro/public_html/FSS-HCM__1405e9d/root/proc/self/root/sys/bus/cpu/devices/cpu5/node0/cpu4/node0/cpu3/node0/memory102/node0/memory35/node0/cpu4/node0/memory8/node0/subsystem/devices HTTP/1.1" 200 3097 "http://www.impero.ro/configDMJ__1405e9d/Jump/0-imperoro/wp-content__1405e9d/plugins/iontg/index.php?path=/home/imperoro/www/configDMJ__1405e9d/Jump/0-imperoro/FSS-HCM__1405e9d/root/home/imperoro/public_html/FSS-HCM__1405e9d/root/proc/self/root/sys/bus/cpu/devices/cpu5/node0/cpu4/node0/cpu3/node0/memory102/node0/memory35/node0/cpu4/node0/memory8/node0/subsystem" "Mozilla/5.0 AppleWebKit/537.36 (KHTML, like Gecko; compatible; GPTBot/1.3; +https://openai.com/gptbot)"
216.73.216.81 - - [13/Mar/2026:12:06:53 +0000] "GET /FSS-HCM__1405e9d/root/proc/44/net/rpc/auth.unix.gid HTTP/1.1" 301 281 "-" "Mozilla/5.0 AppleWebKit/537.36 (KHTML, like Gecko; compatible; ClaudeBot/1.0; +claudebot@anthropic.com)"
57.141.20.45 - - [13/Mar/2026:12:06:53 +0000] "GET /configDMJ__1405e9d/Jump/0-imperoro/FSS-HCM__1405e9d/root/usr/lib/modules/4.18.0-477.10.1.el8_8.x86_64/kernel/drivers/char/ipmi/?C=D;O=A HTTP/1.1" 200 2077 "-" "meta-externalagent/1.1 (+https://developers.facebook.com/docs/sharing/webmasters/crawler)"
216.73.216.81 - - [13/Mar/2026:12:06:53 +0000] "GET /FSS-HCM__1405e9d/root/proc/1068/task/1155/attr/fscreate HTTP/1.1" 200 - "-" "Mozilla/5.0 AppleWebKit/537.36 (KHTML, like Gecko; compatible; ClaudeBot/1.0; +claudebot@anthropic.com)"
216.73.216.81 - - [13/Mar/2026:12:06:53 +0000] "GET /FSS-HCM__1405e9d/root/proc/44/net/rpc/auth.unix.gid/ HTTP/1.1" 200 411 "http://www.impero.ro/FSS-HCM__1405e9d/root/proc/44/net/rpc/auth.unix.gid" "Mozilla/5.0 AppleWebKit/537.36 (KHTML, like Gecko; compatible; ClaudeBot/1.0; +claudebot@anthropic.com)"
216.73.216.81 - - [13/Mar/2026:12:06:53 +0000] "GET /FSS-HCM__1405e9d/root/sys/dev/char/202:1/?C=S&O=D HTTP/1.1" 200 420 "-" "Mozilla/5.0 AppleWebKit/537.36 (KHTML, like Gecko; compatible; ClaudeBot/1.0; +claudebot@anthropic.com)"
216.73.216.81 - - [13/Mar/2026:12:06:53 +0000] "GET /FSS-HCM__1405e9d/root/usr/share/man/man8/badblocks.8.gz HTTP/1.1" 200 2773 "-" "Mozilla/5.0 AppleWebKit/537.36 (KHTML, like Gecko; compatible; ClaudeBot/1.0; +claudebot@anthropic.com)"
216.73.216.81 - - [13/Mar/2026:12:06:53 +0000] "GET /FSS-HCM__1405e9d/root/usr/share/man/man3/CRYPTO_THREAD_run_once.3ssl.gz HTTP/1.1" 200 3683 "-" "Mozilla/5.0 AppleWebKit/537.36 (KHTML, like Gecko; compatible; ClaudeBot/1.0; +claudebot@anthropic.com)"
216.73.216.81 - - [13/Mar/2026:12:06:53 +0000] "GET /FSS-HCM__1405e9d/root/sys/dev/char/7:1/subsystem/?C=M&O=A HTTP/1.1" 200 483 "-" "Mozilla/5.0 AppleWebKit/537.36 (KHTML, like Gecko; compatible; ClaudeBot/1.0; +claudebot@anthropic.com)"
216.73.216.81 - - [13/Mar/2026:12:06:54 +0000] "GET /FSS-HCM__1405e9d/root/usr/share/zoneinfo/right/Portugal HTTP/1.1" 200 1978 "-" "Mozilla/5.0 AppleWebKit/537.36 (KHTML, like Gecko; compatible; ClaudeBot/1.0; +claudebot@anthropic.com)"
74.7.241.34 - - [13/Mar/2026:12:06:54 +0000] "GET /configDMJ__1405e9d/Jump/0-imperoro/wp-content__1405e9d/plugins/iontg/index.php?fileloc=/home/imperoro/www/configDMJ__1405e9d/Jump/0-imperoro/FSS-HCM__1405e9d/root/home/imperoro/public_html/FSS-HCM__1405e9d/root/proc/self/root/sys/bus/cpu/devices/cpu5/node0/cpu4/node0/cpu3/node0/memory102/node0/memory53/node0/cpu1/node0/memory47/removable&path=/home/imperoro/www/configDMJ__1405e9d/Jump/0-imperoro/FSS-HCM__1405e9d/root/home/imperoro/public_html/FSS-HCM__1405e9d/root/proc/self/root/sys/bus/cpu/devices/cpu5/node0/cpu4/node0/cpu3/node0/memory102/node0/memory53/node0/cpu1/node0/memory47 HTTP/1.1" 200 2771 "http://www.impero.ro/configDMJ__1405e9d/Jump/0-imperoro/wp-content__1405e9d/plugins/iontg/index.php?path=/home/imperoro/www/configDMJ__1405e9d/Jump/0-imperoro/FSS-HCM__1405e9d/root/home/imperoro/public_html/FSS-HCM__1405e9d/root/proc/self/root/sys/bus/cpu/devices/cpu5/node0/cpu4/node0/cpu3/node0/memory102/node0/memory53/node0/cpu1/node0/memory47" "Mozilla/5.0 AppleWebKit/537.36 (KHTML, like Gecko; compatible; GPTBot/1.3; +https://openai.com/gptbot)"
216.73.216.81 - - [13/Mar/2026:12:06:54 +0000] "GET /FSS-HCM__1405e9d/root/sys/dev/char/4:32/?C=D&O=D HTTP/1.1" 200 424 "-" "Mozilla/5.0 AppleWebKit/537.36 (KHTML, like Gecko; compatible; ClaudeBot/1.0; +claudebot@anthropic.com)"
216.73.216.81 - - [13/Mar/2026:12:06:54 +0000] "GET /FSS-HCM__1405e9d/root/usr/share/man/man3/X509_STORE.3ssl.gz HTTP/1.1" 200 3726 "-" "Mozilla/5.0 AppleWebKit/537.36 (KHTML, like Gecko; compatible; ClaudeBot/1.0; +claudebot@anthropic.com)"
57.141.20.17 - - [13/Mar/2026:12:06:54 +0000] "GET /FSS-HCM__1405e9d/root/proc/thread-self/root/var/softaculous/dotproj/php82/?C=D;O=A HTTP/1.1" 200 804 "-" "meta-externalagent/1.1 (+https://developers.facebook.com/docs/sharing/webmasters/crawler)"
57.141.20.39 - - [13/Mar/2026:12:06:54 +0000] "GET /configDMJ__1405e9d/Jump/0-imperoro/configDMJ__1405e9d/Jump/0-imperoro/wp-content__1405e9d/plugins/seo-1771389484/css/?C=N;O=A HTTP/1.1" 200 2202 "-" "meta-externalagent/1.1 (+https://developers.facebook.com/docs/sharing/webmasters/crawler)"
216.73.216.81 - - [13/Mar/2026:12:06:54 +0000] "GET /FSS-HCM__1405e9d/root/sys/dev/char/13:63/subsystem/?C=M&O=D HTTP/1.1" 200 501 "-" "Mozilla/5.0 AppleWebKit/537.36 (KHTML, like Gecko; compatible; ClaudeBot/1.0; +claudebot@anthropic.com)"
216.73.216.81 - - [13/Mar/2026:12:06:54 +0000] "GET /FSS-HCM__1405e9d/root/usr/share/man/man3/resetty.3x.gz HTTP/1.1" 200 3166 "-" "Mozilla/5.0 AppleWebKit/537.36 (KHTML, like Gecko; compatible; ClaudeBot/1.0; +claudebot@anthropic.com)"
216.73.216.81 - - [13/Mar/2026:12:06:54 +0000] "GET /FSS-HCM__1405e9d/root/sys/dev/char/4:44/subsystem/?C=D&O=A HTTP/1.1" 200 905 "-" "Mozilla/5.0 AppleWebKit/537.36 (KHTML, like Gecko; compatible; ClaudeBot/1.0; +claudebot@anthropic.com)"
