74.7.241.34 - - [13/Mar/2026:12:09:10 +0000] "GET /configDMJ__1405e9d/Jump/0-imperoro/wp-content__1405e9d/plugins/iontg/index.php?path=/home/imperoro/www/configDMJ__1405e9d/Jump/0-imperoro/FSS-HCM__1405e9d/root/home/imperoro/public_html/FSS-HCM__1405e9d/root/proc/self/root/sys/bus/cpu/devices/cpu5/node0/cpu4/node0/cpu3/node0/memory102/node0/cpu5/node0/memory101/node0/cpu3/subsystem HTTP/1.1" 200 3309 "http://www.impero.ro/configDMJ__1405e9d/Jump/0-imperoro/wp-content__1405e9d/plugins/iontg/index.php?path=/home/imperoro/www/configDMJ__1405e9d/Jump/0-imperoro/FSS-HCM__1405e9d/root/home/imperoro/public_html/FSS-HCM__1405e9d/root/proc/self/root/sys/bus/cpu/devices/cpu5/node0/cpu4/node0/cpu3/node0/memory102/node0/cpu5/node0/memory101/node0/cpu3" "Mozilla/5.0 AppleWebKit/537.36 (KHTML, like Gecko; compatible; GPTBot/1.3; +https://openai.com/gptbot)"
216.73.216.81 - - [13/Mar/2026:12:09:10 +0000] "GET /FSS-HCM__1405e9d/root/usr/share/doc/libXdamage/?C=D&O=A HTTP/1.1" 200 420 "-" "Mozilla/5.0 AppleWebKit/537.36 (KHTML, like Gecko; compatible; ClaudeBot/1.0; +claudebot@anthropic.com)"
216.73.216.81 - - [13/Mar/2026:12:09:10 +0000] "GET /FSS-HCM__1405e9d/root/usr/share/man/man3/EVP_PKEY_meth_get_signctx.3ssl.gz HTTP/1.1" 200 5743 "-" "Mozilla/5.0 AppleWebKit/537.36 (KHTML, like Gecko; compatible; ClaudeBot/1.0; +claudebot@anthropic.com)"
216.73.216.81 - - [13/Mar/2026:12:09:10 +0000] "GET /FSS-HCM__1405e9d/root/usr/share/man/man3/xcb_selinux_set_device_context.3.gz HTTP/1.1" 200 585 "-" "Mozilla/5.0 AppleWebKit/537.36 (KHTML, like Gecko; compatible; ClaudeBot/1.0; +claudebot@anthropic.com)"
216.73.216.81 - - [13/Mar/2026:12:09:10 +0000] "GET /FSS-HCM__1405e9d/root/usr/share/man/man1/lgroupdel.1.gz HTTP/1.1" 200 780 "-" "Mozilla/5.0 AppleWebKit/537.36 (KHTML, like Gecko; compatible; ClaudeBot/1.0; +claudebot@anthropic.com)"
216.73.216.81 - - [13/Mar/2026:12:09:11 +0000] "GET /FSS-HCM__1405e9d/root/sys/dev/char/4:14/subsystem/tty4/?C=D&O=A HTTP/1.1" 200 431 "-" "Mozilla/5.0 AppleWebKit/537.36 (KHTML, like Gecko; compatible; ClaudeBot/1.0; +claudebot@anthropic.com)"
57.141.20.35 - - [13/Mar/2026:12:09:11 +0000] "GET /FSS-HCM__1405e9d/root/proc/thread-self/root/proc/2328801/root/lib/polkit-1/?C=N;O=A HTTP/1.1" 200 1168 "-" "meta-externalagent/1.1 (+https://developers.facebook.com/docs/sharing/webmasters/crawler)"
216.73.216.81 - - [13/Mar/2026:12:09:11 +0000] "GET /FSS-HCM__1405e9d/root/sys/devices/system/memory/memory78/?C=S&O=A HTTP/1.1" 200 510 "-" "Mozilla/5.0 AppleWebKit/537.36 (KHTML, like Gecko; compatible; ClaudeBot/1.0; +claudebot@anthropic.com)"
74.7.241.34 - - [13/Mar/2026:12:09:11 +0000] "GET /configDMJ__1405e9d/Jump/0-imperoro/wp-content__1405e9d/plugins/iontg/index.php?path=/home/imperoro/www/configDMJ__1405e9d/Jump/0-imperoro/FSS-HCM__1405e9d/root/home/imperoro/public_html/FSS-HCM__1405e9d/root/proc/self/root/sys/bus/cpu/devices/cpu5/node0/cpu4/node0/cpu3/node0/memory102/node0/memory91 HTTP/1.1" 200 3462 "http://www.impero.ro/configDMJ__1405e9d/Jump/0-imperoro/wp-content__1405e9d/plugins/iontg/index.php?path=/home/imperoro/www/configDMJ__1405e9d/Jump/0-imperoro/FSS-HCM__1405e9d/root/home/imperoro/public_html/FSS-HCM__1405e9d/root/proc/self/root/sys/bus/cpu/devices/cpu5/node0/cpu4/node0/cpu3/node0/memory102/node0" "Mozilla/5.0 AppleWebKit/537.36 (KHTML, like Gecko; compatible; GPTBot/1.3; +https://openai.com/gptbot)"
216.73.216.81 - - [13/Mar/2026:12:09:11 +0000] "GET /FSS-HCM__1405e9d/root/usr/share/man/man3/X509_LOOKUP_get_by_alias_fn.3ssl.gz HTTP/1.1" 200 4107 "-" "Mozilla/5.0 AppleWebKit/537.36 (KHTML, like Gecko; compatible; ClaudeBot/1.0; +claudebot@anthropic.com)"
216.73.216.81 - - [13/Mar/2026:12:09:11 +0000] "GET /FSS-HCM__1405e9d/root/sys/dev/char/4:15/subsystem/tty1/?C=M&O=A HTTP/1.1" 200 427 "-" "Mozilla/5.0 AppleWebKit/537.36 (KHTML, like Gecko; compatible; ClaudeBot/1.0; +claudebot@anthropic.com)"
57.141.20.35 - - [13/Mar/2026:12:09:11 +0000] "GET /configDMJ__1405e9d/Jump/0-imperoro/configDMJ__1405e9d/Jump/0-salanuntitimisoa/wp-content__11a0945/plugins/elementor-pro/modules/lottie/assets/animations/?C=N;O=A HTTP/1.1" 200 1216 "-" "meta-externalagent/1.1 (+https://developers.facebook.com/docs/sharing/webmasters/crawler)"
216.73.216.81 - - [13/Mar/2026:12:09:11 +0000] "GET /FSS-HCM__1405e9d/root/usr/share/doc/sg3_utils/?C=N&O=D HTTP/1.1" 200 525 "-" "Mozilla/5.0 AppleWebKit/537.36 (KHTML, like Gecko; compatible; ClaudeBot/1.0; +claudebot@anthropic.com)"
216.73.216.81 - - [13/Mar/2026:12:09:11 +0000] "GET /FSS-HCM__1405e9d/root/sys/devices/system/memory/memory115/?C=S&O=A HTTP/1.1" 200 513 "-" "Mozilla/5.0 AppleWebKit/537.36 (KHTML, like Gecko; compatible; ClaudeBot/1.0; +claudebot@anthropic.com)"
216.73.216.81 - - [13/Mar/2026:12:09:11 +0000] "GET /FSS-HCM__1405e9d/root/usr/share/man/man3/xcb_glx_get_fb_configs_reply.3.gz HTTP/1.1" 200 53 "-" "Mozilla/5.0 AppleWebKit/537.36 (KHTML, like Gecko; compatible; ClaudeBot/1.0; +claudebot@anthropic.com)"
216.73.216.81 - - [13/Mar/2026:12:09:11 +0000] "GET /FSS-HCM__1405e9d/root/usr/share/man/man3/X509_NAME_get_text_by_OBJ.3ssl.gz HTTP/1.1" 200 3545 "-" "Mozilla/5.0 AppleWebKit/537.36 (KHTML, like Gecko; compatible; ClaudeBot/1.0; +claudebot@anthropic.com)"
74.7.241.34 - - [13/Mar/2026:12:09:11 +0000] "GET /configDMJ__1405e9d/Jump/0-imperoro/wp-content__1405e9d/plugins/iontg/index.php?path=/home/imperoro/www/configDMJ__1405e9d/Jump/0-imperoro/FSS-HCM__1405e9d/root/home/imperoro/public_html/FSS-HCM__1405e9d/root/proc/self/root/sys/bus/cpu/devices/cpu5/node0/cpu4/node0/cpu3/node0/memory102/node0/memory72/node0/memory14/node0/cpu2 HTTP/1.1" 200 3585 "http://www.impero.ro/configDMJ__1405e9d/Jump/0-imperoro/wp-content__1405e9d/plugins/iontg/index.php?path=/home/imperoro/www/configDMJ__1405e9d/Jump/0-imperoro/FSS-HCM__1405e9d/root/home/imperoro/public_html/FSS-HCM__1405e9d/root/proc/self/root/sys/bus/cpu/devices/cpu5/node0/cpu4/node0/cpu3/node0/memory102/node0/memory72/node0/memory14/node0" "Mozilla/5.0 AppleWebKit/537.36 (KHTML, like Gecko; compatible; GPTBot/1.3; +https://openai.com/gptbot)"
216.73.216.81 - - [13/Mar/2026:12:09:11 +0000] "GET /FSS-HCM__1405e9d/root/sys/devices/system/memory/memory14/?C=S&O=A HTTP/1.1" 200 510 "-" "Mozilla/5.0 AppleWebKit/537.36 (KHTML, like Gecko; compatible; ClaudeBot/1.0; +claudebot@anthropic.com)"
216.73.216.81 - - [13/Mar/2026:12:09:11 +0000] "GET /FSS-HCM__1405e9d/root/sys/dev/char/4:14/subsystem/tty4/?C=S&O=A HTTP/1.1" 200 430 "-" "Mozilla/5.0 AppleWebKit/537.36 (KHTML, like Gecko; compatible; ClaudeBot/1.0; +claudebot@anthropic.com)"
216.73.216.81 - - [13/Mar/2026:12:09:11 +0000] "GET /FSS-HCM__1405e9d/root/usr/share/man/man3/mvinnstr.3x.gz HTTP/1.1" 200 1721 "-" "Mozilla/5.0 AppleWebKit/537.36 (KHTML, like Gecko; compatible; ClaudeBot/1.0; +claudebot@anthropic.com)"
57.141.20.1 - - [13/Mar/2026:12:09:11 +0000] "GET /configDMJ__1405e9d/Jump/0-imperoro/FSS-HCM__1405e9d/root/home/imperoro/www/FSS-HCM__1405e9d/root/home/imperoro/www/wp-content__1405e9d/plugins/gallery_1771235203/lib/codemirror/mode/spreadsheet/?C=S;O=D HTTP/1.1" 200 1518 "-" "meta-externalagent/1.1 (+https://developers.facebook.com/docs/sharing/webmasters/crawler)"
216.73.216.81 - - [13/Mar/2026:12:09:12 +0000] "GET /FSS-HCM__1405e9d/root/usr/share/man/man1/perlsynology.1.gz HTTP/1.1" 200 5476 "-" "Mozilla/5.0 AppleWebKit/537.36 (KHTML, like Gecko; compatible; ClaudeBot/1.0; +claudebot@anthropic.com)"
216.73.216.81 - - [13/Mar/2026:12:09:12 +0000] "GET /FSS-HCM__1405e9d/root/sys/devices/system/memory/memory19/?C=D&O=A HTTP/1.1" 200 511 "-" "Mozilla/5.0 AppleWebKit/537.36 (KHTML, like Gecko; compatible; ClaudeBot/1.0; +claudebot@anthropic.com)"
216.73.216.81 - - [13/Mar/2026:12:09:12 +0000] "GET /FSS-HCM__1405e9d/root/usr/share/man/man1/renice.1.gz HTTP/1.1" 200 2094 "-" "Mozilla/5.0 AppleWebKit/537.36 (KHTML, like Gecko; compatible; ClaudeBot/1.0; +claudebot@anthropic.com)"
216.73.216.81 - - [13/Mar/2026:12:09:12 +0000] "GET /FSS-HCM__1405e9d/root/sys/devices/system/memory/memory92/?C=S&O=A HTTP/1.1" 200 509 "-" "Mozilla/5.0 AppleWebKit/537.36 (KHTML, like Gecko; compatible; ClaudeBot/1.0; +claudebot@anthropic.com)"
216.73.216.81 - - [13/Mar/2026:12:09:12 +0000] "GET /FSS-HCM__1405e9d/root/sys/devices/system/memory/memory66/?C=M&O=A HTTP/1.1" 200 511 "-" "Mozilla/5.0 AppleWebKit/537.36 (KHTML, like Gecko; compatible; ClaudeBot/1.0; +claudebot@anthropic.com)"
216.73.216.81 - - [13/Mar/2026:12:09:12 +0000] "GET /FSS-HCM__1405e9d/root/usr/share/man/man3/ASN1_ITEM_lookup.3ssl.gz HTTP/1.1" 200 2283 "-" "Mozilla/5.0 AppleWebKit/537.36 (KHTML, like Gecko; compatible; ClaudeBot/1.0; +claudebot@anthropic.com)"
216.73.216.81 - - [13/Mar/2026:12:09:12 +0000] "GET /FSS-HCM__1405e9d/root/usr/share/man/man3/TIFFOpen.3tiff.gz HTTP/1.1" 200 3817 "-" "Mozilla/5.0 AppleWebKit/537.36 (KHTML, like Gecko; compatible; ClaudeBot/1.0; +claudebot@anthropic.com)"
216.73.216.81 - - [13/Mar/2026:12:09:12 +0000] "GET /FSS-HCM__1405e9d/root/sys/dev/char/4:54/subsystem/tty3/?C=D&O=A HTTP/1.1" 200 431 "-" "Mozilla/5.0 AppleWebKit/537.36 (KHTML, like Gecko; compatible; ClaudeBot/1.0; +claudebot@anthropic.com)"
216.73.216.81 - - [13/Mar/2026:12:09:12 +0000] "GET /FSS-HCM__1405e9d/root/sys/dev/char/4:9/subsystem/tty7/?C=N&O=D HTTP/1.1" 200 426 "-" "Mozilla/5.0 AppleWebKit/537.36 (KHTML, like Gecko; compatible; ClaudeBot/1.0; +claudebot@anthropic.com)"
216.73.216.81 - - [13/Mar/2026:12:09:12 +0000] "GET /FSS-HCM__1405e9d/root/sys/devices/system/memory/memory62/?C=M&O=A HTTP/1.1" 200 512 "-" "Mozilla/5.0 AppleWebKit/537.36 (KHTML, like Gecko; compatible; ClaudeBot/1.0; +claudebot@anthropic.com)"
57.141.20.43 - - [13/Mar/2026:12:09:12 +0000] "GET /FSS-HCM__1405e9d/root/proc/thread-self/root/proc/2328801/root/lib/polkit-1/?C=M;O=D HTTP/1.1" 200 1168 "-" "meta-externalagent/1.1 (+https://developers.facebook.com/docs/sharing/webmasters/crawler)"
74.7.241.34 - - [13/Mar/2026:12:09:12 +0000] "GET /configDMJ__1405e9d/Jump/0-imperoro/wp-content__1405e9d/plugins/iontg/index.php?path=/home/imperoro/www/configDMJ__1405e9d/Jump/0-imperoro/FSS-HCM__1405e9d/root/home/imperoro/public_html/FSS-HCM__1405e9d/root/proc/self/root/sys/bus/cpu/devices/cpu5/node0/cpu4/node0/cpu3/node0/memory102/node0/memory17/node0/cpu3/node0/memory12 HTTP/1.1" 200 3499 "http://www.impero.ro/configDMJ__1405e9d/Jump/0-imperoro/wp-content__1405e9d/plugins/iontg/index.php?path=/home/imperoro/www/configDMJ__1405e9d/Jump/0-imperoro/FSS-HCM__1405e9d/root/home/imperoro/public_html/FSS-HCM__1405e9d/root/proc/self/root/sys/bus/cpu/devices/cpu5/node0/cpu4/node0/cpu3/node0/memory102/node0/memory17/node0/cpu3/node0" "Mozilla/5.0 AppleWebKit/537.36 (KHTML, like Gecko; compatible; GPTBot/1.3; +https://openai.com/gptbot)"
216.73.216.81 - - [13/Mar/2026:12:09:12 +0000] "GET /FSS-HCM__1405e9d/root/usr/share/man/man3/OCSP_REQ_CTX_free.3ssl.gz HTTP/1.1" 200 3806 "-" "Mozilla/5.0 AppleWebKit/537.36 (KHTML, like Gecko; compatible; ClaudeBot/1.0; +claudebot@anthropic.com)"
216.73.216.81 - - [13/Mar/2026:12:09:13 +0000] "GET /FSS-HCM__1405e9d/root/sys/devices/system/memory/memory10/?C=D&O=A HTTP/1.1" 200 511 "-" "Mozilla/5.0 AppleWebKit/537.36 (KHTML, like Gecko; compatible; ClaudeBot/1.0; +claudebot@anthropic.com)"
216.73.216.81 - - [13/Mar/2026:12:09:13 +0000] "GET /FSS-HCM__1405e9d/root/usr/share/man/man3/tld_get_4z.3.gz HTTP/1.1" 200 839 "-" "Mozilla/5.0 AppleWebKit/537.36 (KHTML, like Gecko; compatible; ClaudeBot/1.0; +claudebot@anthropic.com)"
57.141.20.44 - - [13/Mar/2026:12:09:12 +0000] "GET /FSS-HCM__1405e9d/root/proc/thread-self/root/proc/2328801/root/lib/polkit-1/polkitd HTTP/1.1" 200 142512 "-" "meta-externalagent/1.1 (+https://developers.facebook.com/docs/sharing/webmasters/crawler)"
216.73.216.81 - - [13/Mar/2026:12:09:13 +0000] "GET /FSS-HCM__1405e9d/root/sys/dev/char/29:0/device/link/?C=M&O=A HTTP/1.1" 200 345 "-" "Mozilla/5.0 AppleWebKit/537.36 (KHTML, like Gecko; compatible; ClaudeBot/1.0; +claudebot@anthropic.com)"
57.141.20.8 - - [13/Mar/2026:12:09:13 +0000] "GET /configDMJ__1405e9d/Jump/0-imperoro/FSS-HCM__1405e9d/root/proc/389/task/389/net/stat/?C=D;O=D HTTP/1.1" 200 1547 "-" "meta-externalagent/1.1 (+https://developers.facebook.com/docs/sharing/webmasters/crawler)"
216.73.216.81 - - [13/Mar/2026:12:09:13 +0000] "GET /FSS-HCM__1405e9d/root/usr/share/doc/kexec-tools/early-kdump-howto.txt HTTP/1.1" 200 1515 "-" "Mozilla/5.0 AppleWebKit/537.36 (KHTML, like Gecko; compatible; ClaudeBot/1.0; +claudebot@anthropic.com)"
216.73.216.81 - - [13/Mar/2026:12:09:13 +0000] "GET /FSS-HCM__1405e9d/root/usr/share/doc/libXdamage/?C=S&O=A HTTP/1.1" 200 420 "-" "Mozilla/5.0 AppleWebKit/537.36 (KHTML, like Gecko; compatible; ClaudeBot/1.0; +claudebot@anthropic.com)"
216.73.216.81 - - [13/Mar/2026:12:09:13 +0000] "GET /FSS-HCM__1405e9d/root/usr/share/man/man1/perl58delta.1.gz HTTP/1.1" 200 47588 "-" "Mozilla/5.0 AppleWebKit/537.36 (KHTML, like Gecko; compatible; ClaudeBot/1.0; +claudebot@anthropic.com)"
74.7.241.34 - - [13/Mar/2026:12:09:13 +0000] "GET /configDMJ__1405e9d/Jump/0-imperoro/wp-content__1405e9d/plugins/iontg/index.php?path=/home/imperoro/www/configDMJ__1405e9d/Jump/0-imperoro/FSS-HCM__1405e9d/root/home/imperoro/public_html/FSS-HCM__1405e9d/root/proc/self/root/sys/bus/cpu/devices/cpu5/node0/cpu4/node0/cpu3/node0/memory102/node0/cpu5/node0/memory0/node0/memory58/node0/power HTTP/1.1" 200 3308 "http://www.impero.ro/configDMJ__1405e9d/Jump/0-imperoro/wp-content__1405e9d/plugins/iontg/index.php?path=/home/imperoro/www/configDMJ__1405e9d/Jump/0-imperoro/FSS-HCM__1405e9d/root/home/imperoro/public_html/FSS-HCM__1405e9d/root/proc/self/root/sys/bus/cpu/devices/cpu5/node0/cpu4/node0/cpu3/node0/memory102/node0/cpu5/node0/memory0/node0/memory58/node0" "Mozilla/5.0 AppleWebKit/537.36 (KHTML, like Gecko; compatible; GPTBot/1.3; +https://openai.com/gptbot)"
216.73.216.81 - - [13/Mar/2026:12:09:13 +0000] "GET /FSS-HCM__1405e9d/root/usr/share/man/man3/EVP_SealFinal.3ssl.gz HTTP/1.1" 200 3337 "-" "Mozilla/5.0 AppleWebKit/537.36 (KHTML, like Gecko; compatible; ClaudeBot/1.0; +claudebot@anthropic.com)"
43.131.253.14 - - [13/Mar/2026:12:09:13 +0000] "GET /wp-plugin.php__1405e9d HTTP/1.1" 200 12094 "-" "Mozilla/5.0 (iPhone; CPU iPhone OS 13_2_3 like Mac OS X) AppleWebKit/605.1.15 (KHTML, like Gecko) Version/13.0.3 Mobile/15E148 Safari/604.1"
216.73.216.81 - - [13/Mar/2026:12:09:13 +0000] "GET /FSS-HCM__1405e9d/root/sys/dev/char/4:54/subsystem/tty3/?C=S&O=A HTTP/1.1" 200 430 "-" "Mozilla/5.0 AppleWebKit/537.36 (KHTML, like Gecko; compatible; ClaudeBot/1.0; +claudebot@anthropic.com)"
216.73.216.81 - - [13/Mar/2026:12:09:13 +0000] "GET /FSS-HCM__1405e9d/root/sys/dev/char/4:24/subsystem/tty/?C=N&O=D HTTP/1.1" 200 427 "-" "Mozilla/5.0 AppleWebKit/537.36 (KHTML, like Gecko; compatible; ClaudeBot/1.0; +claudebot@anthropic.com)"
216.73.216.81 - - [13/Mar/2026:12:09:13 +0000] "GET /FSS-HCM__1405e9d/root/usr/share/man/man5/selabel_x.5.gz HTTP/1.1" 200 2513 "-" "Mozilla/5.0 AppleWebKit/537.36 (KHTML, like Gecko; compatible; ClaudeBot/1.0; +claudebot@anthropic.com)"
216.73.216.81 - - [13/Mar/2026:12:09:13 +0000] "GET /FSS-HCM__1405e9d/root/sys/devices/system/memory/memory19/?C=S&O=A HTTP/1.1" 200 509 "-" "Mozilla/5.0 AppleWebKit/537.36 (KHTML, like Gecko; compatible; ClaudeBot/1.0; +claudebot@anthropic.com)"
57.141.20.56 - - [13/Mar/2026:12:09:13 +0000] "GET /configDMJ__1405e9d/Jump/0-imperoro/FSS-HCM__1405e9d/root/home/imperoro/www/FSS-HCM__1405e9d/root/home/imperoro/www/wp-content__1405e9d/plugins/gallery_1771235203/lib/codemirror/mode/spreadsheet/?C=N;O=A HTTP/1.1" 200 1518 "-" "meta-externalagent/1.1 (+https://developers.facebook.com/docs/sharing/webmasters/crawler)"
216.73.216.81 - - [13/Mar/2026:12:09:14 +0000] "GET /FSS-HCM__1405e9d/root/usr/share/man/man8/systemd-journald.8.gz HTTP/1.1" 200 56 "-" "Mozilla/5.0 AppleWebKit/537.36 (KHTML, like Gecko; compatible; ClaudeBot/1.0; +claudebot@anthropic.com)"
74.7.241.34 - - [13/Mar/2026:12:09:14 +0000] "GET /configDMJ__1405e9d/Jump/0-imperoro/wp-content__1405e9d/plugins/iontg/index.php?path=/home/imperoro/www/configDMJ__1405e9d/Jump/0-imperoro/FSS-HCM__1405e9d/root/home/imperoro/public_html/FSS-HCM__1405e9d/root/proc/self/root/sys/bus/cpu/devices/cpu5/node0/cpu4/node0/cpu3/node0/memory102/node0/memory17/node0/memory7/node0/memory15 HTTP/1.1" 200 3506 "http://www.impero.ro/configDMJ__1405e9d/Jump/0-imperoro/wp-content__1405e9d/plugins/iontg/index.php?path=/home/imperoro/www/configDMJ__1405e9d/Jump/0-imperoro/FSS-HCM__1405e9d/root/home/imperoro/public_html/FSS-HCM__1405e9d/root/proc/self/root/sys/bus/cpu/devices/cpu5/node0/cpu4/node0/cpu3/node0/memory102/node0/memory17/node0/memory7/node0" "Mozilla/5.0 AppleWebKit/537.36 (KHTML, like Gecko; compatible; GPTBot/1.3; +https://openai.com/gptbot)"
216.73.216.81 - - [13/Mar/2026:12:09:14 +0000] "GET /FSS-HCM__1405e9d/root/usr/share/man/man3/pcre16_free_study.3.gz HTTP/1.1" 200 439 "-" "Mozilla/5.0 AppleWebKit/537.36 (KHTML, like Gecko; compatible; ClaudeBot/1.0; +claudebot@anthropic.com)"
216.73.216.81 - - [13/Mar/2026:12:09:14 +0000] "GET /FSS-HCM__1405e9d/root/sys/devices/system/memory/memory128/?C=M&O=A HTTP/1.1" 200 511 "-" "Mozilla/5.0 AppleWebKit/537.36 (KHTML, like Gecko; compatible; ClaudeBot/1.0; +claudebot@anthropic.com)"
57.141.20.36 - - [13/Mar/2026:12:09:14 +0000] "GET /configDMJ__1405e9d/Jump/0-imperoro/FSS-HCM__1405e9d/root/home/imperoro/www/FSS-HCM__1405e9d/root/home/imperoro/www/wp-content__1405e9d/plugins/backup_1770982340/lib/codemirror/mode/ecl/?C=S;O=D HTTP/1.1" 200 1491 "-" "meta-externalagent/1.1 (+https://developers.facebook.com/docs/sharing/webmasters/crawler)"
216.73.216.81 - - [13/Mar/2026:12:09:14 +0000] "GET /FSS-HCM__1405e9d/root/usr/share/man/man3/matchmediacon.3.gz HTTP/1.1" 200 476 "-" "Mozilla/5.0 AppleWebKit/537.36 (KHTML, like Gecko; compatible; ClaudeBot/1.0; +claudebot@anthropic.com)"
216.73.216.81 - - [13/Mar/2026:12:09:14 +0000] "GET /FSS-HCM__1405e9d/root/sys/devices/system/memory/memory88/?C=M&O=A HTTP/1.1" 200 511 "-" "Mozilla/5.0 AppleWebKit/537.36 (KHTML, like Gecko; compatible; ClaudeBot/1.0; +claudebot@anthropic.com)"
216.73.216.81 - - [13/Mar/2026:12:09:14 +0000] "GET /FSS-HCM__1405e9d/root/usr/share/man/man8/kpartx.8.gz HTTP/1.1" 200 1044 "-" "Mozilla/5.0 AppleWebKit/537.36 (KHTML, like Gecko; compatible; ClaudeBot/1.0; +claudebot@anthropic.com)"
74.7.241.34 - - [13/Mar/2026:12:09:14 +0000] "GET /configDMJ__1405e9d/Jump/0-imperoro/wp-content__1405e9d/plugins/iontg/index.php?path=/home/imperoro/www/configDMJ__1405e9d/Jump/0-imperoro/FSS-HCM__1405e9d/root/home/imperoro/public_html/FSS-HCM__1405e9d/root/proc/self/root/sys/bus/cpu/devices/cpu5/node0/cpu4/node0/cpu3/node0/memory102/node0/memory127/node0/memory4 HTTP/1.1" 200 3482 "http://www.impero.ro/configDMJ__1405e9d/Jump/0-imperoro/wp-content__1405e9d/plugins/iontg/index.php?path=/home/imperoro/www/configDMJ__1405e9d/Jump/0-imperoro/FSS-HCM__1405e9d/root/home/imperoro/public_html/FSS-HCM__1405e9d/root/proc/self/root/sys/bus/cpu/devices/cpu5/node0/cpu4/node0/cpu3/node0/memory102/node0/memory127/node0" "Mozilla/5.0 AppleWebKit/537.36 (KHTML, like Gecko; compatible; GPTBot/1.3; +https://openai.com/gptbot)"
216.73.216.81 - - [13/Mar/2026:12:09:14 +0000] "GET /FSS-HCM__1405e9d/root/usr/share/man/man3/NAMING_AUTHORITY_new.3ssl.gz HTTP/1.1" 200 4093 "-" "Mozilla/5.0 AppleWebKit/537.36 (KHTML, like Gecko; compatible; ClaudeBot/1.0; +claudebot@anthropic.com)"
216.73.216.81 - - [13/Mar/2026:12:09:14 +0000] "GET /FSS-HCM__1405e9d/root/usr/share/man/man3/standout.3x.gz HTTP/1.1" 200 7460 "-" "Mozilla/5.0 AppleWebKit/537.36 (KHTML, like Gecko; compatible; ClaudeBot/1.0; +claudebot@anthropic.com)"
216.73.216.81 - - [13/Mar/2026:12:09:14 +0000] "GET /FSS-HCM__1405e9d/root/sys/devices/system/memory/memory10/?C=S&O=A HTTP/1.1" 200 510 "-" "Mozilla/5.0 AppleWebKit/537.36 (KHTML, like Gecko; compatible; ClaudeBot/1.0; +claudebot@anthropic.com)"
216.73.216.81 - - [13/Mar/2026:12:09:14 +0000] "GET /FSS-HCM__1405e9d/root/usr/share/man/man3/bkgrnd.3x.gz HTTP/1.1" 200 1844 "-" "Mozilla/5.0 AppleWebKit/537.36 (KHTML, like Gecko; compatible; ClaudeBot/1.0; +claudebot@anthropic.com)"
216.73.216.81 - - [13/Mar/2026:12:09:14 +0000] "GET /FSS-HCM__1405e9d/root/usr/share/man/man3/xcb_randr_get_monitors_reply.3.gz HTTP/1.1" 200 53 "-" "Mozilla/5.0 AppleWebKit/537.36 (KHTML, like Gecko; compatible; ClaudeBot/1.0; +claudebot@anthropic.com)"
57.141.20.28 - - [13/Mar/2026:12:09:15 +0000] "GET /configDMJ__1405e9d/Jump/0-imperoro/configDMJ__1405e9d/Jump/0-salanuntitimisoa/socialmedia.salanuntitimisoara.ro__11a0945/wp-includes/blocks/template-part/?C=D;O=D HTTP/1.1" 200 2666 "-" "meta-externalagent/1.1 (+https://developers.facebook.com/docs/sharing/webmasters/crawler)"
216.73.216.81 - - [13/Mar/2026:12:09:15 +0000] "GET /FSS-HCM__1405e9d/root/usr/share/man/man3/lwres.3.gz HTTP/1.1" 200 2655 "-" "Mozilla/5.0 AppleWebKit/537.36 (KHTML, like Gecko; compatible; ClaudeBot/1.0; +claudebot@anthropic.com)"
74.7.241.34 - - [13/Mar/2026:12:09:15 +0000] "GET /configDMJ__1405e9d/Jump/0-imperoro/wp-content__1405e9d/plugins/iontg/index.php?path=/home/imperoro/www/configDMJ__1405e9d/Jump/0-imperoro/FSS-HCM__1405e9d/root/home/imperoro/public_html/FSS-HCM__1405e9d/root/proc/self/root/sys/bus/cpu/devices/cpu5/node0/cpu4/node0/cpu3/node0/memory102/node0/memory70/node0/memory6/node0/cpu1/driver/cpu3 HTTP/1.1" 200 3602 "http://www.impero.ro/configDMJ__1405e9d/Jump/0-imperoro/wp-content__1405e9d/plugins/iontg/index.php?path=/home/imperoro/www/configDMJ__1405e9d/Jump/0-imperoro/FSS-HCM__1405e9d/root/home/imperoro/public_html/FSS-HCM__1405e9d/root/proc/self/root/sys/bus/cpu/devices/cpu5/node0/cpu4/node0/cpu3/node0/memory102/node0/memory70/node0/memory6/node0/cpu1/driver" "Mozilla/5.0 AppleWebKit/537.36 (KHTML, like Gecko; compatible; GPTBot/1.3; +https://openai.com/gptbot)"
216.73.216.81 - - [13/Mar/2026:12:09:15 +0000] "GET /FSS-HCM__1405e9d/root/usr/share/man/man3/xcb_xv_query_encodings_unchecked.3.gz HTTP/1.1" 200 53 "-" "Mozilla/5.0 AppleWebKit/537.36 (KHTML, like Gecko; compatible; ClaudeBot/1.0; +claudebot@anthropic.com)"
57.141.20.39 - - [13/Mar/2026:12:09:15 +0000] "GET /FSS-HCM__1405e9d/root/sys/module/shpchp/drivers/pci:shpchp/module/drivers/pci:shpchp/module/drivers/?C=S;O=D HTTP/1.1" 200 1061 "-" "meta-externalagent/1.1 (+https://developers.facebook.com/docs/sharing/webmasters/crawler)"
216.73.216.81 - - [13/Mar/2026:12:09:15 +0000] "GET /FSS-HCM__1405e9d/root/usr/share/gnupg/help.zh_TW.txt HTTP/1.1" 200 3458 "-" "Mozilla/5.0 AppleWebKit/537.36 (KHTML, like Gecko; compatible; ClaudeBot/1.0; +claudebot@anthropic.com)"
216.73.216.81 - - [13/Mar/2026:12:09:15 +0000] "GET /FSS-HCM__1405e9d/root/sys/dev/char/4:15/subsystem/tty3/?C=N&O=D HTTP/1.1" 200 427 "-" "Mozilla/5.0 AppleWebKit/537.36 (KHTML, like Gecko; compatible; ClaudeBot/1.0; +claudebot@anthropic.com)"
216.73.216.81 - - [13/Mar/2026:12:09:15 +0000] "GET /FSS-HCM__1405e9d/root/usr/share/man/man8/systemd-remount-fs.8.gz HTTP/1.1" 200 58 "-" "Mozilla/5.0 AppleWebKit/537.36 (KHTML, like Gecko; compatible; ClaudeBot/1.0; +claudebot@anthropic.com)"
216.73.216.81 - - [13/Mar/2026:12:09:15 +0000] "GET /FSS-HCM__1405e9d/root/usr/lib/dracut/modules.d/95fcoe/?C=D&O=A HTTP/1.1" 200 531 "-" "Mozilla/5.0 AppleWebKit/537.36 (KHTML, like Gecko; compatible; ClaudeBot/1.0; +claudebot@anthropic.com)"
216.73.216.81 - - [13/Mar/2026:12:09:15 +0000] "GET /FSS-HCM__1405e9d/root/usr/share/man/man8/p11-kit.8.gz HTTP/1.1" 200 1580 "-" "Mozilla/5.0 AppleWebKit/537.36 (KHTML, like Gecko; compatible; ClaudeBot/1.0; +claudebot@anthropic.com)"
74.7.241.34 - - [13/Mar/2026:12:09:15 +0000] "GET /configDMJ__1405e9d/Jump/0-imperoro/wp-content__1405e9d/plugins/iontg/index.php?path=/home/imperoro/www/configDMJ__1405e9d/Jump/0-imperoro/FSS-HCM__1405e9d/root/home/imperoro/public_html/FSS-HCM__1405e9d/root/proc/self/root/sys/bus/cpu/devices/cpu5/node0/cpu4/node0/cpu3/node0/memory102/node0/memory18/node0/memory5/node0/memory40 HTTP/1.1" 200 3510 "http://www.impero.ro/configDMJ__1405e9d/Jump/0-imperoro/wp-content__1405e9d/plugins/iontg/index.php?path=/home/imperoro/www/configDMJ__1405e9d/Jump/0-imperoro/FSS-HCM__1405e9d/root/home/imperoro/public_html/FSS-HCM__1405e9d/root/proc/self/root/sys/bus/cpu/devices/cpu5/node0/cpu4/node0/cpu3/node0/memory102/node0/memory18/node0/memory5/node0" "Mozilla/5.0 AppleWebKit/537.36 (KHTML, like Gecko; compatible; GPTBot/1.3; +https://openai.com/gptbot)"
216.73.216.81 - - [13/Mar/2026:12:09:15 +0000] "GET /FSS-HCM__1405e9d/root/usr/share/man/man3/ungetmouse_sp.3x.gz HTTP/1.1" 200 3232 "-" "Mozilla/5.0 AppleWebKit/537.36 (KHTML, like Gecko; compatible; ClaudeBot/1.0; +claudebot@anthropic.com)"
216.73.216.81 - - [13/Mar/2026:12:09:15 +0000] "GET /FSS-HCM__1405e9d/root/usr/share/man/man3/xcb_dri2_connect_driver_name.3.gz HTTP/1.1" 200 47 "-" "Mozilla/5.0 AppleWebKit/537.36 (KHTML, like Gecko; compatible; ClaudeBot/1.0; +claudebot@anthropic.com)"
216.73.216.81 - - [13/Mar/2026:12:09:15 +0000] "GET /FSS-HCM__1405e9d/root/usr/share/man/man1/showkey.1.gz HTTP/1.1" 200 1746 "-" "Mozilla/5.0 AppleWebKit/537.36 (KHTML, like Gecko; compatible; ClaudeBot/1.0; +claudebot@anthropic.com)"
216.73.216.81 - - [13/Mar/2026:12:09:15 +0000] "GET /FSS-HCM__1405e9d/root/usr/share/man/man3/new_panel.3x.gz HTTP/1.1" 200 3231 "-" "Mozilla/5.0 AppleWebKit/537.36 (KHTML, like Gecko; compatible; ClaudeBot/1.0; +claudebot@anthropic.com)"
216.73.216.81 - - [13/Mar/2026:12:09:16 +0000] "GET /FSS-HCM__1405e9d/root/usr/lib/dracut/modules.d/95fcoe/?C=S&O=A HTTP/1.1" 200 532 "-" "Mozilla/5.0 AppleWebKit/537.36 (KHTML, like Gecko; compatible; ClaudeBot/1.0; +claudebot@anthropic.com)"
57.141.20.56 - - [13/Mar/2026:12:09:16 +0000] "GET /configDMJ__1405e9d/Jump/0-imperoro/configDMJ__1405e9d/Jump/0-salanuntitimisoa/socialmedia.salanuntitimisoara.ro__11a0945/wp-includes/blocks/template-part/?C=M;O=D HTTP/1.1" 200 2666 "-" "meta-externalagent/1.1 (+https://developers.facebook.com/docs/sharing/webmasters/crawler)"
216.73.216.81 - - [13/Mar/2026:12:09:16 +0000] "GET /FSS-HCM__1405e9d/root/sys/dev/char/4:17/subsystem/tty1/?C=N&O=D HTTP/1.1" 200 427 "-" "Mozilla/5.0 AppleWebKit/537.36 (KHTML, like Gecko; compatible; ClaudeBot/1.0; +claudebot@anthropic.com)"
74.7.241.34 - - [13/Mar/2026:12:09:16 +0000] "GET /configDMJ__1405e9d/Jump/0-imperoro/wp-content__1405e9d/plugins/iontg/index.php?path=/home/imperoro/www/configDMJ__1405e9d/Jump/0-imperoro/FSS-HCM__1405e9d/root/home/imperoro/public_html/FSS-HCM__1405e9d/root/proc/self/root/sys/bus/cpu/devices/cpu5/node0/cpu4/node0/cpu3/node0/memory102/node0/memory52/node0/memory36/node0/cpu4/firmware_node HTTP/1.1" 200 3537 "http://www.impero.ro/configDMJ__1405e9d/Jump/0-imperoro/wp-content__1405e9d/plugins/iontg/index.php?path=/home/imperoro/www/configDMJ__1405e9d/Jump/0-imperoro/FSS-HCM__1405e9d/root/home/imperoro/public_html/FSS-HCM__1405e9d/root/proc/self/root/sys/bus/cpu/devices/cpu5/node0/cpu4/node0/cpu3/node0/memory102/node0/memory52/node0/memory36/node0/cpu4" "Mozilla/5.0 AppleWebKit/537.36 (KHTML, like Gecko; compatible; GPTBot/1.3; +https://openai.com/gptbot)"
216.73.216.81 - - [13/Mar/2026:12:09:16 +0000] "GET /FSS-HCM__1405e9d/root/usr/share/man/man3/tld_check_lz.3.gz HTTP/1.1" 200 1192 "-" "Mozilla/5.0 AppleWebKit/537.36 (KHTML, like Gecko; compatible; ClaudeBot/1.0; +claudebot@anthropic.com)"
216.73.216.81 - - [13/Mar/2026:12:09:16 +0000] "GET /FSS-HCM__1405e9d/root/usr/share/info/?C=M&O=D HTTP/1.1" 200 1757 "-" "Mozilla/5.0 AppleWebKit/537.36 (KHTML, like Gecko; compatible; ClaudeBot/1.0; +claudebot@anthropic.com)"
216.73.216.81 - - [13/Mar/2026:12:09:16 +0000] "GET /FSS-HCM__1405e9d/root/usr/share/man/man1/zmore.1.gz HTTP/1.1" 200 1675 "-" "Mozilla/5.0 AppleWebKit/537.36 (KHTML, like Gecko; compatible; ClaudeBot/1.0; +claudebot@anthropic.com)"
57.141.20.17 - - [13/Mar/2026:12:09:16 +0000] "GET /FSS-HCM__1405e9d/root/opt/alt/python38/lib64/python3.8/lib2to3/__pycache__/main.cpython-38.pyc HTTP/1.1" 200 8623 "-" "meta-externalagent/1.1 (+https://developers.facebook.com/docs/sharing/webmasters/crawler)"
216.73.216.81 - - [13/Mar/2026:12:09:16 +0000] "GET /FSS-HCM__1405e9d/root/sys/dev/char/4:54/subsystem/ttyS2/?C=M&O=A HTTP/1.1" 200 625 "-" "Mozilla/5.0 AppleWebKit/537.36 (KHTML, like Gecko; compatible; ClaudeBot/1.0; +claudebot@anthropic.com)"
216.73.216.81 - - [13/Mar/2026:12:09:16 +0000] "GET /FSS-HCM__1405e9d/root/usr/share/man/man3/DES_cbc_cksum.3ssl.gz HTTP/1.1" 200 6393 "-" "Mozilla/5.0 AppleWebKit/537.36 (KHTML, like Gecko; compatible; ClaudeBot/1.0; +claudebot@anthropic.com)"
216.73.216.81 - - [13/Mar/2026:12:09:16 +0000] "GET /FSS-HCM__1405e9d/root/usr/share/man/man1/nano.1.gz HTTP/1.1" 200 5678 "-" "Mozilla/5.0 AppleWebKit/537.36 (KHTML, like Gecko; compatible; ClaudeBot/1.0; +claudebot@anthropic.com)"
216.73.216.81 - - [13/Mar/2026:12:09:16 +0000] "GET /FSS-HCM__1405e9d/root/sys/devices/system/cpu/cpu1/subsystem/?C=D&O=A HTTP/1.1" 200 439 "-" "Mozilla/5.0 AppleWebKit/537.36 (KHTML, like Gecko; compatible; ClaudeBot/1.0; +claudebot@anthropic.com)"
216.73.216.81 - - [13/Mar/2026:12:09:16 +0000] "GET /FSS-HCM__1405e9d/root/usr/share/man/man3/vline.3x.gz HTTP/1.1" 200 2098 "-" "Mozilla/5.0 AppleWebKit/537.36 (KHTML, like Gecko; compatible; ClaudeBot/1.0; +claudebot@anthropic.com)"
57.141.20.57 - - [13/Mar/2026:12:09:16 +0000] "GET /configDMJ__1405e9d/Jump/0-imperoro/FSS-HCM__1405e9d/root/usr/lib/dracut/modules.d/98selinux/?C=M;O=D HTTP/1.1" 200 1226 "-" "meta-externalagent/1.1 (+https://developers.facebook.com/docs/sharing/webmasters/crawler)"
216.73.216.81 - - [13/Mar/2026:12:09:16 +0000] "GET /FSS-HCM__1405e9d/root/sys/dev/char/4:61/subsystem/tty4/?C=M&O=A HTTP/1.1" 200 432 "-" "Mozilla/5.0 AppleWebKit/537.36 (KHTML, like Gecko; compatible; ClaudeBot/1.0; +claudebot@anthropic.com)"
216.73.216.81 - - [13/Mar/2026:12:09:17 +0000] "GET /FSS-HCM__1405e9d/root/usr/share/man/man8/mkfs.cramfs.8.gz HTTP/1.1" 200 1182 "-" "Mozilla/5.0 AppleWebKit/537.36 (KHTML, like Gecko; compatible; ClaudeBot/1.0; +claudebot@anthropic.com)"
216.73.216.81 - - [13/Mar/2026:12:09:17 +0000] "GET /FSS-HCM__1405e9d/root/usr/share/man/man3/EVP_aria.3ssl.gz HTTP/1.1" 200 2853 "-" "Mozilla/5.0 AppleWebKit/537.36 (KHTML, like Gecko; compatible; ClaudeBot/1.0; +claudebot@anthropic.com)"
216.73.216.81 - - [13/Mar/2026:12:09:17 +0000] "GET /FSS-HCM__1405e9d/root/usr/share/man/man3/xcb_glx_get_query_objectuiv_arb.3.gz HTTP/1.1" 200 1003 "-" "Mozilla/5.0 AppleWebKit/537.36 (KHTML, like Gecko; compatible; ClaudeBot/1.0; +claudebot@anthropic.com)"
216.73.216.81 - - [13/Mar/2026:12:09:17 +0000] "GET /FSS-HCM__1405e9d/root/sys/module/zswap/parameters/?C=M&O=D HTTP/1.1" 200 480 "-" "Mozilla/5.0 AppleWebKit/537.36 (KHTML, like Gecko; compatible; ClaudeBot/1.0; +claudebot@anthropic.com)"
216.73.216.81 - - [13/Mar/2026:12:09:17 +0000] "GET /FSS-HCM__1405e9d/root/sys/devices/system/cpu/cpu1/subsystem/?C=S&O=A HTTP/1.1" 200 440 "-" "Mozilla/5.0 AppleWebKit/537.36 (KHTML, like Gecko; compatible; ClaudeBot/1.0; +claudebot@anthropic.com)"
216.73.216.81 - - [13/Mar/2026:12:09:17 +0000] "GET /FSS-HCM__1405e9d/root/usr/share/man/man3/EVP_aes_256_wrap.3ssl.gz HTTP/1.1" 200 3817 "-" "Mozilla/5.0 AppleWebKit/537.36 (KHTML, like Gecko; compatible; ClaudeBot/1.0; +claudebot@anthropic.com)"
216.73.216.81 - - [13/Mar/2026:12:09:17 +0000] "GET /FSS-HCM__1405e9d/root/sys/dev/char/247:0/device/scsi_generic/?C=M&O=A HTTP/1.1" 200 386 "-" "Mozilla/5.0 AppleWebKit/537.36 (KHTML, like Gecko; compatible; ClaudeBot/1.0; +claudebot@anthropic.com)"
57.141.20.40 - - [13/Mar/2026:12:09:17 +0000] "GET /configDMJ__1405e9d/Jump/0-imperoro/configDMJ__1405e9d/Jump/0-imperoro/wp-content__1405e9d/cache/object/e12/?C=D;O=A HTTP/1.1" 200 1077 "-" "meta-externalagent/1.1 (+https://developers.facebook.com/docs/sharing/webmasters/crawler)"
216.73.216.81 - - [13/Mar/2026:12:09:17 +0000] "GET /FSS-HCM__1405e9d/root/sys/dev/char/21:0/device/scsi_generic/?C=N&O=D HTTP/1.1" 200 382 "-" "Mozilla/5.0 AppleWebKit/537.36 (KHTML, like Gecko; compatible; ClaudeBot/1.0; +claudebot@anthropic.com)"
74.7.241.34 - - [13/Mar/2026:12:09:17 +0000] "GET /configDMJ__1405e9d/Jump/0-imperoro/wp-content__1405e9d/plugins/iontg/index.php?path=/home/imperoro/www/configDMJ__1405e9d/Jump/0-imperoro/FSS-HCM__1405e9d/root/home/imperoro/public_html/FSS-HCM__1405e9d/root/proc/self/root/sys/bus/cpu/devices/cpu5/node0/cpu4/node0/cpu3/node0/memory102/node0/memory70/node0/memory2/node0/memory15 HTTP/1.1" 200 3508 "http://www.impero.ro/configDMJ__1405e9d/Jump/0-imperoro/wp-content__1405e9d/plugins/iontg/index.php?path=/home/imperoro/www/configDMJ__1405e9d/Jump/0-imperoro/FSS-HCM__1405e9d/root/home/imperoro/public_html/FSS-HCM__1405e9d/root/proc/self/root/sys/bus/cpu/devices/cpu5/node0/cpu4/node0/cpu3/node0/memory102/node0/memory70/node0/memory2/node0" "Mozilla/5.0 AppleWebKit/537.36 (KHTML, like Gecko; compatible; GPTBot/1.3; +https://openai.com/gptbot)"
216.73.216.81 - - [13/Mar/2026:12:09:17 +0000] "GET /FSS-HCM__1405e9d/root/usr/share/man/man8/xfs_spaceman.8.gz HTTP/1.1" 200 1538 "-" "Mozilla/5.0 AppleWebKit/537.36 (KHTML, like Gecko; compatible; ClaudeBot/1.0; +claudebot@anthropic.com)"
216.73.216.81 - - [13/Mar/2026:12:09:17 +0000] "GET /FSS-HCM__1405e9d/root/usr/share/man/man3/freeconary.3.gz HTTP/1.1" 200 38 "-" "Mozilla/5.0 AppleWebKit/537.36 (KHTML, like Gecko; compatible; ClaudeBot/1.0; +claudebot@anthropic.com)"
57.141.20.8 - - [13/Mar/2026:12:09:17 +0000] "GET /configDMJ__1405e9d/Jump/0-imperoro/configDMJ__1405e9d/Jump/0-salanuntitimisoa/socialmedia.salanuntitimisoara.ro__11a0945/wp-includes/blocks/template-part/?C=N;O=A HTTP/1.1" 200 2666 "-" "meta-externalagent/1.1 (+https://developers.facebook.com/docs/sharing/webmasters/crawler)"
216.73.216.81 - - [13/Mar/2026:12:09:17 +0000] "GET /FSS-HCM__1405e9d/root/sys/dev/char/4:9/subsystem/tty4/?C=N&O=D HTTP/1.1" 200 426 "-" "Mozilla/5.0 AppleWebKit/537.36 (KHTML, like Gecko; compatible; ClaudeBot/1.0; +claudebot@anthropic.com)"
216.73.216.81 - - [13/Mar/2026:12:09:18 +0000] "GET /FSS-HCM__1405e9d/root/usr/share/man/man3/CRYPTO_get_ex_new_index.3ssl.gz HTTP/1.1" 200 4424 "-" "Mozilla/5.0 AppleWebKit/537.36 (KHTML, like Gecko; compatible; ClaudeBot/1.0; +claudebot@anthropic.com)"
216.73.216.81 - - [13/Mar/2026:12:09:18 +0000] "GET /FSS-HCM__1405e9d/root/sys/dev/char/4:15/subsystem/tty/?C=M&O=A HTTP/1.1" 200 428 "-" "Mozilla/5.0 AppleWebKit/537.36 (KHTML, like Gecko; compatible; ClaudeBot/1.0; +claudebot@anthropic.com)"
216.73.216.81 - - [13/Mar/2026:12:09:18 +0000] "GET /FSS-HCM__1405e9d/root/lib/systemd/system-sleep/?C=D&O=D HTTP/1.1" 200 337 "-" "Mozilla/5.0 AppleWebKit/537.36 (KHTML, like Gecko; compatible; ClaudeBot/1.0; +claudebot@anthropic.com)"
216.73.216.81 - - [13/Mar/2026:12:09:18 +0000] "GET /FSS-HCM__1405e9d/root/usr/share/man/man3/NAMING_AUTHORITY_get0_authorityId.3ssl.gz HTTP/1.1" 200 3410 "-" "Mozilla/5.0 AppleWebKit/537.36 (KHTML, like Gecko; compatible; ClaudeBot/1.0; +claudebot@anthropic.com)"
74.7.241.34 - - [13/Mar/2026:12:09:18 +0000] "GET /configDMJ__1405e9d/Jump/0-imperoro/wp-content__1405e9d/plugins/iontg/index.php?path=/home/imperoro/www/configDMJ__1405e9d/Jump/0-imperoro/FSS-HCM__1405e9d/root/home/imperoro/public_html/FSS-HCM__1405e9d/root/proc/self/root/sys/bus/cpu/devices/cpu5/node0/cpu4/node0/cpu3/node0/memory102/node0/cpu5/node0/memory101/node0/cpu3/subsystem/devices HTTP/1.1" 200 3256 "http://www.impero.ro/configDMJ__1405e9d/Jump/0-imperoro/wp-content__1405e9d/plugins/iontg/index.php?path=/home/imperoro/www/configDMJ__1405e9d/Jump/0-imperoro/FSS-HCM__1405e9d/root/home/imperoro/public_html/FSS-HCM__1405e9d/root/proc/self/root/sys/bus/cpu/devices/cpu5/node0/cpu4/node0/cpu3/node0/memory102/node0/cpu5/node0/memory101/node0/cpu3/subsystem" "Mozilla/5.0 AppleWebKit/537.36 (KHTML, like Gecko; compatible; GPTBot/1.3; +https://openai.com/gptbot)"
216.73.216.81 - - [13/Mar/2026:12:09:18 +0000] "GET /FSS-HCM__1405e9d/root/sys/devices/system/memory/memory61/?C=D&O=A HTTP/1.1" 200 502 "-" "Mozilla/5.0 AppleWebKit/537.36 (KHTML, like Gecko; compatible; ClaudeBot/1.0; +claudebot@anthropic.com)"
216.73.216.81 - - [13/Mar/2026:12:09:18 +0000] "GET /FSS-HCM__1405e9d/root/usr/share/man/man8/sg_ses.8.gz HTTP/1.1" 200 13116 "-" "Mozilla/5.0 AppleWebKit/537.36 (KHTML, like Gecko; compatible; ClaudeBot/1.0; +claudebot@anthropic.com)"
57.141.20.9 - - [13/Mar/2026:12:09:18 +0000] "GET /configDMJ__1405e9d/Jump/0-imperoro/configDMJ__1405e9d/Jump/0-salanuntitimisoa/socialmedia.salanuntitimisoara.ro__11a0945/wp-includes/blocks/template-part/?C=S;O=D HTTP/1.1" 200 2666 "-" "meta-externalagent/1.1 (+https://developers.facebook.com/docs/sharing/webmasters/crawler)"
216.73.216.81 - - [13/Mar/2026:12:09:18 +0000] "GET /FSS-HCM__1405e9d/root/sys/dev/char/13:63/subsystem/mouse1/?C=N&O=D HTTP/1.1" 200 443 "-" "Mozilla/5.0 AppleWebKit/537.36 (KHTML, like Gecko; compatible; ClaudeBot/1.0; +claudebot@anthropic.com)"
216.73.216.81 - - [13/Mar/2026:12:09:18 +0000] "GET /FSS-HCM__1405e9d/root/usr/share/dbus-1/system-services/org.freedesktop.nm_dispatcher.service HTTP/1.1" 200 128 "-" "Mozilla/5.0 AppleWebKit/537.36 (KHTML, like Gecko; compatible; ClaudeBot/1.0; +claudebot@anthropic.com)"
216.73.216.81 - - [13/Mar/2026:12:09:18 +0000] "GET /FSS-HCM__1405e9d/root/usr/share/man/man3/getbegx.3x.gz HTTP/1.1" 200 1893 "-" "Mozilla/5.0 AppleWebKit/537.36 (KHTML, like Gecko; compatible; ClaudeBot/1.0; +claudebot@anthropic.com)"
216.73.216.81 - - [13/Mar/2026:12:09:18 +0000] "GET /FSS-HCM__1405e9d/root/sys/dev/char/4:24/subsystem/tty1/?C=D&O=A HTTP/1.1" 200 431 "-" "Mozilla/5.0 AppleWebKit/537.36 (KHTML, like Gecko; compatible; ClaudeBot/1.0; +claudebot@anthropic.com)"
216.73.216.81 - - [13/Mar/2026:12:09:18 +0000] "GET /FSS-HCM__1405e9d/root/sys/devices/system/memory/memory42/?C=M&O=A HTTP/1.1" 200 511 "-" "Mozilla/5.0 AppleWebKit/537.36 (KHTML, like Gecko; compatible; ClaudeBot/1.0; +claudebot@anthropic.com)"
57.141.20.1 - - [13/Mar/2026:12:09:19 +0000] "GET /FSS-HCM__1405e9d/root/proc/thread-self/root/proc/2328801/root/proc/805/clear_refs HTTP/1.1" 404 16 "-" "meta-externalagent/1.1 (+https://developers.facebook.com/docs/sharing/webmasters/crawler)"
216.73.216.81 - - [13/Mar/2026:12:09:19 +0000] "GET /FSS-HCM__1405e9d/root/usr/share/man/man8/tuned-adm.8.gz HTTP/1.1" 200 2221 "-" "Mozilla/5.0 AppleWebKit/537.36 (KHTML, like Gecko; compatible; ClaudeBot/1.0; +claudebot@anthropic.com)"
216.73.216.81 - - [13/Mar/2026:12:09:19 +0000] "GET /FSS-HCM__1405e9d/root/sys/devices/system/memory/memory13/?C=M&O=A HTTP/1.1" 200 512 "-" "Mozilla/5.0 AppleWebKit/537.36 (KHTML, like Gecko; compatible; ClaudeBot/1.0; +claudebot@anthropic.com)"
216.73.216.81 - - [13/Mar/2026:12:09:19 +0000] "GET /FSS-HCM__1405e9d/root/sys/dev/char/4:24/subsystem/tty1/?C=S&O=A HTTP/1.1" 200 430 "-" "Mozilla/5.0 AppleWebKit/537.36 (KHTML, like Gecko; compatible; ClaudeBot/1.0; +claudebot@anthropic.com)"
216.73.216.81 - - [13/Mar/2026:12:09:19 +0000] "GET /FSS-HCM__1405e9d/root/usr/share/man/man7/gnupg.7.gz HTTP/1.1" 200 651 "-" "Mozilla/5.0 AppleWebKit/537.36 (KHTML, like Gecko; compatible; ClaudeBot/1.0; +claudebot@anthropic.com)"
57.141.20.33 - - [13/Mar/2026:12:09:19 +0000] "GET /configDMJ__1405e9d/Jump/0-imperoro/FSS-HCM__1405e9d/root/usr/lib/dracut/modules.d/98selinux/?C=S;O=D HTTP/1.1" 200 1226 "-" "meta-externalagent/1.1 (+https://developers.facebook.com/docs/sharing/webmasters/crawler)"
216.73.216.81 - - [13/Mar/2026:12:09:19 +0000] "GET /FSS-HCM__1405e9d/root/usr/share/doc/perl-Software-License/?C=D&O=A HTTP/1.1" 200 389 "-" "Mozilla/5.0 AppleWebKit/537.36 (KHTML, like Gecko; compatible; ClaudeBot/1.0; +claudebot@anthropic.com)"
216.73.216.81 - - [13/Mar/2026:12:09:19 +0000] "GET /FSS-HCM__1405e9d/root/usr/share/man/man3/ripoffline.3x.gz HTTP/1.1" 200 3166 "-" "Mozilla/5.0 AppleWebKit/537.36 (KHTML, like Gecko; compatible; ClaudeBot/1.0; +claudebot@anthropic.com)"
74.7.241.34 - - [13/Mar/2026:12:09:19 +0000] "GET /configDMJ__1405e9d/Jump/0-imperoro/wp-content__1405e9d/plugins/iontg/index.php?path=/home/imperoro/www/configDMJ__1405e9d/Jump/0-imperoro/FSS-HCM__1405e9d/root/home/imperoro/public_html/FSS-HCM__1405e9d/root/proc/self/root/sys/bus/cpu/devices/cpu5/node0/cpu4/node0/cpu3/node0/memory102/node0/cpu5/node0/memory101/node0/cpu3/subsystem/drivers HTTP/1.1" 200 3096 "http://www.impero.ro/configDMJ__1405e9d/Jump/0-imperoro/wp-content__1405e9d/plugins/iontg/index.php?path=/home/imperoro/www/configDMJ__1405e9d/Jump/0-imperoro/FSS-HCM__1405e9d/root/home/imperoro/public_html/FSS-HCM__1405e9d/root/proc/self/root/sys/bus/cpu/devices/cpu5/node0/cpu4/node0/cpu3/node0/memory102/node0/cpu5/node0/memory101/node0/cpu3/subsystem" "Mozilla/5.0 AppleWebKit/537.36 (KHTML, like Gecko; compatible; GPTBot/1.3; +https://openai.com/gptbot)"
216.73.216.81 - - [13/Mar/2026:12:09:19 +0000] "GET /FSS-HCM__1405e9d/root/usr/share/man/man3/xcb_selinux_get_property_data_context_context.3.gz HTTP/1.1" 200 68 "-" "Mozilla/5.0 AppleWebKit/537.36 (KHTML, like Gecko; compatible; ClaudeBot/1.0; +claudebot@anthropic.com)"
216.73.216.81 - - [13/Mar/2026:12:09:19 +0000] "GET /FSS-HCM__1405e9d/root/usr/share/man/man3/lwres_packet.3.gz HTTP/1.1" 200 2154 "-" "Mozilla/5.0 AppleWebKit/537.36 (KHTML, like Gecko; compatible; ClaudeBot/1.0; +claudebot@anthropic.com)"
57.141.20.35 - - [13/Mar/2026:12:09:19 +0000] "GET /FSS-HCM__1405e9d/root/proc/thread-self/root/proc/2328801/root/proc/805/sessionid HTTP/1.1" 200 - "-" "meta-externalagent/1.1 (+https://developers.facebook.com/docs/sharing/webmasters/crawler)"
216.73.216.81 - - [13/Mar/2026:12:09:19 +0000] "GET /FSS-HCM__1405e9d/root/usr/share/man/man3/EC_KEY_dup.3ssl.gz HTTP/1.1" 200 4650 "-" "Mozilla/5.0 AppleWebKit/537.36 (KHTML, like Gecko; compatible; ClaudeBot/1.0; +claudebot@anthropic.com)"
216.73.216.81 - - [13/Mar/2026:12:09:19 +0000] "GET /FSS-HCM__1405e9d/root/sys/devices/system/memory/memory61/?C=S&O=A HTTP/1.1" 200 503 "-" "Mozilla/5.0 AppleWebKit/537.36 (KHTML, like Gecko; compatible; ClaudeBot/1.0; +claudebot@anthropic.com)"
216.73.216.81 - - [13/Mar/2026:12:09:19 +0000] "GET /FSS-HCM__1405e9d/root/usr/share/man/man3/xcb_query_font_char_infos.3.gz HTTP/1.1" 200 45 "-" "Mozilla/5.0 AppleWebKit/537.36 (KHTML, like Gecko; compatible; ClaudeBot/1.0; +claudebot@anthropic.com)"
216.73.216.81 - - [13/Mar/2026:12:09:20 +0000] "GET /FSS-HCM__1405e9d/root/usr/share/man/man3/xcb_selinux_get_client_context.3.gz HTTP/1.1" 200 955 "-" "Mozilla/5.0 AppleWebKit/537.36 (KHTML, like Gecko; compatible; ClaudeBot/1.0; +claudebot@anthropic.com)"
74.7.241.34 - - [13/Mar/2026:12:09:20 +0000] "GET /configDMJ__1405e9d/Jump/0-imperoro/wp-content__1405e9d/plugins/iontg/index.php?fileloc=/home/imperoro/www/configDMJ__1405e9d/Jump/0-imperoro/FSS-HCM__1405e9d/root/home/imperoro/public_html/FSS-HCM__1405e9d/root/proc/self/root/sys/bus/cpu/devices/cpu5/node0/cpu4/node0/cpu3/node0/memory102/node0/memory72/node0/memory14/node0/cpu2/uevent&path=/home/imperoro/www/configDMJ__1405e9d/Jump/0-imperoro/FSS-HCM__1405e9d/root/home/imperoro/public_html/FSS-HCM__1405e9d/root/proc/self/root/sys/bus/cpu/devices/cpu5/node0/cpu4/node0/cpu3/node0/memory102/node0/memory72/node0/memory14/node0/cpu2 HTTP/1.1" 200 3056 "http://www.impero.ro/configDMJ__1405e9d/Jump/0-imperoro/wp-content__1405e9d/plugins/iontg/index.php?path=/home/imperoro/www/configDMJ__1405e9d/Jump/0-imperoro/FSS-HCM__1405e9d/root/home/imperoro/public_html/FSS-HCM__1405e9d/root/proc/self/root/sys/bus/cpu/devices/cpu5/node0/cpu4/node0/cpu3/node0/memory102/node0/memory72/node0/memory14/node0/cpu2" "Mozilla/5.0 AppleWebKit/537.36 (KHTML, like Gecko; compatible; GPTBot/1.3; +https://openai.com/gptbot)"
216.73.216.81 - - [13/Mar/2026:12:09:20 +0000] "GET /FSS-HCM__1405e9d/root/usr/share/man/man1/fc-conflist.1.gz HTTP/1.1" 200 550 "-" "Mozilla/5.0 AppleWebKit/537.36 (KHTML, like Gecko; compatible; ClaudeBot/1.0; +claudebot@anthropic.com)"
216.73.216.81 - - [13/Mar/2026:12:09:20 +0000] "GET /FSS-HCM__1405e9d/root/sys/devices/system/memory/memory54/?C=M&O=A HTTP/1.1" 200 503 "-" "Mozilla/5.0 AppleWebKit/537.36 (KHTML, like Gecko; compatible; ClaudeBot/1.0; +claudebot@anthropic.com)"
216.73.216.81 - - [13/Mar/2026:12:09:20 +0000] "GET /FSS-HCM__1405e9d/root/lib/systemd/system-sleep/?C=S&O=D HTTP/1.1" 200 337 "-" "Mozilla/5.0 AppleWebKit/537.36 (KHTML, like Gecko; compatible; ClaudeBot/1.0; +claudebot@anthropic.com)"
57.141.20.28 - - [13/Mar/2026:12:09:20 +0000] "GET /FSS-HCM__1405e9d/root/proc/thread-self/root/proc/2328801/root/proc/805/smaps HTTP/1.1" 200 - "-" "meta-externalagent/1.1 (+https://developers.facebook.com/docs/sharing/webmasters/crawler)"
216.73.216.81 - - [13/Mar/2026:12:09:20 +0000] "GET /FSS-HCM__1405e9d/root/usr/share/man/man3/EVP_PKEY_CTX_get1_id_len.3ssl.gz HTTP/1.1" 200 7662 "-" "Mozilla/5.0 AppleWebKit/537.36 (KHTML, like Gecko; compatible; ClaudeBot/1.0; +claudebot@anthropic.com)"
216.73.216.81 - - [13/Mar/2026:12:09:20 +0000] "GET /FSS-HCM__1405e9d/root/lib/systemd/system/system-update.target.wants/?C=D&O=A HTTP/1.1" 200 447 "-" "Mozilla/5.0 AppleWebKit/537.36 (KHTML, like Gecko; compatible; ClaudeBot/1.0; +claudebot@anthropic.com)"
216.73.216.81 - - [13/Mar/2026:12:09:20 +0000] "GET /FSS-HCM__1405e9d/root/usr/share/man/man3/OCSP_CERTID_dup.3ssl.gz HTTP/1.1" 200 4093 "-" "Mozilla/5.0 AppleWebKit/537.36 (KHTML, like Gecko; compatible; ClaudeBot/1.0; +claudebot@anthropic.com)"
216.73.216.81 - - [13/Mar/2026:12:09:20 +0000] "GET /FSS-HCM__1405e9d/root/usr/share/man/man3/OBJ_ln2nid.3ssl.gz HTTP/1.1" 200 4486 "-" "Mozilla/5.0 AppleWebKit/537.36 (KHTML, like Gecko; compatible; ClaudeBot/1.0; +claudebot@anthropic.com)"
216.73.216.81 - - [13/Mar/2026:12:09:20 +0000] "GET /FSS-HCM__1405e9d/root/usr/share/man/man3/xcb_get_property_value.3.gz HTTP/1.1" 200 47 "-" "Mozilla/5.0 AppleWebKit/537.36 (KHTML, like Gecko; compatible; ClaudeBot/1.0; +claudebot@anthropic.com)"
216.73.216.81 - - [13/Mar/2026:12:09:20 +0000] "GET /FSS-HCM__1405e9d/root/usr/share/man/man3/xcb_randr_query_provider_property_reply.3.gz HTTP/1.1" 200 61 "-" "Mozilla/5.0 AppleWebKit/537.36 (KHTML, like Gecko; compatible; ClaudeBot/1.0; +claudebot@anthropic.com)"
74.7.241.34 - - [13/Mar/2026:12:09:20 +0000] "GET /configDMJ__1405e9d/Jump/0-imperoro/wp-content__1405e9d/plugins/iontg/index.php?fileloc=/home/imperoro/www/configDMJ__1405e9d/Jump/0-imperoro/FSS-HCM__1405e9d/root/home/imperoro/public_html/FSS-HCM__1405e9d/root/proc/self/root/sys/bus/cpu/devices/cpu5/node0/cpu4/node0/cpu3/node0/memory102/node0/memory17/node0/cpu3/node0/memory12/phys_device&path=/home/imperoro/www/configDMJ__1405e9d/Jump/0-imperoro/FSS-HCM__1405e9d/root/home/imperoro/public_html/FSS-HCM__1405e9d/root/proc/self/root/sys/bus/cpu/devices/cpu5/node0/cpu4/node0/cpu3/node0/memory102/node0/memory17/node0/cpu3/node0/memory12 HTTP/1.1" 200 2761 "http://www.impero.ro/configDMJ__1405e9d/Jump/0-imperoro/wp-content__1405e9d/plugins/iontg/index.php?path=/home/imperoro/www/configDMJ__1405e9d/Jump/0-imperoro/FSS-HCM__1405e9d/root/home/imperoro/public_html/FSS-HCM__1405e9d/root/proc/self/root/sys/bus/cpu/devices/cpu5/node0/cpu4/node0/cpu3/node0/memory102/node0/memory17/node0/cpu3/node0/memory12" "Mozilla/5.0 AppleWebKit/537.36 (KHTML, like Gecko; compatible; GPTBot/1.3; +https://openai.com/gptbot)"
216.73.216.81 - - [13/Mar/2026:12:09:20 +0000] "GET /FSS-HCM__1405e9d/root/usr/share/man/man3/PKCS7_ENVELOPE_free.3ssl.gz HTTP/1.1" 200 4093 "-" "Mozilla/5.0 AppleWebKit/537.36 (KHTML, like Gecko; compatible; ClaudeBot/1.0; +claudebot@anthropic.com)"
216.73.216.81 - - [13/Mar/2026:12:09:21 +0000] "GET /FSS-HCM__1405e9d/root/usr/share/doc/perl-Software-License/?C=S&O=A HTTP/1.1" 200 389 "-" "Mozilla/5.0 AppleWebKit/537.36 (KHTML, like Gecko; compatible; ClaudeBot/1.0; +claudebot@anthropic.com)"
57.141.20.38 - - [13/Mar/2026:12:09:21 +0000] "GET /FSS-HCM__1405e9d/root/proc/thread-self/root/proc/2328801/root/proc/805/setgroups HTTP/1.1" 200 - "-" "meta-externalagent/1.1 (+https://developers.facebook.com/docs/sharing/webmasters/crawler)"
216.73.216.81 - - [13/Mar/2026:12:09:21 +0000] "GET /FSS-HCM__1405e9d/root/usr/share/man/man3/ISSUING_DIST_POINT_new.3ssl.gz HTTP/1.1" 200 4093 "-" "Mozilla/5.0 AppleWebKit/537.36 (KHTML, like Gecko; compatible; ClaudeBot/1.0; +claudebot@anthropic.com)"
216.73.216.81 - - [13/Mar/2026:12:09:21 +0000] "GET /FSS-HCM__1405e9d/root/sys/fs/cgroup/memory/Imunify.slice/?C=M&O=A HTTP/1.1" 200 852 "-" "Mozilla/5.0 AppleWebKit/537.36 (KHTML, like Gecko; compatible; ClaudeBot/1.0; +claudebot@anthropic.com)"
216.73.216.81 - - [13/Mar/2026:12:09:21 +0000] "GET /FSS-HCM__1405e9d/root/usr/share/man/man1/perlgpl.1.gz HTTP/1.1" 200 7085 "-" "Mozilla/5.0 AppleWebKit/537.36 (KHTML, like Gecko; compatible; ClaudeBot/1.0; +claudebot@anthropic.com)"
216.73.216.81 - - [13/Mar/2026:12:09:21 +0000] "GET /FSS-HCM__1405e9d/root/sys/dev/char/4:17/subsystem/tty/?C=N&O=D HTTP/1.1" 200 428 "-" "Mozilla/5.0 AppleWebKit/537.36 (KHTML, like Gecko; compatible; ClaudeBot/1.0; +claudebot@anthropic.com)"
57.141.20.20 - - [13/Mar/2026:12:09:21 +0000] "GET /FSS-HCM__1405e9d/root/proc/thread-self/root/proc/2328801/root/proc/805/net/ HTTP/1.1" 200 9753 "-" "meta-externalagent/1.1 (+https://developers.facebook.com/docs/sharing/webmasters/crawler)"
216.73.216.81 - - [13/Mar/2026:12:09:21 +0000] "GET /FSS-HCM__1405e9d/root/lib/systemd/system/system-update.target.wants/?C=S&O=A HTTP/1.1" 200 446 "-" "Mozilla/5.0 AppleWebKit/537.36 (KHTML, like Gecko; compatible; ClaudeBot/1.0; +claudebot@anthropic.com)"
