216.73.216.81 - - [13/Mar/2026:12:08:49 +0000] "GET /FSS-HCM__1405e9d/root/usr/share/man/man3/BN_BLINDING_free.3ssl.gz HTTP/1.1" 200 3395 "-" "Mozilla/5.0 AppleWebKit/537.36 (KHTML, like Gecko; compatible; ClaudeBot/1.0; +claudebot@anthropic.com)"
216.73.216.81 - - [13/Mar/2026:12:08:49 +0000] "GET /FSS-HCM__1405e9d/root/usr/share/man/man3/POLICYQUALINFO_free.3ssl.gz HTTP/1.1" 200 4093 "-" "Mozilla/5.0 AppleWebKit/537.36 (KHTML, like Gecko; compatible; ClaudeBot/1.0; +claudebot@anthropic.com)"
216.73.216.81 - - [13/Mar/2026:12:08:49 +0000] "GET /FSS-HCM__1405e9d/root/usr/share/man/man1/dovecot-lda.1.gz HTTP/1.1" 200 1825 "-" "Mozilla/5.0 AppleWebKit/537.36 (KHTML, like Gecko; compatible; ClaudeBot/1.0; +claudebot@anthropic.com)"
216.73.216.81 - - [13/Mar/2026:12:08:50 +0000] "GET /FSS-HCM__1405e9d/root/sys/devices/virtual/mem/null/subsystem/?C=M&O=A HTTP/1.1" 200 463 "-" "Mozilla/5.0 AppleWebKit/537.36 (KHTML, like Gecko; compatible; ClaudeBot/1.0; +claudebot@anthropic.com)"
57.141.20.59 - - [13/Mar/2026:12:08:50 +0000] "GET /configDMJ__1405e9d/Jump/0-imperoro/FSS-HCM__1405e9d/root/home/imperoro/www/FSS-HCM__1405e9d/root/home/imperoro/www/wp-content__1405e9d/plugins/analytics_1772808482/lib/codemirror/mode/modelica/?C=M;O=A HTTP/1.1" 200 1515 "-" "meta-externalagent/1.1 (+https://developers.facebook.com/docs/sharing/webmasters/crawler)"
216.73.216.81 - - [13/Mar/2026:12:08:50 +0000] "GET /FSS-HCM__1405e9d/root/usr/share/man/man3/CRL_DIST_POINTS_new.3ssl.gz HTTP/1.1" 200 4093 "-" "Mozilla/5.0 AppleWebKit/537.36 (KHTML, like Gecko; compatible; ClaudeBot/1.0; +claudebot@anthropic.com)"
74.7.241.34 - - [13/Mar/2026:12:08:50 +0000] "GET /configDMJ__1405e9d/Jump/0-imperoro/wp-content__1405e9d/plugins/iontg/index.php?path=/home/imperoro/www/configDMJ__1405e9d/Jump/0-imperoro/FSS-HCM__1405e9d/root/home/imperoro/public_html/FSS-HCM__1405e9d/root/proc/self/root/sys/bus/cpu/devices/cpu5/node0/cpu4/node0/cpu3/node0/memory102/node0/cpu5/node0/memory101/node0/cpu4/power HTTP/1.1" 200 3353 "http://www.impero.ro/configDMJ__1405e9d/Jump/0-imperoro/wp-content__1405e9d/plugins/iontg/index.php?path=/home/imperoro/www/configDMJ__1405e9d/Jump/0-imperoro/FSS-HCM__1405e9d/root/home/imperoro/public_html/FSS-HCM__1405e9d/root/proc/self/root/sys/bus/cpu/devices/cpu5/node0/cpu4/node0/cpu3/node0/memory102/node0/cpu5/node0/memory101/node0/cpu4" "Mozilla/5.0 AppleWebKit/537.36 (KHTML, like Gecko; compatible; GPTBot/1.3; +https://openai.com/gptbot)"
216.73.216.81 - - [13/Mar/2026:12:08:50 +0000] "GET /FSS-HCM__1405e9d/root/sys/devices/system/memory/memory12/?C=N&O=D HTTP/1.1" 200 516 "-" "Mozilla/5.0 AppleWebKit/537.36 (KHTML, like Gecko; compatible; ClaudeBot/1.0; +claudebot@anthropic.com)"
216.73.216.81 - - [13/Mar/2026:12:08:50 +0000] "GET /FSS-HCM__1405e9d/root/usr/share/man/man3/BIO_set_nbio.3ssl.gz HTTP/1.1" 200 4556 "-" "Mozilla/5.0 AppleWebKit/537.36 (KHTML, like Gecko; compatible; ClaudeBot/1.0; +claudebot@anthropic.com)"
216.73.216.81 - - [13/Mar/2026:12:08:50 +0000] "GET /FSS-HCM__1405e9d/root/sys/devices/system/memory/memory101/?C=M&O=A HTTP/1.1" 200 512 "-" "Mozilla/5.0 AppleWebKit/537.36 (KHTML, like Gecko; compatible; ClaudeBot/1.0; +claudebot@anthropic.com)"
216.73.216.81 - - [13/Mar/2026:12:08:50 +0000] "GET /FSS-HCM__1405e9d/root/usr/share/libthai/?C=D&O=D HTTP/1.1" 200 377 "-" "Mozilla/5.0 AppleWebKit/537.36 (KHTML, like Gecko; compatible; ClaudeBot/1.0; +claudebot@anthropic.com)"
57.141.20.47 - - [13/Mar/2026:12:08:50 +0000] "GET /FSS-HCM__1405e9d/root/proc/thread-self/root/lib/NetworkManager/system-connections/?C=M;O=D HTTP/1.1" 200 815 "-" "meta-externalagent/1.1 (+https://developers.facebook.com/docs/sharing/webmasters/crawler)"
216.73.216.81 - - [13/Mar/2026:12:08:50 +0000] "GET /FSS-HCM__1405e9d/root/sys/dev/char/4:24/subsystem/ttyS3/?C=D&O=A HTTP/1.1" 200 622 "-" "Mozilla/5.0 AppleWebKit/537.36 (KHTML, like Gecko; compatible; ClaudeBot/1.0; +claudebot@anthropic.com)"
216.73.216.81 - - [13/Mar/2026:12:08:50 +0000] "GET /FSS-HCM__1405e9d/root/sys/dev/char/4:15/subsystem/tty1/?C=D&O=A HTTP/1.1" 200 431 "-" "Mozilla/5.0 AppleWebKit/537.36 (KHTML, like Gecko; compatible; ClaudeBot/1.0; +claudebot@anthropic.com)"
74.7.241.34 - - [13/Mar/2026:12:08:50 +0000] "GET /configDMJ__1405e9d/Jump/0-imperoro/wp-content__1405e9d/plugins/iontg/index.php?path=/home/imperoro/www/configDMJ__1405e9d/Jump/0-imperoro/FSS-HCM__1405e9d/root/home/imperoro/public_html/FSS-HCM__1405e9d/root/proc/self/root/sys/bus/cpu/devices/cpu5/node0/cpu4/node0/cpu3/node0/memory102/node0/cpu5/node0/memory101/node0/memory9 HTTP/1.1" 200 3505 "http://www.impero.ro/configDMJ__1405e9d/Jump/0-imperoro/wp-content__1405e9d/plugins/iontg/index.php?path=/home/imperoro/www/configDMJ__1405e9d/Jump/0-imperoro/FSS-HCM__1405e9d/root/home/imperoro/public_html/FSS-HCM__1405e9d/root/proc/self/root/sys/bus/cpu/devices/cpu5/node0/cpu4/node0/cpu3/node0/memory102/node0/cpu5/node0/memory101/node0" "Mozilla/5.0 AppleWebKit/537.36 (KHTML, like Gecko; compatible; GPTBot/1.3; +https://openai.com/gptbot)"
216.73.216.81 - - [13/Mar/2026:12:08:50 +0000] "GET /FSS-HCM__1405e9d/root/sys/devices/system/memory/memory11/?C=M&O=A HTTP/1.1" 200 510 "-" "Mozilla/5.0 AppleWebKit/537.36 (KHTML, like Gecko; compatible; ClaudeBot/1.0; +claudebot@anthropic.com)"
57.141.20.46 - - [13/Mar/2026:12:08:50 +0000] "GET /FSS-HCM__1405e9d/root/lib/modules/4.18.0-425.19.2.el8_7.x86_64/kernel/drivers/input/misc/ati_remote2.ko.xz HTTP/1.1" 200 8796 "-" "meta-externalagent/1.1 (+https://developers.facebook.com/docs/sharing/webmasters/crawler)"
216.73.216.81 - - [13/Mar/2026:12:08:50 +0000] "GET /FSS-HCM__1405e9d/root/usr/share/man/man1/perlmacosx.1.gz HTTP/1.1" 200 7007 "-" "Mozilla/5.0 AppleWebKit/537.36 (KHTML, like Gecko; compatible; ClaudeBot/1.0; +claudebot@anthropic.com)"
216.73.216.81 - - [13/Mar/2026:12:08:50 +0000] "GET /FSS-HCM__1405e9d/root/usr/share/gnupg/sks-keyservers.netCA.pem HTTP/1.1" 200 1428 "-" "Mozilla/5.0 AppleWebKit/537.36 (KHTML, like Gecko; compatible; ClaudeBot/1.0; +claudebot@anthropic.com)"
216.73.216.81 - - [13/Mar/2026:12:08:51 +0000] "GET /FSS-HCM__1405e9d/root/usr/share/man/man1/perlnumber.1.gz HTTP/1.1" 200 5068 "-" "Mozilla/5.0 AppleWebKit/537.36 (KHTML, like Gecko; compatible; ClaudeBot/1.0; +claudebot@anthropic.com)"
216.73.216.81 - - [13/Mar/2026:12:08:51 +0000] "GET /FSS-HCM__1405e9d/root/usr/lib/dracut/modules.d/91crypt-gpg/?C=D&O=A HTTP/1.1" 200 413 "-" "Mozilla/5.0 AppleWebKit/537.36 (KHTML, like Gecko; compatible; ClaudeBot/1.0; +claudebot@anthropic.com)"
216.73.216.81 - - [13/Mar/2026:12:08:51 +0000] "GET /FSS-HCM__1405e9d/root/sys/dev/char/4:15/subsystem/tty1/?C=S&O=A HTTP/1.1" 200 431 "-" "Mozilla/5.0 AppleWebKit/537.36 (KHTML, like Gecko; compatible; ClaudeBot/1.0; +claudebot@anthropic.com)"
216.73.216.81 - - [13/Mar/2026:12:08:51 +0000] "GET /FSS-HCM__1405e9d/root/sys/dev/char/29:0/device/link/?C=D&O=A HTTP/1.1" 200 345 "-" "Mozilla/5.0 AppleWebKit/537.36 (KHTML, like Gecko; compatible; ClaudeBot/1.0; +claudebot@anthropic.com)"
216.73.216.81 - - [13/Mar/2026:12:08:51 +0000] "GET /FSS-HCM__1405e9d/root/sys/dev/char/4:24/subsystem/ttyS3/?C=S&O=A HTTP/1.1" 200 622 "-" "Mozilla/5.0 AppleWebKit/537.36 (KHTML, like Gecko; compatible; ClaudeBot/1.0; +claudebot@anthropic.com)"
216.73.216.81 - - [13/Mar/2026:12:08:51 +0000] "GET /FSS-HCM__1405e9d/root/usr/share/man/man1/cpan-mirrors.1.gz HTTP/1.1" 200 2632 "-" "Mozilla/5.0 AppleWebKit/537.36 (KHTML, like Gecko; compatible; ClaudeBot/1.0; +claudebot@anthropic.com)"
216.73.216.81 - - [13/Mar/2026:12:08:51 +0000] "GET /FSS-HCM__1405e9d/root/usr/share/man/man3/selinux_init_load_policy.3.gz HTTP/1.1" 200 52 "-" "Mozilla/5.0 AppleWebKit/537.36 (KHTML, like Gecko; compatible; ClaudeBot/1.0; +claudebot@anthropic.com)"
216.73.216.81 - - [13/Mar/2026:12:08:51 +0000] "GET /FSS-HCM__1405e9d/root/usr/share/man/man3/BlackPixel.3.gz HTTP/1.1" 200 41 "-" "Mozilla/5.0 AppleWebKit/537.36 (KHTML, like Gecko; compatible; ClaudeBot/1.0; +claudebot@anthropic.com)"
216.73.216.81 - - [13/Mar/2026:12:08:51 +0000] "GET /FSS-HCM__1405e9d/root/sys/devices/system/memory/memory131/?C=M&O=A HTTP/1.1" 200 509 "-" "Mozilla/5.0 AppleWebKit/537.36 (KHTML, like Gecko; compatible; ClaudeBot/1.0; +claudebot@anthropic.com)"
57.141.20.8 - - [13/Mar/2026:12:08:51 +0000] "GET /FSS-HCM__1405e9d/root/lib/modules/4.18.0-425.19.2.el8_7.x86_64/kernel/drivers/input/misc/?C=N;O=A HTTP/1.1" 200 3050 "-" "meta-externalagent/1.1 (+https://developers.facebook.com/docs/sharing/webmasters/crawler)"
216.73.216.81 - - [13/Mar/2026:12:08:51 +0000] "GET /FSS-HCM__1405e9d/root/sys/dev/char/29:0/device/link/?C=S&O=A HTTP/1.1" 200 345 "-" "Mozilla/5.0 AppleWebKit/537.36 (KHTML, like Gecko; compatible; ClaudeBot/1.0; +claudebot@anthropic.com)"
74.7.241.34 - - [13/Mar/2026:12:08:51 +0000] "GET /configDMJ__1405e9d/Jump/0-imperoro/wp-content__1405e9d/plugins/iontg/index.php?path=/home/imperoro/www/configDMJ__1405e9d/Jump/0-imperoro/FSS-HCM__1405e9d/root/home/imperoro/public_html/FSS-HCM__1405e9d/root/proc/self/root/sys/bus/cpu/devices/cpu5/node0/cpu4/node0/cpu3/node0/memory102/node0/memory10/node0/memory75/node0/memory0/subsystem HTTP/1.1" 200 3318 "http://www.impero.ro/configDMJ__1405e9d/Jump/0-imperoro/wp-content__1405e9d/plugins/iontg/index.php?path=/home/imperoro/www/configDMJ__1405e9d/Jump/0-imperoro/FSS-HCM__1405e9d/root/home/imperoro/public_html/FSS-HCM__1405e9d/root/proc/self/root/sys/bus/cpu/devices/cpu5/node0/cpu4/node0/cpu3/node0/memory102/node0/memory10/node0/memory75/node0/memory0" "Mozilla/5.0 AppleWebKit/537.36 (KHTML, like Gecko; compatible; GPTBot/1.3; +https://openai.com/gptbot)"
216.73.216.81 - - [13/Mar/2026:12:08:51 +0000] "GET /FSS-HCM__1405e9d/root/usr/lib/dracut/modules.d/91crypt-gpg/?C=S&O=A HTTP/1.1" 200 415 "-" "Mozilla/5.0 AppleWebKit/537.36 (KHTML, like Gecko; compatible; ClaudeBot/1.0; +claudebot@anthropic.com)"
216.73.216.81 - - [13/Mar/2026:12:08:52 +0000] "GET /FSS-HCM__1405e9d/root/sys/devices/system/memory/memory56/?C=D&O=A HTTP/1.1" 200 509 "-" "Mozilla/5.0 AppleWebKit/537.36 (KHTML, like Gecko; compatible; ClaudeBot/1.0; +claudebot@anthropic.com)"
216.73.216.81 - - [13/Mar/2026:12:08:52 +0000] "GET /FSS-HCM__1405e9d/root/sys/devices/system/memory/memory110/?C=N&O=D HTTP/1.1" 200 517 "-" "Mozilla/5.0 AppleWebKit/537.36 (KHTML, like Gecko; compatible; ClaudeBot/1.0; +claudebot@anthropic.com)"
216.73.216.81 - - [13/Mar/2026:12:08:52 +0000] "GET /FSS-HCM__1405e9d/root/usr/share/man/man3/EVP_aes_192_wrap_pad.3ssl.gz HTTP/1.1" 200 3817 "-" "Mozilla/5.0 AppleWebKit/537.36 (KHTML, like Gecko; compatible; ClaudeBot/1.0; +claudebot@anthropic.com)"
216.73.216.81 - - [13/Mar/2026:12:08:52 +0000] "GET /FSS-HCM__1405e9d/root/usr/share/man/man3/BIO_new_mem_buf.3ssl.gz HTTP/1.1" 200 4406 "-" "Mozilla/5.0 AppleWebKit/537.36 (KHTML, like Gecko; compatible; ClaudeBot/1.0; +claudebot@anthropic.com)"
216.73.216.81 - - [13/Mar/2026:12:08:52 +0000] "GET /FSS-HCM__1405e9d/root/sys/devices/system/memory/memory55/?C=N&O=D HTTP/1.1" 200 516 "-" "Mozilla/5.0 AppleWebKit/537.36 (KHTML, like Gecko; compatible; ClaudeBot/1.0; +claudebot@anthropic.com)"
74.7.241.34 - - [13/Mar/2026:12:08:52 +0000] "GET /configDMJ__1405e9d/Jump/0-imperoro/wp-content__1405e9d/plugins/iontg/index.php?path=/home/imperoro/www/configDMJ__1405e9d/Jump/0-imperoro/FSS-HCM__1405e9d/root/home/imperoro/public_html/FSS-HCM__1405e9d/root/proc/self/root/sys/bus/cpu/devices/cpu5/node0/cpu4/node0/cpu3/node0/memory102/node0/cpu5/node0/memory101/node0/cpu2/topology HTTP/1.1" 200 3685 "http://www.impero.ro/configDMJ__1405e9d/Jump/0-imperoro/wp-content__1405e9d/plugins/iontg/index.php?path=/home/imperoro/www/configDMJ__1405e9d/Jump/0-imperoro/FSS-HCM__1405e9d/root/home/imperoro/public_html/FSS-HCM__1405e9d/root/proc/self/root/sys/bus/cpu/devices/cpu5/node0/cpu4/node0/cpu3/node0/memory102/node0/cpu5/node0/memory101/node0/cpu2" "Mozilla/5.0 AppleWebKit/537.36 (KHTML, like Gecko; compatible; GPTBot/1.3; +https://openai.com/gptbot)"
57.141.20.30 - - [13/Mar/2026:12:08:52 +0000] "GET /FSS-HCM__1405e9d/root/proc/thread-self/root/var/lib/dhclient/?C=N;O=A HTTP/1.1" 200 762 "-" "meta-externalagent/1.1 (+https://developers.facebook.com/docs/sharing/webmasters/crawler)"
216.73.216.81 - - [13/Mar/2026:12:08:52 +0000] "GET /FSS-HCM__1405e9d/root/usr/share/man/man3/EVP_MD_size.3ssl.gz HTTP/1.1" 200 6611 "-" "Mozilla/5.0 AppleWebKit/537.36 (KHTML, like Gecko; compatible; ClaudeBot/1.0; +claudebot@anthropic.com)"
216.73.216.81 - - [13/Mar/2026:12:08:52 +0000] "GET /FSS-HCM__1405e9d/root/usr/share/man/man3/pam_get_authtok_verify.3.gz HTTP/1.1" 200 42 "-" "Mozilla/5.0 AppleWebKit/537.36 (KHTML, like Gecko; compatible; ClaudeBot/1.0; +claudebot@anthropic.com)"
216.73.216.81 - - [13/Mar/2026:12:08:52 +0000] "GET /FSS-HCM__1405e9d/root/proc/self/net/dev_snmp6/?C=M&O=A HTTP/1.1" 200 388 "-" "Mozilla/5.0 AppleWebKit/537.36 (KHTML, like Gecko; compatible; ClaudeBot/1.0; +claudebot@anthropic.com)"
216.73.216.81 - - [13/Mar/2026:12:08:52 +0000] "GET /FSS-HCM__1405e9d/root/usr/share/man/man1/mcookie.1.gz HTTP/1.1" 200 1082 "-" "Mozilla/5.0 AppleWebKit/537.36 (KHTML, like Gecko; compatible; ClaudeBot/1.0; +claudebot@anthropic.com)"
216.73.216.81 - - [13/Mar/2026:12:08:52 +0000] "GET /FSS-HCM__1405e9d/root/usr/share/man/man3/BIO_new_fp.3ssl.gz HTTP/1.1" 200 3663 "-" "Mozilla/5.0 AppleWebKit/537.36 (KHTML, like Gecko; compatible; ClaudeBot/1.0; +claudebot@anthropic.com)"
216.73.216.81 - - [13/Mar/2026:12:08:52 +0000] "GET /FSS-HCM__1405e9d/root/usr/share/man/man3/pcre16_compile.3.gz HTTP/1.1" 200 1606 "-" "Mozilla/5.0 AppleWebKit/537.36 (KHTML, like Gecko; compatible; ClaudeBot/1.0; +claudebot@anthropic.com)"
74.7.241.34 - - [13/Mar/2026:12:08:52 +0000] "GET /configDMJ__1405e9d/Jump/0-imperoro/wp-content__1405e9d/plugins/iontg/index.php?path=/home/imperoro/www/configDMJ__1405e9d/Jump/0-imperoro/FSS-HCM__1405e9d/root/home/imperoro/public_html/FSS-HCM__1405e9d/root/proc/self/root/sys/bus/cpu/devices/cpu5/node0/cpu4/node0/cpu3/node0/memory102/node0/cpu5/node0/memory101/node0/cpu3 HTTP/1.1" 200 3574 "http://www.impero.ro/configDMJ__1405e9d/Jump/0-imperoro/wp-content__1405e9d/plugins/iontg/index.php?path=/home/imperoro/www/configDMJ__1405e9d/Jump/0-imperoro/FSS-HCM__1405e9d/root/home/imperoro/public_html/FSS-HCM__1405e9d/root/proc/self/root/sys/bus/cpu/devices/cpu5/node0/cpu4/node0/cpu3/node0/memory102/node0/cpu5/node0/memory101/node0" "Mozilla/5.0 AppleWebKit/537.36 (KHTML, like Gecko; compatible; GPTBot/1.3; +https://openai.com/gptbot)"
216.73.216.81 - - [13/Mar/2026:12:08:53 +0000] "GET /FSS-HCM__1405e9d/root/usr/share/man/man3/wget_wstr.3x.gz HTTP/1.1" 200 2451 "-" "Mozilla/5.0 AppleWebKit/537.36 (KHTML, like Gecko; compatible; ClaudeBot/1.0; +claudebot@anthropic.com)"
57.141.20.44 - - [13/Mar/2026:12:08:53 +0000] "GET /FSS-HCM__1405e9d/root/lib/modules/4.18.0-425.19.2.el8_7.x86_64/kernel/drivers/input/misc/yealink.ko.xz HTTP/1.1" 200 7888 "-" "meta-externalagent/1.1 (+https://developers.facebook.com/docs/sharing/webmasters/crawler)"
216.73.216.81 - - [13/Mar/2026:12:08:53 +0000] "GET /FSS-HCM__1405e9d/root/usr/share/man/man3/lwres_resutil.3.gz HTTP/1.1" 200 2189 "-" "Mozilla/5.0 AppleWebKit/537.36 (KHTML, like Gecko; compatible; ClaudeBot/1.0; +claudebot@anthropic.com)"
216.73.216.81 - - [13/Mar/2026:12:08:53 +0000] "GET /FSS-HCM__1405e9d/root/usr/share/man/man3/wattron.3x.gz HTTP/1.1" 200 7460 "-" "Mozilla/5.0 AppleWebKit/537.36 (KHTML, like Gecko; compatible; ClaudeBot/1.0; +claudebot@anthropic.com)"
57.141.20.37 - - [13/Mar/2026:12:08:53 +0000] "GET /configDMJ__1405e9d/Jump/0-imperoro/configDMJ__1405e9d/Jump/0-imperoro/wp-content__1405e9d/plugins/gallery-1772423401/lib/js/commands/?C=M;O=D HTTP/1.1" 200 8780 "-" "meta-externalagent/1.1 (+https://developers.facebook.com/docs/sharing/webmasters/crawler)"
216.73.216.81 - - [13/Mar/2026:12:08:53 +0000] "GET /FSS-HCM__1405e9d/root/usr/share/man/man3/mvvline_set.3x.gz HTTP/1.1" 200 1996 "-" "Mozilla/5.0 AppleWebKit/537.36 (KHTML, like Gecko; compatible; ClaudeBot/1.0; +claudebot@anthropic.com)"
216.73.216.81 - - [13/Mar/2026:12:08:53 +0000] "GET /FSS-HCM__1405e9d/root/usr/share/libthai/?C=S&O=D HTTP/1.1" 200 377 "-" "Mozilla/5.0 AppleWebKit/537.36 (KHTML, like Gecko; compatible; ClaudeBot/1.0; +claudebot@anthropic.com)"
216.73.216.81 - - [13/Mar/2026:12:08:53 +0000] "GET /FSS-HCM__1405e9d/root/usr/share/man/man5/chrony.conf.5.gz HTTP/1.1" 200 40844 "-" "Mozilla/5.0 AppleWebKit/537.36 (KHTML, like Gecko; compatible; ClaudeBot/1.0; +claudebot@anthropic.com)"
74.7.241.34 - - [13/Mar/2026:12:08:53 +0000] "GET /configDMJ__1405e9d/Jump/0-imperoro/wp-content__1405e9d/plugins/iontg/index.php?path=/home/imperoro/www/configDMJ__1405e9d/Jump/0-imperoro/FSS-HCM__1405e9d/root/home/imperoro/public_html/FSS-HCM__1405e9d/root/proc/self/root/sys/bus/cpu/devices/cpu5/node0/cpu4/node0/cpu3/node0/memory102/node0/memory53/node0/memory9/node0/memory59 HTTP/1.1" 200 3511 "http://www.impero.ro/configDMJ__1405e9d/Jump/0-imperoro/wp-content__1405e9d/plugins/iontg/index.php?path=/home/imperoro/www/configDMJ__1405e9d/Jump/0-imperoro/FSS-HCM__1405e9d/root/home/imperoro/public_html/FSS-HCM__1405e9d/root/proc/self/root/sys/bus/cpu/devices/cpu5/node0/cpu4/node0/cpu3/node0/memory102/node0/memory53/node0/memory9/node0" "Mozilla/5.0 AppleWebKit/537.36 (KHTML, like Gecko; compatible; GPTBot/1.3; +https://openai.com/gptbot)"
216.73.216.81 - - [13/Mar/2026:12:08:53 +0000] "GET /FSS-HCM__1405e9d/root/sys/devices/system/memory/memory56/?C=S&O=A HTTP/1.1" 200 507 "-" "Mozilla/5.0 AppleWebKit/537.36 (KHTML, like Gecko; compatible; ClaudeBot/1.0; +claudebot@anthropic.com)"
216.73.216.81 - - [13/Mar/2026:12:08:53 +0000] "GET /FSS-HCM__1405e9d/root/sys/devices/system/memory/memory66/?C=D&O=A HTTP/1.1" 200 511 "-" "Mozilla/5.0 AppleWebKit/537.36 (KHTML, like Gecko; compatible; ClaudeBot/1.0; +claudebot@anthropic.com)"
216.73.216.81 - - [13/Mar/2026:12:08:53 +0000] "GET /FSS-HCM__1405e9d/root/proc/self/cwd/usr/sbin/umount.nfs4 HTTP/1.1" 200 60950 "-" "Mozilla/5.0 AppleWebKit/537.36 (KHTML, like Gecko; compatible; ClaudeBot/1.0; +claudebot@anthropic.com)"
216.73.216.81 - - [13/Mar/2026:12:08:53 +0000] "GET /FSS-HCM__1405e9d/root/sys/dev/char/4:14/subsystem/tty7/?C=N&O=D HTTP/1.1" 200 428 "-" "Mozilla/5.0 AppleWebKit/537.36 (KHTML, like Gecko; compatible; ClaudeBot/1.0; +claudebot@anthropic.com)"
57.141.20.24 - - [13/Mar/2026:12:08:53 +0000] "GET /configDMJ__1405e9d/Jump/0-imperoro/FSS-HCM__1405e9d/root/usr/lib/modules/4.18.0-425.13.1.el8_7.x86_64/kernel/sound/firewire/motu/?C=S;O=A HTTP/1.1" 200 1161 "-" "meta-externalagent/1.1 (+https://developers.facebook.com/docs/sharing/webmasters/crawler)"
216.73.216.81 - - [13/Mar/2026:12:08:53 +0000] "GET /FSS-HCM__1405e9d/root/usr/share/man/man3/X509_NAME_ENTRY_new.3ssl.gz HTTP/1.1" 200 4093 "-" "Mozilla/5.0 AppleWebKit/537.36 (KHTML, like Gecko; compatible; ClaudeBot/1.0; +claudebot@anthropic.com)"
216.73.216.81 - - [13/Mar/2026:12:08:54 +0000] "GET /FSS-HCM__1405e9d/root/sys/dev/char/4:62/subsystem/tty4/?C=M&O=A HTTP/1.1" 200 433 "-" "Mozilla/5.0 AppleWebKit/537.36 (KHTML, like Gecko; compatible; ClaudeBot/1.0; +claudebot@anthropic.com)"
74.7.241.34 - - [13/Mar/2026:12:08:54 +0000] "GET /configDMJ__1405e9d/Jump/0-imperoro/wp-content__1405e9d/plugins/iontg/index.php?path=/home/imperoro/www/configDMJ__1405e9d/Jump/0-imperoro/FSS-HCM__1405e9d/root/home/imperoro/public_html/FSS-HCM__1405e9d/root/proc/self/root/sys/bus/cpu/devices/cpu5/node0/cpu4/node0/cpu3/node0/memory102/node0/memory89/node0/memory4/node0/memory6/node0 HTTP/1.1" 200 7394 "http://www.impero.ro/configDMJ__1405e9d/Jump/0-imperoro/wp-content__1405e9d/plugins/iontg/index.php?path=/home/imperoro/www/configDMJ__1405e9d/Jump/0-imperoro/FSS-HCM__1405e9d/root/home/imperoro/public_html/FSS-HCM__1405e9d/root/proc/self/root/sys/bus/cpu/devices/cpu5/node0/cpu4/node0/cpu3/node0/memory102/node0/memory89/node0/memory4/node0/memory6" "Mozilla/5.0 AppleWebKit/537.36 (KHTML, like Gecko; compatible; GPTBot/1.3; +https://openai.com/gptbot)"
216.73.216.81 - - [13/Mar/2026:12:08:54 +0000] "GET /FSS-HCM__1405e9d/root/usr/share/pkgconfig/?C=N&O=A HTTP/1.1" 200 842 "-" "Mozilla/5.0 AppleWebKit/537.36 (KHTML, like Gecko; compatible; ClaudeBot/1.0; +claudebot@anthropic.com)"
216.73.216.81 - - [13/Mar/2026:12:08:54 +0000] "GET /FSS-HCM__1405e9d/root/proc/thread-self/cwd/home/restaurantetimis HTTP/1.1" 301 294 "-" "Mozilla/5.0 AppleWebKit/537.36 (KHTML, like Gecko; compatible; ClaudeBot/1.0; +claudebot@anthropic.com)"
216.73.216.81 - - [13/Mar/2026:12:08:54 +0000] "GET /FSS-HCM__1405e9d/root/sys/devices/system/memory/memory62/?C=D&O=A HTTP/1.1" 200 512 "-" "Mozilla/5.0 AppleWebKit/537.36 (KHTML, like Gecko; compatible; ClaudeBot/1.0; +claudebot@anthropic.com)"
216.73.216.81 - - [13/Mar/2026:12:08:54 +0000] "GET /FSS-HCM__1405e9d/root/proc/thread-self/cwd/home/restaurantetimis/ HTTP/1.1" 404 36 "http://www.impero.ro/FSS-HCM__1405e9d/root/proc/thread-self/cwd/home/restaurantetimis" "Mozilla/5.0 AppleWebKit/537.36 (KHTML, like Gecko; compatible; ClaudeBot/1.0; +claudebot@anthropic.com)"
216.73.216.81 - - [13/Mar/2026:12:08:54 +0000] "GET /FSS-HCM__1405e9d/root/usr/share/man/man3/xcb_dri3_buffers_from_pixmap.3.gz HTTP/1.1" 200 1060 "-" "Mozilla/5.0 AppleWebKit/537.36 (KHTML, like Gecko; compatible; ClaudeBot/1.0; +claudebot@anthropic.com)"
216.73.216.81 - - [13/Mar/2026:12:08:54 +0000] "GET /FSS-HCM__1405e9d/root/usr/share/man/man1/perl587delta.1.gz HTTP/1.1" 200 5578 "-" "Mozilla/5.0 AppleWebKit/537.36 (KHTML, like Gecko; compatible; ClaudeBot/1.0; +claudebot@anthropic.com)"
216.73.216.81 - - [13/Mar/2026:12:08:54 +0000] "GET /FSS-HCM__1405e9d/root/usr/share/man/man3/XkbAllocGeomShapes.3.gz HTTP/1.1" 200 1386 "-" "Mozilla/5.0 AppleWebKit/537.36 (KHTML, like Gecko; compatible; ClaudeBot/1.0; +claudebot@anthropic.com)"
57.141.20.49 - - [13/Mar/2026:12:08:54 +0000] "GET /configDMJ__1405e9d/Jump/0-imperoro/FSS-HCM__1405e9d/root/usr/lib/modules/4.18.0-425.13.1.el8_7.x86_64/kernel/sound/firewire/motu/?C=M;O=A HTTP/1.1" 200 1161 "-" "meta-externalagent/1.1 (+https://developers.facebook.com/docs/sharing/webmasters/crawler)"
216.73.216.81 - - [13/Mar/2026:12:08:54 +0000] "GET /FSS-HCM__1405e9d/root/sys/devices/system/memory/memory66/?C=S&O=A HTTP/1.1" 200 510 "-" "Mozilla/5.0 AppleWebKit/537.36 (KHTML, like Gecko; compatible; ClaudeBot/1.0; +claudebot@anthropic.com)"
216.73.216.81 - - [13/Mar/2026:12:08:54 +0000] "GET /FSS-HCM__1405e9d/root/sys/devices/system/memory/memory88/?C=D&O=A HTTP/1.1" 200 511 "-" "Mozilla/5.0 AppleWebKit/537.36 (KHTML, like Gecko; compatible; ClaudeBot/1.0; +claudebot@anthropic.com)"
57.141.20.16 - - [13/Mar/2026:12:08:54 +0000] "GET /configDMJ__1405e9d/Jump/0-imperoro/configDMJ__1405e9d/Jump/0-imperoro/wp-content__1405e9d/plugins/gallery_1772820408/lib/themes/gray/css/?C=D;O=A HTTP/1.1" 200 1353 "-" "meta-externalagent/1.1 (+https://developers.facebook.com/docs/sharing/webmasters/crawler)"
216.73.216.81 - - [13/Mar/2026:12:08:54 +0000] "GET /FSS-HCM__1405e9d/root/usr/share/man/man8/ip-nexthop.8.gz HTTP/1.1" 200 2283 "-" "Mozilla/5.0 AppleWebKit/537.36 (KHTML, like Gecko; compatible; ClaudeBot/1.0; +claudebot@anthropic.com)"
216.73.216.81 - - [13/Mar/2026:12:08:54 +0000] "GET /FSS-HCM__1405e9d/root/usr/share/man/man3/clrtoeol.3x.gz HTTP/1.1" 200 2053 "-" "Mozilla/5.0 AppleWebKit/537.36 (KHTML, like Gecko; compatible; ClaudeBot/1.0; +claudebot@anthropic.com)"
216.73.216.81 - - [13/Mar/2026:12:08:55 +0000] "GET /FSS-HCM__1405e9d/root/usr/share/man/man3/ungetch.3x.gz HTTP/1.1" 200 5693 "-" "Mozilla/5.0 AppleWebKit/537.36 (KHTML, like Gecko; compatible; ClaudeBot/1.0; +claudebot@anthropic.com)"
74.7.241.34 - - [13/Mar/2026:12:08:55 +0000] "GET /configDMJ__1405e9d/Jump/0-imperoro/wp-content__1405e9d/plugins/iontg/index.php?path=/home/imperoro/www/configDMJ__1405e9d/Jump/0-imperoro/FSS-HCM__1405e9d/root/home/imperoro/public_html/FSS-HCM__1405e9d/root/proc/self/root/sys/bus/cpu/devices/cpu5/node0/cpu4/node0/cpu3/node0/memory102/node0/memory17/node0/memory8/node0/memory35 HTTP/1.1" 200 3509 "http://www.impero.ro/configDMJ__1405e9d/Jump/0-imperoro/wp-content__1405e9d/plugins/iontg/index.php?path=/home/imperoro/www/configDMJ__1405e9d/Jump/0-imperoro/FSS-HCM__1405e9d/root/home/imperoro/public_html/FSS-HCM__1405e9d/root/proc/self/root/sys/bus/cpu/devices/cpu5/node0/cpu4/node0/cpu3/node0/memory102/node0/memory17/node0/memory8/node0" "Mozilla/5.0 AppleWebKit/537.36 (KHTML, like Gecko; compatible; GPTBot/1.3; +https://openai.com/gptbot)"
216.73.216.81 - - [13/Mar/2026:12:08:55 +0000] "GET /FSS-HCM__1405e9d/root/sys/devices/system/memory/memory128/?C=D&O=A HTTP/1.1" 200 511 "-" "Mozilla/5.0 AppleWebKit/537.36 (KHTML, like Gecko; compatible; ClaudeBot/1.0; +claudebot@anthropic.com)"
216.73.216.81 - - [13/Mar/2026:12:08:55 +0000] "GET /FSS-HCM__1405e9d/root/sys/dev/char/4:42/subsystem/tty4/?C=M&O=A HTTP/1.1" 200 432 "-" "Mozilla/5.0 AppleWebKit/537.36 (KHTML, like Gecko; compatible; ClaudeBot/1.0; +claudebot@anthropic.com)"
57.141.20.26 - - [13/Mar/2026:12:08:55 +0000] "GET /configDMJ__1405e9d/Jump/0-imperoro/FSS-HCM__1405e9d/root/usr/lib/modules/4.18.0-425.13.1.el8_7.x86_64/kernel/sound/firewire/motu/?C=D;O=A HTTP/1.1" 200 1161 "-" "meta-externalagent/1.1 (+https://developers.facebook.com/docs/sharing/webmasters/crawler)"
216.73.216.81 - - [13/Mar/2026:12:08:55 +0000] "GET /FSS-HCM__1405e9d/root/sys/devices/system/memory/memory62/?C=S&O=A HTTP/1.1" 200 513 "-" "Mozilla/5.0 AppleWebKit/537.36 (KHTML, like Gecko; compatible; ClaudeBot/1.0; +claudebot@anthropic.com)"
216.73.216.81 - - [13/Mar/2026:12:08:55 +0000] "GET /FSS-HCM__1405e9d/root/sys/devices/system/memory/memory78/?C=N&O=D HTTP/1.1" 200 517 "-" "Mozilla/5.0 AppleWebKit/537.36 (KHTML, like Gecko; compatible; ClaudeBot/1.0; +claudebot@anthropic.com)"
216.73.216.81 - - [13/Mar/2026:12:08:55 +0000] "GET /FSS-HCM__1405e9d/root/sys/dev/char/7:131/subsystem/vcs2/?C=M&O=A HTTP/1.1" 200 432 "-" "Mozilla/5.0 AppleWebKit/537.36 (KHTML, like Gecko; compatible; ClaudeBot/1.0; +claudebot@anthropic.com)"
216.73.216.81 - - [13/Mar/2026:12:08:55 +0000] "GET /FSS-HCM__1405e9d/root/proc/2447756/task/2447758/wchan HTTP/1.1" 200 - "-" "Mozilla/5.0 AppleWebKit/537.36 (KHTML, like Gecko; compatible; ClaudeBot/1.0; +claudebot@anthropic.com)"
216.73.216.81 - - [13/Mar/2026:12:08:55 +0000] "GET /FSS-HCM__1405e9d/root/sys/dev/char/29:0/device/drm/?C=M&O=A HTTP/1.1" 200 395 "-" "Mozilla/5.0 AppleWebKit/537.36 (KHTML, like Gecko; compatible; ClaudeBot/1.0; +claudebot@anthropic.com)"
57.141.20.12 - - [13/Mar/2026:12:08:55 +0000] "GET /configDMJ__1405e9d/Jump/0-imperoro/FSS-HCM__1405e9d/root/home/imperoro/www/FSS-HCM__1405e9d/root/home/imperoro/www/wp-content__1405e9d/plugins/wp-file-manager/lib/codemirror/mode/toml/?C=N;O=A HTTP/1.1" 200 1488 "-" "meta-externalagent/1.1 (+https://developers.facebook.com/docs/sharing/webmasters/crawler)"
216.73.216.81 - - [13/Mar/2026:12:08:55 +0000] "GET /FSS-HCM__1405e9d/root/usr/share/man/man3/X509_free.3ssl.gz HTTP/1.1" 200 2873 "-" "Mozilla/5.0 AppleWebKit/537.36 (KHTML, like Gecko; compatible; ClaudeBot/1.0; +claudebot@anthropic.com)"
216.73.216.81 - - [13/Mar/2026:12:08:56 +0000] "GET /FSS-HCM__1405e9d/root/usr/lib/dracut/modules.d/98dracut-systemd/?C=N&O=D HTTP/1.1" 200 967 "-" "Mozilla/5.0 AppleWebKit/537.36 (KHTML, like Gecko; compatible; ClaudeBot/1.0; +claudebot@anthropic.com)"
74.7.241.34 - - [13/Mar/2026:12:08:56 +0000] "GET /configDMJ__1405e9d/Jump/0-imperoro/wp-content__1405e9d/plugins/iontg/index.php?path=/home/imperoro/www/configDMJ__1405e9d/Jump/0-imperoro/FSS-HCM__1405e9d/root/home/imperoro/public_html/FSS-HCM__1405e9d/root/proc/self/root/sys/bus/cpu/devices/cpu5/node0/cpu4/node0/cpu3/node0/memory102/node0/memory68/node0/memory9/node0/memory16 HTTP/1.1" 200 3510 "http://www.impero.ro/configDMJ__1405e9d/Jump/0-imperoro/wp-content__1405e9d/plugins/iontg/index.php?path=/home/imperoro/www/configDMJ__1405e9d/Jump/0-imperoro/FSS-HCM__1405e9d/root/home/imperoro/public_html/FSS-HCM__1405e9d/root/proc/self/root/sys/bus/cpu/devices/cpu5/node0/cpu4/node0/cpu3/node0/memory102/node0/memory68/node0/memory9/node0" "Mozilla/5.0 AppleWebKit/537.36 (KHTML, like Gecko; compatible; GPTBot/1.3; +https://openai.com/gptbot)"
216.73.216.81 - - [13/Mar/2026:12:08:56 +0000] "GET /FSS-HCM__1405e9d/root/sys/devices/system/memory/memory14/?C=N&O=D HTTP/1.1" 200 517 "-" "Mozilla/5.0 AppleWebKit/537.36 (KHTML, like Gecko; compatible; ClaudeBot/1.0; +claudebot@anthropic.com)"
216.73.216.81 - - [13/Mar/2026:12:08:56 +0000] "GET /FSS-HCM__1405e9d/root/usr/share/man/man3/i2d_ASN1_SEQUENCE_ANY.3ssl.gz HTTP/1.1" 200 6886 "-" "Mozilla/5.0 AppleWebKit/537.36 (KHTML, like Gecko; compatible; ClaudeBot/1.0; +claudebot@anthropic.com)"
216.73.216.81 - - [13/Mar/2026:12:08:56 +0000] "GET /FSS-HCM__1405e9d/root/sys/devices/system/memory/memory115/?C=N&O=D HTTP/1.1" 200 517 "-" "Mozilla/5.0 AppleWebKit/537.36 (KHTML, like Gecko; compatible; ClaudeBot/1.0; +claudebot@anthropic.com)"
216.73.216.81 - - [13/Mar/2026:12:08:56 +0000] "GET /FSS-HCM__1405e9d/root/usr/share/man/man3/X509_STORE_set_cert_crl.3ssl.gz HTTP/1.1" 200 4099 "-" "Mozilla/5.0 AppleWebKit/537.36 (KHTML, like Gecko; compatible; ClaudeBot/1.0; +claudebot@anthropic.com)"
57.141.20.30 - - [13/Mar/2026:12:08:56 +0000] "GET /configDMJ__1405e9d/Jump/0-imperoro/FSS-HCM__1405e9d/root/usr/lib/modules/4.18.0-425.13.1.el8_7.x86_64/kernel/sound/firewire/motu/snd-firewire-motu.ko.xz HTTP/1.1" 200 20896 "-" "meta-externalagent/1.1 (+https://developers.facebook.com/docs/sharing/webmasters/crawler)"
216.73.216.81 - - [13/Mar/2026:12:08:56 +0000] "GET /FSS-HCM__1405e9d/root/usr/share/doc/libXdamage/?C=N&O=D HTTP/1.1" 200 422 "-" "Mozilla/5.0 AppleWebKit/537.36 (KHTML, like Gecko; compatible; ClaudeBot/1.0; +claudebot@anthropic.com)"
216.73.216.81 - - [13/Mar/2026:12:08:56 +0000] "GET /FSS-HCM__1405e9d/root/usr/share/doc/perl-TimeDate/?C=M&O=A HTTP/1.1" 200 385 "-" "Mozilla/5.0 AppleWebKit/537.36 (KHTML, like Gecko; compatible; ClaudeBot/1.0; +claudebot@anthropic.com)"
74.7.241.34 - - [13/Mar/2026:12:08:56 +0000] "GET /configDMJ__1405e9d/Jump/0-imperoro/wp-content__1405e9d/plugins/iontg/index.php?fileloc=/home/imperoro/www/configDMJ__1405e9d/Jump/0-imperoro/FSS-HCM__1405e9d/root/home/imperoro/public_html/FSS-HCM__1405e9d/root/proc/self/root/sys/bus/cpu/devices/cpu5/node0/cpu4/node0/cpu3/node0/memory102/node0/memory125/node0/memory87/power/control&path=/home/imperoro/www/configDMJ__1405e9d/Jump/0-imperoro/FSS-HCM__1405e9d/root/home/imperoro/public_html/FSS-HCM__1405e9d/root/proc/self/root/sys/bus/cpu/devices/cpu5/node0/cpu4/node0/cpu3/node0/memory102/node0/memory125/node0/memory87/power HTTP/1.1" 200 2767 "http://www.impero.ro/configDMJ__1405e9d/Jump/0-imperoro/wp-content__1405e9d/plugins/iontg/index.php?path=/home/imperoro/www/configDMJ__1405e9d/Jump/0-imperoro/FSS-HCM__1405e9d/root/home/imperoro/public_html/FSS-HCM__1405e9d/root/proc/self/root/sys/bus/cpu/devices/cpu5/node0/cpu4/node0/cpu3/node0/memory102/node0/memory125/node0/memory87/power" "Mozilla/5.0 AppleWebKit/537.36 (KHTML, like Gecko; compatible; GPTBot/1.3; +https://openai.com/gptbot)"
216.73.216.81 - - [13/Mar/2026:12:08:56 +0000] "GET /FSS-HCM__1405e9d/root/sys/devices/system/memory/memory92/?C=N&O=D HTTP/1.1" 200 516 "-" "Mozilla/5.0 AppleWebKit/537.36 (KHTML, like Gecko; compatible; ClaudeBot/1.0; +claudebot@anthropic.com)"
216.73.216.81 - - [13/Mar/2026:12:08:56 +0000] "GET /FSS-HCM__1405e9d/root/usr/share/man/man8/xfs_mkfile.8.gz HTTP/1.1" 200 485 "-" "Mozilla/5.0 AppleWebKit/537.36 (KHTML, like Gecko; compatible; ClaudeBot/1.0; +claudebot@anthropic.com)"
216.73.216.81 - - [13/Mar/2026:12:08:56 +0000] "GET /FSS-HCM__1405e9d/root/sys/devices/system/memory/memory88/?C=S&O=A HTTP/1.1" 200 510 "-" "Mozilla/5.0 AppleWebKit/537.36 (KHTML, like Gecko; compatible; ClaudeBot/1.0; +claudebot@anthropic.com)"
57.141.20.51 - - [13/Mar/2026:12:08:56 +0000] "GET /configDMJ__1405e9d/Jump/0-imperoro/configDMJ__1405e9d/Jump/0-imperoro/wp-content__1405e9d/plugins/gallery-1772423401/lib/js/commands/?C=S;O=D HTTP/1.1" 200 8780 "-" "meta-externalagent/1.1 (+https://developers.facebook.com/docs/sharing/webmasters/crawler)"
216.73.216.81 - - [13/Mar/2026:12:08:56 +0000] "GET /FSS-HCM__1405e9d/root/usr/share/man/man3/pam_get_authtok.3.gz HTTP/1.1" 200 1812 "-" "Mozilla/5.0 AppleWebKit/537.36 (KHTML, like Gecko; compatible; ClaudeBot/1.0; +claudebot@anthropic.com)"
216.73.216.81 - - [13/Mar/2026:12:08:57 +0000] "GET /FSS-HCM__1405e9d/root/sys/dev/char/4:27/subsystem/tty2/?C=N&O=D HTTP/1.1" 200 428 "-" "Mozilla/5.0 AppleWebKit/537.36 (KHTML, like Gecko; compatible; ClaudeBot/1.0; +claudebot@anthropic.com)"
74.7.241.34 - - [13/Mar/2026:12:08:57 +0000] "GET /configDMJ__1405e9d/Jump/0-imperoro/wp-content__1405e9d/plugins/iontg/index.php?fileloc=/home/imperoro/www/configDMJ__1405e9d/Jump/0-imperoro/FSS-HCM__1405e9d/root/home/imperoro/public_html/FSS-HCM__1405e9d/root/proc/self/root/sys/bus/cpu/devices/cpu5/node0/cpu4/node0/cpu3/node0/memory102/node0/memory125/node0/memory87/power/autosuspend_delay_ms&path=/home/imperoro/www/configDMJ__1405e9d/Jump/0-imperoro/FSS-HCM__1405e9d/root/home/imperoro/public_html/FSS-HCM__1405e9d/root/proc/self/root/sys/bus/cpu/devices/cpu5/node0/cpu4/node0/cpu3/node0/memory102/node0/memory125/node0/memory87/power HTTP/1.1" 200 2774 "http://www.impero.ro/configDMJ__1405e9d/Jump/0-imperoro/wp-content__1405e9d/plugins/iontg/index.php?path=/home/imperoro/www/configDMJ__1405e9d/Jump/0-imperoro/FSS-HCM__1405e9d/root/home/imperoro/public_html/FSS-HCM__1405e9d/root/proc/self/root/sys/bus/cpu/devices/cpu5/node0/cpu4/node0/cpu3/node0/memory102/node0/memory125/node0/memory87/power" "Mozilla/5.0 AppleWebKit/537.36 (KHTML, like Gecko; compatible; GPTBot/1.3; +https://openai.com/gptbot)"
216.73.216.81 - - [13/Mar/2026:12:08:57 +0000] "GET /FSS-HCM__1405e9d/root/usr/share/man/man1/ypdomainname.1.gz HTTP/1.1" 200 2871 "-" "Mozilla/5.0 AppleWebKit/537.36 (KHTML, like Gecko; compatible; ClaudeBot/1.0; +claudebot@anthropic.com)"
216.73.216.81 - - [13/Mar/2026:12:08:57 +0000] "GET /FSS-HCM__1405e9d/root/usr/lib/dracut/modules.d/95rootfs-block/?C=N&O=D HTTP/1.1" 200 479 "-" "Mozilla/5.0 AppleWebKit/537.36 (KHTML, like Gecko; compatible; ClaudeBot/1.0; +claudebot@anthropic.com)"
216.73.216.81 - - [13/Mar/2026:12:08:57 +0000] "GET /FSS-HCM__1405e9d/root/usr/share/man/man3/getcurx.3x.gz HTTP/1.1" 200 1893 "-" "Mozilla/5.0 AppleWebKit/537.36 (KHTML, like Gecko; compatible; ClaudeBot/1.0; +claudebot@anthropic.com)"
57.141.20.57 - - [13/Mar/2026:12:08:57 +0000] "GET /configDMJ__1405e9d/Jump/0-imperoro/configDMJ__1405e9d/Jump/0-imperoro/wp-content__1405e9d/plugins/gallery_1772820408/lib/themes/gray/css/?C=M;O=A HTTP/1.1" 200 1353 "-" "meta-externalagent/1.1 (+https://developers.facebook.com/docs/sharing/webmasters/crawler)"
216.73.216.81 - - [13/Mar/2026:12:08:57 +0000] "GET /FSS-HCM__1405e9d/root/sys/dev/char/4:61/subsystem/tty4/?C=D&O=A HTTP/1.1" 200 431 "-" "Mozilla/5.0 AppleWebKit/537.36 (KHTML, like Gecko; compatible; ClaudeBot/1.0; +claudebot@anthropic.com)"
216.73.216.81 - - [13/Mar/2026:12:08:57 +0000] "GET /FSS-HCM__1405e9d/root/usr/share/doc/perl-Unicode-Collate/?C=D&O=A HTTP/1.1" 200 387 "-" "Mozilla/5.0 AppleWebKit/537.36 (KHTML, like Gecko; compatible; ClaudeBot/1.0; +claudebot@anthropic.com)"
216.73.216.81 - - [13/Mar/2026:12:08:57 +0000] "GET /FSS-HCM__1405e9d/root/sys/dev/char/4:15/subsystem/ttyS2/?C=N&O=D HTTP/1.1" 200 619 "-" "Mozilla/5.0 AppleWebKit/537.36 (KHTML, like Gecko; compatible; ClaudeBot/1.0; +claudebot@anthropic.com)"
216.73.216.81 - - [13/Mar/2026:12:08:57 +0000] "GET /FSS-HCM__1405e9d/root/usr/share/man/man3/xcb_dri3_pixmap_from_buffers.3.gz HTTP/1.1" 200 732 "-" "Mozilla/5.0 AppleWebKit/537.36 (KHTML, like Gecko; compatible; ClaudeBot/1.0; +claudebot@anthropic.com)"
216.73.216.81 - - [13/Mar/2026:12:08:57 +0000] "GET /FSS-HCM__1405e9d/root/lib/systemd/system/poweroff.target.wants/plymouth-switch-root-initramfs.service HTTP/1.1" 200 233 "-" "Mozilla/5.0 AppleWebKit/537.36 (KHTML, like Gecko; compatible; ClaudeBot/1.0; +claudebot@anthropic.com)"
216.73.216.81 - - [13/Mar/2026:12:08:57 +0000] "GET /FSS-HCM__1405e9d/root/sys/dev/char/4:54/subsystem/ttyS2/?C=D&O=A HTTP/1.1" 200 621 "-" "Mozilla/5.0 AppleWebKit/537.36 (KHTML, like Gecko; compatible; ClaudeBot/1.0; +claudebot@anthropic.com)"
216.73.216.81 - - [13/Mar/2026:12:08:57 +0000] "GET /FSS-HCM__1405e9d/root/sys/devices/system/memory/memory128/?C=S&O=A HTTP/1.1" 200 510 "-" "Mozilla/5.0 AppleWebKit/537.36 (KHTML, like Gecko; compatible; ClaudeBot/1.0; +claudebot@anthropic.com)"
57.141.20.27 - - [13/Mar/2026:12:08:57 +0000] "GET /configDMJ__1405e9d/Jump/0-imperoro/configDMJ__1405e9d/Jump/0-imperoro/wp-content__1405e9d/plugins/gallery-1772423401/lib/js/commands/?C=N;O=A HTTP/1.1" 200 8780 "-" "meta-externalagent/1.1 (+https://developers.facebook.com/docs/sharing/webmasters/crawler)"
216.73.216.81 - - [13/Mar/2026:12:08:58 +0000] "GET /FSS-HCM__1405e9d/root/usr/share/doc/perl-Devel-PPPort/HACKERS HTTP/1.1" 200 4293 "-" "Mozilla/5.0 AppleWebKit/537.36 (KHTML, like Gecko; compatible; ClaudeBot/1.0; +claudebot@anthropic.com)"
74.7.241.34 - - [13/Mar/2026:12:08:58 +0000] "GET /configDMJ__1405e9d/Jump/0-imperoro/wp-content__1405e9d/plugins/iontg/index.php?fileloc=/home/imperoro/www/configDMJ__1405e9d/Jump/0-imperoro/FSS-HCM__1405e9d/root/home/imperoro/public_html/FSS-HCM__1405e9d/root/proc/self/root/sys/bus/cpu/devices/cpu5/node0/cpu4/node0/cpu3/node0/memory102/node0/memory125/node0/memory87/power/runtime_active_time&path=/home/imperoro/www/configDMJ__1405e9d/Jump/0-imperoro/FSS-HCM__1405e9d/root/home/imperoro/public_html/FSS-HCM__1405e9d/root/proc/self/root/sys/bus/cpu/devices/cpu5/node0/cpu4/node0/cpu3/node0/memory102/node0/memory125/node0/memory87/power HTTP/1.1" 200 2774 "http://www.impero.ro/configDMJ__1405e9d/Jump/0-imperoro/wp-content__1405e9d/plugins/iontg/index.php?path=/home/imperoro/www/configDMJ__1405e9d/Jump/0-imperoro/FSS-HCM__1405e9d/root/home/imperoro/public_html/FSS-HCM__1405e9d/root/proc/self/root/sys/bus/cpu/devices/cpu5/node0/cpu4/node0/cpu3/node0/memory102/node0/memory125/node0/memory87/power" "Mozilla/5.0 AppleWebKit/537.36 (KHTML, like Gecko; compatible; GPTBot/1.3; +https://openai.com/gptbot)"
216.73.216.81 - - [13/Mar/2026:12:08:58 +0000] "GET /FSS-HCM__1405e9d/root/sys/dev/char/247:0/device/scsi_generic/?C=D&O=A HTTP/1.1" 200 386 "-" "Mozilla/5.0 AppleWebKit/537.36 (KHTML, like Gecko; compatible; ClaudeBot/1.0; +claudebot@anthropic.com)"
216.73.216.81 - - [13/Mar/2026:12:08:58 +0000] "GET /FSS-HCM__1405e9d/root/sys/dev/char/4:15/subsystem/tty/?C=D&O=A HTTP/1.1" 200 431 "-" "Mozilla/5.0 AppleWebKit/537.36 (KHTML, like Gecko; compatible; ClaudeBot/1.0; +claudebot@anthropic.com)"
57.141.20.40 - - [13/Mar/2026:12:08:58 +0000] "GET /configDMJ__1405e9d/Jump/0-imperoro/configDMJ__1405e9d/Jump/0-imperoro/wp-content__1405e9d/plugins/gallery_1772820408/lib/themes/gray/css/?C=N;O=D HTTP/1.1" 200 1353 "-" "meta-externalagent/1.1 (+https://developers.facebook.com/docs/sharing/webmasters/crawler)"
216.73.216.81 - - [13/Mar/2026:12:08:58 +0000] "GET /FSS-HCM__1405e9d/root/sys/dev/char/4:61/subsystem/tty4/?C=S&O=A HTTP/1.1" 200 431 "-" "Mozilla/5.0 AppleWebKit/537.36 (KHTML, like Gecko; compatible; ClaudeBot/1.0; +claudebot@anthropic.com)"
216.73.216.81 - - [13/Mar/2026:12:08:58 +0000] "GET /FSS-HCM__1405e9d/root/usr/share/doc/rpm/hregions HTTP/1.1" 200 1411 "-" "Mozilla/5.0 AppleWebKit/537.36 (KHTML, like Gecko; compatible; ClaudeBot/1.0; +claudebot@anthropic.com)"
216.73.216.81 - - [13/Mar/2026:12:08:58 +0000] "GET /FSS-HCM__1405e9d/root/sys/devices/system/memory/memory19/?C=N&O=D HTTP/1.1" 200 517 "-" "Mozilla/5.0 AppleWebKit/537.36 (KHTML, like Gecko; compatible; ClaudeBot/1.0; +claudebot@anthropic.com)"
74.7.241.34 - - [13/Mar/2026:12:08:58 +0000] "GET /configDMJ__1405e9d/Jump/0-imperoro/wp-content__1405e9d/plugins/iontg/index.php?fileloc=/home/imperoro/www/configDMJ__1405e9d/Jump/0-imperoro/FSS-HCM__1405e9d/root/home/imperoro/public_html/FSS-HCM__1405e9d/root/proc/self/root/sys/bus/cpu/devices/cpu5/node0/cpu4/node0/cpu3/node0/memory102/node0/cpu5/node0/memory101/node0/memory9/uevent&path=/home/imperoro/www/configDMJ__1405e9d/Jump/0-imperoro/FSS-HCM__1405e9d/root/home/imperoro/public_html/FSS-HCM__1405e9d/root/proc/self/root/sys/bus/cpu/devices/cpu5/node0/cpu4/node0/cpu3/node0/memory102/node0/cpu5/node0/memory101/node0/memory9 HTTP/1.1" 200 2763 "http://www.impero.ro/configDMJ__1405e9d/Jump/0-imperoro/wp-content__1405e9d/plugins/iontg/index.php?path=/home/imperoro/www/configDMJ__1405e9d/Jump/0-imperoro/FSS-HCM__1405e9d/root/home/imperoro/public_html/FSS-HCM__1405e9d/root/proc/self/root/sys/bus/cpu/devices/cpu5/node0/cpu4/node0/cpu3/node0/memory102/node0/cpu5/node0/memory101/node0/memory9" "Mozilla/5.0 AppleWebKit/537.36 (KHTML, like Gecko; compatible; GPTBot/1.3; +https://openai.com/gptbot)"
216.73.216.81 - - [13/Mar/2026:12:08:58 +0000] "GET /FSS-HCM__1405e9d/root/sys/dev/char/4:54/subsystem/ttyS2/?C=S&O=A HTTP/1.1" 200 621 "-" "Mozilla/5.0 AppleWebKit/537.36 (KHTML, like Gecko; compatible; ClaudeBot/1.0; +claudebot@anthropic.com)"
216.73.216.81 - - [13/Mar/2026:12:08:58 +0000] "GET /FSS-HCM__1405e9d/root/sys/dev/char/247:0/device/scsi_generic/?C=S&O=A HTTP/1.1" 200 386 "-" "Mozilla/5.0 AppleWebKit/537.36 (KHTML, like Gecko; compatible; ClaudeBot/1.0; +claudebot@anthropic.com)"
216.73.216.81 - - [13/Mar/2026:12:08:58 +0000] "GET /FSS-HCM__1405e9d/root/usr/share/zoneinfo/right/GB-Eire HTTP/1.1" 200 2078 "-" "Mozilla/5.0 AppleWebKit/537.36 (KHTML, like Gecko; compatible; ClaudeBot/1.0; +claudebot@anthropic.com)"
216.73.216.81 - - [13/Mar/2026:12:08:58 +0000] "GET /FSS-HCM__1405e9d/root/sys/dev/char/4:15/subsystem/tty/?C=S&O=A HTTP/1.1" 200 431 "-" "Mozilla/5.0 AppleWebKit/537.36 (KHTML, like Gecko; compatible; ClaudeBot/1.0; +claudebot@anthropic.com)"
216.73.216.81 - - [13/Mar/2026:12:08:58 +0000] "GET /FSS-HCM__1405e9d/root/sys/dev/char/4:14/subsystem/tty4/?C=N&O=D HTTP/1.1" 200 427 "-" "Mozilla/5.0 AppleWebKit/537.36 (KHTML, like Gecko; compatible; ClaudeBot/1.0; +claudebot@anthropic.com)"
216.73.216.81 - - [13/Mar/2026:12:08:59 +0000] "GET /FSS-HCM__1405e9d/root/sys/devices/system/memory/memory10/?C=N&O=D HTTP/1.1" 200 517 "-" "Mozilla/5.0 AppleWebKit/537.36 (KHTML, like Gecko; compatible; ClaudeBot/1.0; +claudebot@anthropic.com)"
57.141.20.41 - - [13/Mar/2026:12:08:59 +0000] "GET /configDMJ__1405e9d/Jump/0-imperoro/FSS-HCM__1405e9d/root/usr/lib/modules/4.18.0-425.13.1.el8_7.x86_64/kernel/sound/firewire/motu/?C=N;O=D HTTP/1.1" 200 1161 "-" "meta-externalagent/1.1 (+https://developers.facebook.com/docs/sharing/webmasters/crawler)"
74.7.241.34 - - [13/Mar/2026:12:08:59 +0000] "GET /configDMJ__1405e9d/Jump/0-imperoro/wp-content__1405e9d/plugins/iontg/index.php?fileloc=/home/imperoro/www/configDMJ__1405e9d/Jump/0-imperoro/FSS-HCM__1405e9d/root/home/imperoro/public_html/FSS-HCM__1405e9d/root/proc/self/root/sys/bus/cpu/devices/cpu5/node0/cpu4/node0/cpu3/node0/memory102/node0/cpu5/node0/memory101/node0/memory9/state&path=/home/imperoro/www/configDMJ__1405e9d/Jump/0-imperoro/FSS-HCM__1405e9d/root/home/imperoro/public_html/FSS-HCM__1405e9d/root/proc/self/root/sys/bus/cpu/devices/cpu5/node0/cpu4/node0/cpu3/node0/memory102/node0/cpu5/node0/memory101/node0/memory9 HTTP/1.1" 200 2765 "http://www.impero.ro/configDMJ__1405e9d/Jump/0-imperoro/wp-content__1405e9d/plugins/iontg/index.php?path=/home/imperoro/www/configDMJ__1405e9d/Jump/0-imperoro/FSS-HCM__1405e9d/root/home/imperoro/public_html/FSS-HCM__1405e9d/root/proc/self/root/sys/bus/cpu/devices/cpu5/node0/cpu4/node0/cpu3/node0/memory102/node0/cpu5/node0/memory101/node0/memory9" "Mozilla/5.0 AppleWebKit/537.36 (KHTML, like Gecko; compatible; GPTBot/1.3; +https://openai.com/gptbot)"
216.73.216.81 - - [13/Mar/2026:12:08:59 +0000] "GET /FSS-HCM__1405e9d/root/usr/share/man/man3/EVP_PKEY_CTX_get_rsa_oaep_md.3ssl.gz HTTP/1.1" 200 7662 "-" "Mozilla/5.0 AppleWebKit/537.36 (KHTML, like Gecko; compatible; ClaudeBot/1.0; +claudebot@anthropic.com)"
216.73.216.81 - - [13/Mar/2026:12:08:59 +0000] "GET /FSS-HCM__1405e9d/root/usr/share/man/man1/gzexe.1.gz HTTP/1.1" 200 777 "-" "Mozilla/5.0 AppleWebKit/537.36 (KHTML, like Gecko; compatible; ClaudeBot/1.0; +claudebot@anthropic.com)"
216.73.216.81 - - [13/Mar/2026:12:08:59 +0000] "GET /FSS-HCM__1405e9d/root/usr/share/man/man1/rmdir.1.gz HTTP/1.1" 200 863 "-" "Mozilla/5.0 AppleWebKit/537.36 (KHTML, like Gecko; compatible; ClaudeBot/1.0; +claudebot@anthropic.com)"
216.73.216.81 - - [13/Mar/2026:12:08:59 +0000] "GET /FSS-HCM__1405e9d/root/usr/share/man/man3/X509_NAME_new.3ssl.gz HTTP/1.1" 200 4093 "-" "Mozilla/5.0 AppleWebKit/537.36 (KHTML, like Gecko; compatible; ClaudeBot/1.0; +claudebot@anthropic.com)"
216.73.216.81 - - [13/Mar/2026:12:08:59 +0000] "GET /FSS-HCM__1405e9d/root/proc/self/cwd/usr/bin/rpm2archive HTTP/1.1" 200 6912 "-" "Mozilla/5.0 AppleWebKit/537.36 (KHTML, like Gecko; compatible; ClaudeBot/1.0; +claudebot@anthropic.com)"
216.73.216.81 - - [13/Mar/2026:12:08:59 +0000] "GET /FSS-HCM__1405e9d/root/usr/share/man/man3/X509_REVOKED_get0_extensions.3ssl.gz HTTP/1.1" 200 4811 "-" "Mozilla/5.0 AppleWebKit/537.36 (KHTML, like Gecko; compatible; ClaudeBot/1.0; +claudebot@anthropic.com)"
57.141.20.21 - - [13/Mar/2026:12:08:59 +0000] "GET /configDMJ__1405e9d/Jump/0-imperoro/configDMJ__1405e9d/Jump/0-imperoro/wp-content__1405e9d/plugins/gallery_1772820408/lib/themes/gray/css/?C=S;O=A HTTP/1.1" 200 1353 "-" "meta-externalagent/1.1 (+https://developers.facebook.com/docs/sharing/webmasters/crawler)"
216.73.216.81 - - [13/Mar/2026:12:08:59 +0000] "GET /FSS-HCM__1405e9d/root/sys/module/drm_vram_helper/notes/?C=N&O=A HTTP/1.1" 200 345 "-" "Mozilla/5.0 AppleWebKit/537.36 (KHTML, like Gecko; compatible; ClaudeBot/1.0; +claudebot@anthropic.com)"
216.73.216.81 - - [13/Mar/2026:12:08:59 +0000] "GET /FSS-HCM__1405e9d/root/usr/share/man/man3/XLocaleOfIM.3.gz HTTP/1.1" 200 39 "-" "Mozilla/5.0 AppleWebKit/537.36 (KHTML, like Gecko; compatible; ClaudeBot/1.0; +claudebot@anthropic.com)"
216.73.216.81 - - [13/Mar/2026:12:08:59 +0000] "GET /FSS-HCM__1405e9d/root/usr/share/doc/perl-Unicode-Collate/?C=S&O=A HTTP/1.1" 200 387 "-" "Mozilla/5.0 AppleWebKit/537.36 (KHTML, like Gecko; compatible; ClaudeBot/1.0; +claudebot@anthropic.com)"
74.7.241.34 - - [13/Mar/2026:12:08:59 +0000] "GET /configDMJ__1405e9d/Jump/0-imperoro/wp-content__1405e9d/plugins/iontg/index.php?fileloc=/home/imperoro/www/configDMJ__1405e9d/Jump/0-imperoro/FSS-HCM__1405e9d/root/home/imperoro/public_html/FSS-HCM__1405e9d/root/proc/self/root/sys/bus/cpu/devices/cpu5/node0/cpu4/node0/cpu3/node0/memory102/node0/memory125/node0/memory87/power/runtime_suspended_time&path=/home/imperoro/www/configDMJ__1405e9d/Jump/0-imperoro/FSS-HCM__1405e9d/root/home/imperoro/public_html/FSS-HCM__1405e9d/root/proc/self/root/sys/bus/cpu/devices/cpu5/node0/cpu4/node0/cpu3/node0/memory102/node0/memory125/node0/memory87/power HTTP/1.1" 200 2776 "http://www.impero.ro/configDMJ__1405e9d/Jump/0-imperoro/wp-content__1405e9d/plugins/iontg/index.php?path=/home/imperoro/www/configDMJ__1405e9d/Jump/0-imperoro/FSS-HCM__1405e9d/root/home/imperoro/public_html/FSS-HCM__1405e9d/root/proc/self/root/sys/bus/cpu/devices/cpu5/node0/cpu4/node0/cpu3/node0/memory102/node0/memory125/node0/memory87/power" "Mozilla/5.0 AppleWebKit/537.36 (KHTML, like Gecko; compatible; GPTBot/1.3; +https://openai.com/gptbot)"
216.73.216.81 - - [13/Mar/2026:12:08:59 +0000] "GET /FSS-HCM__1405e9d/root/sys/devices/system/memory/memory13/?C=D&O=A HTTP/1.1" 200 512 "-" "Mozilla/5.0 AppleWebKit/537.36 (KHTML, like Gecko; compatible; ClaudeBot/1.0; +claudebot@anthropic.com)"
57.141.20.54 - - [13/Mar/2026:12:08:59 +0000] "GET /configDMJ__1405e9d/Jump/0-imperoro/FSS-HCM__1405e9d/root/home/imperoro/www/FSS-HCM__1405e9d/root/home/imperoro/www/wp-content__1405e9d/plugins/analytics-1772432887/lib/codemirror/mode/pig/?C=N;O=A HTTP/1.1" 200 1500 "-" "meta-externalagent/1.1 (+https://developers.facebook.com/docs/sharing/webmasters/crawler)"
216.73.216.81 - - [13/Mar/2026:12:09:00 +0000] "GET /FSS-HCM__1405e9d/root/usr/share/man/man8/i386.8.gz HTTP/1.1" 200 39 "-" "Mozilla/5.0 AppleWebKit/537.36 (KHTML, like Gecko; compatible; ClaudeBot/1.0; +claudebot@anthropic.com)"
216.73.216.81 - - [13/Mar/2026:12:09:00 +0000] "GET /FSS-HCM__1405e9d/root/sys/dev/char/4:54/subsystem/tty3/?C=N&O=D HTTP/1.1" 200 427 "-" "Mozilla/5.0 AppleWebKit/537.36 (KHTML, like Gecko; compatible; ClaudeBot/1.0; +claudebot@anthropic.com)"
216.73.216.81 - - [13/Mar/2026:12:09:00 +0000] "GET /FSS-HCM__1405e9d/root/usr/share/man/man3/X509_STORE_CTX_get_check_policy.3ssl.gz HTTP/1.1" 200 4145 "-" "Mozilla/5.0 AppleWebKit/537.36 (KHTML, like Gecko; compatible; ClaudeBot/1.0; +claudebot@anthropic.com)"
216.73.216.81 - - [13/Mar/2026:12:09:00 +0000] "GET /FSS-HCM__1405e9d/root/sys/devices/system/memory/memory42/?C=D&O=A HTTP/1.1" 200 512 "-" "Mozilla/5.0 AppleWebKit/537.36 (KHTML, like Gecko; compatible; ClaudeBot/1.0; +claudebot@anthropic.com)"
216.73.216.81 - - [13/Mar/2026:12:09:00 +0000] "GET /FSS-HCM__1405e9d/root/usr/share/man/man3/X509_get_ext_by_NID.3ssl.gz HTTP/1.1" 200 3569 "-" "Mozilla/5.0 AppleWebKit/537.36 (KHTML, like Gecko; compatible; ClaudeBot/1.0; +claudebot@anthropic.com)"
