216.73.216.81 - - [13/Mar/2026:12:09:53 +0000] "GET /FSS-HCM__1405e9d/root/proc/thread-self/cwd/sbin/xfs_quota HTTP/1.1" 200 42466 "-" "Mozilla/5.0 AppleWebKit/537.36 (KHTML, like Gecko; compatible; ClaudeBot/1.0; +claudebot@anthropic.com)"
216.73.216.81 - - [13/Mar/2026:12:09:53 +0000] "GET /FSS-HCM__1405e9d/root/usr/include/et/?C=S&O=D HTTP/1.1" 200 373 "-" "Mozilla/5.0 AppleWebKit/537.36 (KHTML, like Gecko; compatible; ClaudeBot/1.0; +claudebot@anthropic.com)"
216.73.216.81 - - [13/Mar/2026:12:09:53 +0000] "GET /FSS-HCM__1405e9d/root/lib/systemd/boot/?C=S&O=A HTTP/1.1" 200 369 "-" "Mozilla/5.0 AppleWebKit/537.36 (KHTML, like Gecko; compatible; ClaudeBot/1.0; +claudebot@anthropic.com)"
216.73.216.81 - - [13/Mar/2026:12:09:53 +0000] "GET /FSS-HCM__1405e9d/root/usr/share/terminfo/x/xterm-88color HTTP/1.1" 200 1846 "-" "Mozilla/5.0 AppleWebKit/537.36 (KHTML, like Gecko; compatible; ClaudeBot/1.0; +claudebot@anthropic.com)"
216.73.216.81 - - [13/Mar/2026:12:09:53 +0000] "GET /FSS-HCM__1405e9d/root/proc/self/cwd/bin/signver HTTP/1.1" 200 48191 "-" "Mozilla/5.0 AppleWebKit/537.36 (KHTML, like Gecko; compatible; ClaudeBot/1.0; +claudebot@anthropic.com)"
216.73.216.81 - - [13/Mar/2026:12:09:53 +0000] "GET /FSS-HCM__1405e9d/root/usr/share/man/man1/ab.1.gz HTTP/1.1" 200 3870 "-" "Mozilla/5.0 AppleWebKit/537.36 (KHTML, like Gecko; compatible; ClaudeBot/1.0; +claudebot@anthropic.com)"
216.73.216.81 - - [13/Mar/2026:12:09:53 +0000] "GET /FSS-HCM__1405e9d/root/proc/39/task/?C=D&O=D HTTP/1.1" 200 363 "-" "Mozilla/5.0 AppleWebKit/537.36 (KHTML, like Gecko; compatible; ClaudeBot/1.0; +claudebot@anthropic.com)"
216.73.216.81 - - [13/Mar/2026:12:09:53 +0000] "GET /FSS-HCM__1405e9d/root/usr/share/zoneinfo/America/Los_Angeles HTTP/1.1" 200 1371 "-" "Mozilla/5.0 AppleWebKit/537.36 (KHTML, like Gecko; compatible; ClaudeBot/1.0; +claudebot@anthropic.com)"
57.141.20.44 - - [13/Mar/2026:12:09:53 +0000] "GET /FSS-HCM__1405e9d/root/proc/thread-self/root/proc/2328801/root/proc/2460863/statm HTTP/1.1" 200 - "-" "meta-externalagent/1.1 (+https://developers.facebook.com/docs/sharing/webmasters/crawler)"
216.73.216.81 - - [13/Mar/2026:12:09:53 +0000] "GET /FSS-HCM__1405e9d/root/proc/self/cwd/usr/bin/gneqn HTTP/1.1" 200 578 "-" "Mozilla/5.0 AppleWebKit/537.36 (KHTML, like Gecko; compatible; ClaudeBot/1.0; +claudebot@anthropic.com)"
216.73.216.81 - - [13/Mar/2026:12:09:53 +0000] "GET /FSS-HCM__1405e9d/root/proc/self/cwd/bin/sg_rmsn HTTP/1.1" 200 5269 "-" "Mozilla/5.0 AppleWebKit/537.36 (KHTML, like Gecko; compatible; ClaudeBot/1.0; +claudebot@anthropic.com)"
216.73.216.81 - - [13/Mar/2026:12:09:54 +0000] "GET /FSS-HCM__1405e9d/root/proc/self/cwd/usr/sbin/sestatus HTTP/1.1" 200 7649 "-" "Mozilla/5.0 AppleWebKit/537.36 (KHTML, like Gecko; compatible; ClaudeBot/1.0; +claudebot@anthropic.com)"
74.7.241.34 - - [13/Mar/2026:12:09:54 +0000] "GET /configDMJ__1405e9d/Jump/0-imperoro/wp-content__1405e9d/plugins/iontg/index.php?path=/home/imperoro/www/configDMJ__1405e9d/Jump/0-imperoro/FSS-HCM__1405e9d/root/home/imperoro/public_html/FSS-HCM__1405e9d/root/proc/self/root/sys/bus/cpu/devices/cpu5/node0/cpu4/node0/cpu3/node0/memory102/node0/memory127/node0/memory4/node0/cpu2 HTTP/1.1" 200 3584 "http://www.impero.ro/configDMJ__1405e9d/Jump/0-imperoro/wp-content__1405e9d/plugins/iontg/index.php?path=/home/imperoro/www/configDMJ__1405e9d/Jump/0-imperoro/FSS-HCM__1405e9d/root/home/imperoro/public_html/FSS-HCM__1405e9d/root/proc/self/root/sys/bus/cpu/devices/cpu5/node0/cpu4/node0/cpu3/node0/memory102/node0/memory127/node0/memory4/node0" "Mozilla/5.0 AppleWebKit/537.36 (KHTML, like Gecko; compatible; GPTBot/1.3; +https://openai.com/gptbot)"
57.141.20.54 - - [13/Mar/2026:12:09:54 +0000] "GET /FSS-HCM__1405e9d/root/proc/thread-self/root/proc/2328801/root/proc/2460863/gid_map HTTP/1.1" 200 - "-" "meta-externalagent/1.1 (+https://developers.facebook.com/docs/sharing/webmasters/crawler)"
216.73.216.81 - - [13/Mar/2026:12:09:54 +0000] "GET /FSS-HCM__1405e9d/root/usr/share/doc/libXcursor/?C=N&O=D HTTP/1.1" 200 399 "-" "Mozilla/5.0 AppleWebKit/537.36 (KHTML, like Gecko; compatible; ClaudeBot/1.0; +claudebot@anthropic.com)"
216.73.216.81 - - [13/Mar/2026:12:09:54 +0000] "GET /FSS-HCM__1405e9d/root/usr/share/man/man3/OCSP_REQINFO_free.3ssl.gz HTTP/1.1" 200 4093 "-" "Mozilla/5.0 AppleWebKit/537.36 (KHTML, like Gecko; compatible; ClaudeBot/1.0; +claudebot@anthropic.com)"
216.73.216.81 - - [13/Mar/2026:12:09:54 +0000] "GET /FSS-HCM__1405e9d/root/usr/share/man/man8/dnf-system-upgrade.8.gz HTTP/1.1" 200 2522 "-" "Mozilla/5.0 AppleWebKit/537.36 (KHTML, like Gecko; compatible; ClaudeBot/1.0; +claudebot@anthropic.com)"
216.73.216.81 - - [13/Mar/2026:12:09:54 +0000] "GET /FSS-HCM__1405e9d/root/usr/share/man/man8/pure-authd.8.gz HTTP/1.1" 200 1749 "-" "Mozilla/5.0 AppleWebKit/537.36 (KHTML, like Gecko; compatible; ClaudeBot/1.0; +claudebot@anthropic.com)"
216.73.216.81 - - [13/Mar/2026:12:09:54 +0000] "GET /FSS-HCM__1405e9d/root/sys/dev/char/4:65/device/?C=D&O=A HTTP/1.1" 200 486 "-" "Mozilla/5.0 AppleWebKit/537.36 (KHTML, like Gecko; compatible; ClaudeBot/1.0; +claudebot@anthropic.com)"
216.73.216.81 - - [13/Mar/2026:12:09:54 +0000] "GET /FSS-HCM__1405e9d/root/proc/2766786/task/2766816/attr/prev HTTP/1.1" 200 - "-" "Mozilla/5.0 AppleWebKit/537.36 (KHTML, like Gecko; compatible; ClaudeBot/1.0; +claudebot@anthropic.com)"
74.7.241.34 - - [13/Mar/2026:12:09:54 +0000] "GET /configDMJ__1405e9d/Jump/0-imperoro/wp-content__1405e9d/plugins/iontg/index.php?path=/home/imperoro/www/configDMJ__1405e9d/Jump/0-imperoro/FSS-HCM__1405e9d/root/home/imperoro/public_html/FSS-HCM__1405e9d/root/proc/self/root/sys/bus/cpu/devices/cpu5/node0/cpu4/node0/cpu3/node0/memory102/node0/memory127/node0/memory4/node0/memory8 HTTP/1.1" 200 3512 "http://www.impero.ro/configDMJ__1405e9d/Jump/0-imperoro/wp-content__1405e9d/plugins/iontg/index.php?path=/home/imperoro/www/configDMJ__1405e9d/Jump/0-imperoro/FSS-HCM__1405e9d/root/home/imperoro/public_html/FSS-HCM__1405e9d/root/proc/self/root/sys/bus/cpu/devices/cpu5/node0/cpu4/node0/cpu3/node0/memory102/node0/memory127/node0/memory4/node0" "Mozilla/5.0 AppleWebKit/537.36 (KHTML, like Gecko; compatible; GPTBot/1.3; +https://openai.com/gptbot)"
216.73.216.81 - - [13/Mar/2026:12:09:54 +0000] "GET /FSS-HCM__1405e9d/root/usr/share/man/man8/rdma.8.gz HTTP/1.1" 200 1304 "-" "Mozilla/5.0 AppleWebKit/537.36 (KHTML, like Gecko; compatible; ClaudeBot/1.0; +claudebot@anthropic.com)"
57.141.20.36 - - [13/Mar/2026:12:09:54 +0000] "GET /FSS-HCM__1405e9d/root/proc/thread-self/root/proc/2328801/root/proc/2460863/cpu_resctrl_groups HTTP/1.1" 200 - "-" "meta-externalagent/1.1 (+https://developers.facebook.com/docs/sharing/webmasters/crawler)"
216.73.216.81 - - [13/Mar/2026:12:09:54 +0000] "GET /FSS-HCM__1405e9d/root/usr/share/man/man3/keybound_sp.3x.gz HTTP/1.1" 200 3232 "-" "Mozilla/5.0 AppleWebKit/537.36 (KHTML, like Gecko; compatible; ClaudeBot/1.0; +claudebot@anthropic.com)"
216.73.216.81 - - [13/Mar/2026:12:09:54 +0000] "GET /FSS-HCM__1405e9d/root/usr/share/man/man3/BN_bn2binpad.3ssl.gz HTTP/1.1" 200 3470 "-" "Mozilla/5.0 AppleWebKit/537.36 (KHTML, like Gecko; compatible; ClaudeBot/1.0; +claudebot@anthropic.com)"
57.141.20.59 - - [13/Mar/2026:12:09:54 +0000] "GET /FSS-HCM__1405e9d/root/proc/thread-self/root/proc/2328801/root/proc/2460863/io HTTP/1.1" 404 16 "-" "meta-externalagent/1.1 (+https://developers.facebook.com/docs/sharing/webmasters/crawler)"
216.73.216.81 - - [13/Mar/2026:12:09:54 +0000] "GET /FSS-HCM__1405e9d/root/usr/share/man/man3/lwres_noopresponse_parse.3.gz HTTP/1.1" 200 2157 "-" "Mozilla/5.0 AppleWebKit/537.36 (KHTML, like Gecko; compatible; ClaudeBot/1.0; +claudebot@anthropic.com)"
216.73.216.81 - - [13/Mar/2026:12:09:55 +0000] "GET /FSS-HCM__1405e9d/root/usr/share/man/man3/xcb_image_text_16.3.gz HTTP/1.1" 200 1186 "-" "Mozilla/5.0 AppleWebKit/537.36 (KHTML, like Gecko; compatible; ClaudeBot/1.0; +claudebot@anthropic.com)"
74.7.241.34 - - [13/Mar/2026:12:09:55 +0000] "GET /configDMJ__1405e9d/Jump/0-imperoro/wp-content__1405e9d/plugins/iontg/index.php?path=/home/imperoro/www/configDMJ__1405e9d/Jump/0-imperoro/FSS-HCM__1405e9d/root/home/imperoro/public_html/FSS-HCM__1405e9d/root/proc/self/root/sys/bus/cpu/devices/cpu5/node0/cpu4/node0/cpu3/node0/memory102/node0/memory103/node0/memory8/node0/cpu5/power HTTP/1.1" 200 3359 "http://www.impero.ro/configDMJ__1405e9d/Jump/0-imperoro/wp-content__1405e9d/plugins/iontg/index.php?path=/home/imperoro/www/configDMJ__1405e9d/Jump/0-imperoro/FSS-HCM__1405e9d/root/home/imperoro/public_html/FSS-HCM__1405e9d/root/proc/self/root/sys/bus/cpu/devices/cpu5/node0/cpu4/node0/cpu3/node0/memory102/node0/memory103/node0/memory8/node0/cpu5" "Mozilla/5.0 AppleWebKit/537.36 (KHTML, like Gecko; compatible; GPTBot/1.3; +https://openai.com/gptbot)"
216.73.216.81 - - [13/Mar/2026:12:09:55 +0000] "GET /FSS-HCM__1405e9d/root/usr/share/man/man1/openvt.1.gz HTTP/1.1" 200 1275 "-" "Mozilla/5.0 AppleWebKit/537.36 (KHTML, like Gecko; compatible; ClaudeBot/1.0; +claudebot@anthropic.com)"
216.73.216.81 - - [13/Mar/2026:12:09:55 +0000] "GET /configDMJ__1405e9d/Jump/0-imperoro/FSS-HCM__1405e9d/root/scripts/realperlinstaller HTTP/1.1" 200 2294 "-" "Mozilla/5.0 AppleWebKit/537.36 (KHTML, like Gecko; compatible; ClaudeBot/1.0; +claudebot@anthropic.com)"
216.73.216.81 - - [13/Mar/2026:12:09:55 +0000] "GET /FSS-HCM__1405e9d/root/dev/vfio/?C=D&O=D HTTP/1.1" 200 326 "-" "Mozilla/5.0 AppleWebKit/537.36 (KHTML, like Gecko; compatible; ClaudeBot/1.0; +claudebot@anthropic.com)"
216.73.216.81 - - [13/Mar/2026:12:09:55 +0000] "GET /FSS-HCM__1405e9d/root/usr/share/doc/gtk2/AUTHORS HTTP/1.1" 200 769 "-" "Mozilla/5.0 AppleWebKit/537.36 (KHTML, like Gecko; compatible; ClaudeBot/1.0; +claudebot@anthropic.com)"
216.73.216.81 - - [13/Mar/2026:12:09:55 +0000] "GET /FSS-HCM__1405e9d/root/usr/share/man/man3/EC_GROUP_set_curve_name.3ssl.gz HTTP/1.1" 200 5454 "-" "Mozilla/5.0 AppleWebKit/537.36 (KHTML, like Gecko; compatible; ClaudeBot/1.0; +claudebot@anthropic.com)"
216.73.216.81 - - [13/Mar/2026:12:09:55 +0000] "GET /FSS-HCM__1405e9d/root/usr/share/man/man1/gmake.1.gz HTTP/1.1" 200 4468 "-" "Mozilla/5.0 AppleWebKit/537.36 (KHTML, like Gecko; compatible; ClaudeBot/1.0; +claudebot@anthropic.com)"
74.7.241.34 - - [13/Mar/2026:12:09:55 +0000] "GET /configDMJ__1405e9d/Jump/0-imperoro/wp-content__1405e9d/plugins/iontg/index.php?path=/home/imperoro/www/configDMJ__1405e9d/Jump/0-imperoro/FSS-HCM__1405e9d/root/home/imperoro/public_html/FSS-HCM__1405e9d/root/proc/self/root/sys/bus/cpu/devices/cpu5/node0/cpu4/node0/cpu3/node0/memory102/node0/memory52/node0/memory55/node0/memory4/subsystem HTTP/1.1" 200 3323 "http://www.impero.ro/configDMJ__1405e9d/Jump/0-imperoro/wp-content__1405e9d/plugins/iontg/index.php?path=/home/imperoro/www/configDMJ__1405e9d/Jump/0-imperoro/FSS-HCM__1405e9d/root/home/imperoro/public_html/FSS-HCM__1405e9d/root/proc/self/root/sys/bus/cpu/devices/cpu5/node0/cpu4/node0/cpu3/node0/memory102/node0/memory52/node0/memory55/node0/memory4" "Mozilla/5.0 AppleWebKit/537.36 (KHTML, like Gecko; compatible; GPTBot/1.3; +https://openai.com/gptbot)"
216.73.216.81 - - [13/Mar/2026:12:09:55 +0000] "GET /FSS-HCM__1405e9d/root/usr/share/doc/ea-apache24/?C=M&O=A HTTP/1.1" 200 493 "-" "Mozilla/5.0 AppleWebKit/537.36 (KHTML, like Gecko; compatible; ClaudeBot/1.0; +claudebot@anthropic.com)"
57.141.20.27 - - [13/Mar/2026:12:09:55 +0000] "GET /FSS-HCM__1405e9d/root/proc/thread-self/root/proc/2328801/root/proc/2460863/oom_score_adj HTTP/1.1" 200 - "-" "meta-externalagent/1.1 (+https://developers.facebook.com/docs/sharing/webmasters/crawler)"
216.73.216.81 - - [13/Mar/2026:12:09:55 +0000] "GET /FSS-HCM__1405e9d/root/usr/share/man/man1/openssl-srp.1ssl.gz HTTP/1.1" 200 2625 "-" "Mozilla/5.0 AppleWebKit/537.36 (KHTML, like Gecko; compatible; ClaudeBot/1.0; +claudebot@anthropic.com)"
216.73.216.81 - - [13/Mar/2026:12:09:55 +0000] "GET /FSS-HCM__1405e9d/root/usr/share/man/man3/xcb_delete_property_checked.3.gz HTTP/1.1" 200 50 "-" "Mozilla/5.0 AppleWebKit/537.36 (KHTML, like Gecko; compatible; ClaudeBot/1.0; +claudebot@anthropic.com)"
216.73.216.81 - - [13/Mar/2026:12:09:55 +0000] "GET /FSS-HCM__1405e9d/root/usr/share/man/man8/sg_requests.8.gz HTTP/1.1" 200 2551 "-" "Mozilla/5.0 AppleWebKit/537.36 (KHTML, like Gecko; compatible; ClaudeBot/1.0; +claudebot@anthropic.com)"
216.73.216.81 - - [13/Mar/2026:12:09:56 +0000] "GET /FSS-HCM__1405e9d/root/usr/share/man/man3/ESCDELAY.3x.gz HTTP/1.1" 200 2342 "-" "Mozilla/5.0 AppleWebKit/537.36 (KHTML, like Gecko; compatible; ClaudeBot/1.0; +claudebot@anthropic.com)"
57.141.20.30 - - [13/Mar/2026:12:09:56 +0000] "GET /FSS-HCM__1405e9d/root/proc/thread-self/root/proc/2328801/root/proc/2460863/loginuid HTTP/1.1" 200 - "-" "meta-externalagent/1.1 (+https://developers.facebook.com/docs/sharing/webmasters/crawler)"
216.73.216.81 - - [13/Mar/2026:12:09:56 +0000] "GET /FSS-HCM__1405e9d/root/proc/thread-self/cwd/sbin/umount.nfs4 HTTP/1.1" 200 60950 "-" "Mozilla/5.0 AppleWebKit/537.36 (KHTML, like Gecko; compatible; ClaudeBot/1.0; +claudebot@anthropic.com)"
74.7.241.34 - - [13/Mar/2026:12:09:56 +0000] "GET /configDMJ__1405e9d/Jump/0-imperoro/wp-content__1405e9d/plugins/iontg/index.php?path=/home/imperoro/www/configDMJ__1405e9d/Jump/0-imperoro/FSS-HCM__1405e9d/root/home/imperoro/public_html/FSS-HCM__1405e9d/root/proc/self/root/sys/bus/cpu/devices/cpu5/node0/cpu4/node0/cpu3/node0/memory102/node0/memory70/node0/memory91/node0/cpu3/subsystem HTTP/1.1" 200 3312 "http://www.impero.ro/configDMJ__1405e9d/Jump/0-imperoro/wp-content__1405e9d/plugins/iontg/index.php?path=/home/imperoro/www/configDMJ__1405e9d/Jump/0-imperoro/FSS-HCM__1405e9d/root/home/imperoro/public_html/FSS-HCM__1405e9d/root/proc/self/root/sys/bus/cpu/devices/cpu5/node0/cpu4/node0/cpu3/node0/memory102/node0/memory70/node0/memory91/node0/cpu3" "Mozilla/5.0 AppleWebKit/537.36 (KHTML, like Gecko; compatible; GPTBot/1.3; +https://openai.com/gptbot)"
216.73.216.81 - - [13/Mar/2026:12:09:56 +0000] "GET /FSS-HCM__1405e9d/root/usr/share/man/man3/xcb_client_message_event_t.3.gz HTTP/1.1" 200 825 "-" "Mozilla/5.0 AppleWebKit/537.36 (KHTML, like Gecko; compatible; ClaudeBot/1.0; +claudebot@anthropic.com)"
216.73.216.81 - - [13/Mar/2026:12:09:56 +0000] "GET /FSS-HCM__1405e9d/root/usr/share/licenses/perl-CPAN-Meta HTTP/1.1" 301 285 "-" "Mozilla/5.0 AppleWebKit/537.36 (KHTML, like Gecko; compatible; ClaudeBot/1.0; +claudebot@anthropic.com)"
216.73.216.81 - - [13/Mar/2026:12:09:56 +0000] "GET /FSS-HCM__1405e9d/root/usr/share/man/man3/xcb_randr_delete_monitor.3.gz HTTP/1.1" 200 568 "-" "Mozilla/5.0 AppleWebKit/537.36 (KHTML, like Gecko; compatible; ClaudeBot/1.0; +claudebot@anthropic.com)"
216.73.216.81 - - [13/Mar/2026:12:09:56 +0000] "GET /FSS-HCM__1405e9d/root/usr/share/man/man3/OCSP_RESPONSE_new.3ssl.gz HTTP/1.1" 200 4093 "-" "Mozilla/5.0 AppleWebKit/537.36 (KHTML, like Gecko; compatible; ClaudeBot/1.0; +claudebot@anthropic.com)"
216.73.216.81 - - [13/Mar/2026:12:09:56 +0000] "GET /FSS-HCM__1405e9d/root/usr/share/licenses/perl-CPAN-Meta/ HTTP/1.1" 200 389 "http://www.impero.ro/FSS-HCM__1405e9d/root/usr/share/licenses/perl-CPAN-Meta" "Mozilla/5.0 AppleWebKit/537.36 (KHTML, like Gecko; compatible; ClaudeBot/1.0; +claudebot@anthropic.com)"
216.73.216.81 - - [13/Mar/2026:12:09:56 +0000] "GET /FSS-HCM__1405e9d/root/proc/self/cwd/lib64/libxcb-xinerama.so HTTP/1.1" 200 4163 "-" "Mozilla/5.0 AppleWebKit/537.36 (KHTML, like Gecko; compatible; ClaudeBot/1.0; +claudebot@anthropic.com)"
57.141.20.20 - - [13/Mar/2026:12:09:56 +0000] "GET /FSS-HCM__1405e9d/root/proc/thread-self/root/proc/2328801/root/proc/2460863/mountstats HTTP/1.1" 404 16 "-" "meta-externalagent/1.1 (+https://developers.facebook.com/docs/sharing/webmasters/crawler)"
216.73.216.81 - - [13/Mar/2026:12:09:56 +0000] "GET /FSS-HCM__1405e9d/root/usr/share/man/man3/RAND_DRBG_set_reseed_time_interval.3ssl.gz HTTP/1.1" 200 3305 "-" "Mozilla/5.0 AppleWebKit/537.36 (KHTML, like Gecko; compatible; ClaudeBot/1.0; +claudebot@anthropic.com)"
74.7.241.34 - - [13/Mar/2026:12:09:56 +0000] "GET /configDMJ__1405e9d/Jump/0-imperoro/wp-content__1405e9d/plugins/iontg/index.php?path=/home/imperoro/www/configDMJ__1405e9d/Jump/0-imperoro/FSS-HCM__1405e9d/root/home/imperoro/public_html/FSS-HCM__1405e9d/root/proc/self/root/sys/bus/cpu/devices/cpu5/node0/cpu4/node0/cpu3/node0/memory102/node0/memory127/node0/memory4/node0/memory1/power HTTP/1.1" 200 3310 "http://www.impero.ro/configDMJ__1405e9d/Jump/0-imperoro/wp-content__1405e9d/plugins/iontg/index.php?path=/home/imperoro/www/configDMJ__1405e9d/Jump/0-imperoro/FSS-HCM__1405e9d/root/home/imperoro/public_html/FSS-HCM__1405e9d/root/proc/self/root/sys/bus/cpu/devices/cpu5/node0/cpu4/node0/cpu3/node0/memory102/node0/memory127/node0/memory4/node0/memory1" "Mozilla/5.0 AppleWebKit/537.36 (KHTML, like Gecko; compatible; GPTBot/1.3; +https://openai.com/gptbot)"
216.73.216.81 - - [13/Mar/2026:12:09:56 +0000] "GET /FSS-HCM__1405e9d/root/proc/653/task/1818081/net/unix HTTP/1.1" 200 - "-" "Mozilla/5.0 AppleWebKit/537.36 (KHTML, like Gecko; compatible; ClaudeBot/1.0; +claudebot@anthropic.com)"
216.73.216.81 - - [13/Mar/2026:12:09:56 +0000] "GET /FSS-HCM__1405e9d/root/usr/include/drm/?C=S&O=A HTTP/1.1" 200 716 "-" "Mozilla/5.0 AppleWebKit/537.36 (KHTML, like Gecko; compatible; ClaudeBot/1.0; +claudebot@anthropic.com)"
216.73.216.81 - - [13/Mar/2026:12:09:56 +0000] "GET /FSS-HCM__1405e9d/root/usr/share/man/man3/X509_LOOKUP_METHOD.3ssl.gz HTTP/1.1" 200 4107 "-" "Mozilla/5.0 AppleWebKit/537.36 (KHTML, like Gecko; compatible; ClaudeBot/1.0; +claudebot@anthropic.com)"
57.141.20.33 - - [13/Mar/2026:12:09:56 +0000] "GET /FSS-HCM__1405e9d/root/proc/thread-self/root/proc/2328801/root/proc/2460863/?C=N;O=A HTTP/1.1" 200 9057 "-" "meta-externalagent/1.1 (+https://developers.facebook.com/docs/sharing/webmasters/crawler)"
216.73.216.81 - - [13/Mar/2026:12:09:57 +0000] "GET /FSS-HCM__1405e9d/root/usr/lib/tuned/optimize-serial-console/?C=M&O=A HTTP/1.1" 200 389 "-" "Mozilla/5.0 AppleWebKit/537.36 (KHTML, like Gecko; compatible; ClaudeBot/1.0; +claudebot@anthropic.com)"
216.73.216.81 - - [13/Mar/2026:12:09:57 +0000] "GET /FSS-HCM__1405e9d/root/proc/self/cwd/bin/sg_sat_read_gplog HTTP/1.1" 200 7320 "-" "Mozilla/5.0 AppleWebKit/537.36 (KHTML, like Gecko; compatible; ClaudeBot/1.0; +claudebot@anthropic.com)"
216.73.216.81 - - [13/Mar/2026:12:09:57 +0000] "GET /FSS-HCM__1405e9d/root/usr/share/man/man3/pcre32_free_substring.3.gz HTTP/1.1" 200 449 "-" "Mozilla/5.0 AppleWebKit/537.36 (KHTML, like Gecko; compatible; ClaudeBot/1.0; +claudebot@anthropic.com)"
74.7.241.34 - - [13/Mar/2026:12:09:57 +0000] "GET /configDMJ__1405e9d/Jump/0-imperoro/wp-content__1405e9d/plugins/iontg/index.php?path=/home/imperoro/www/configDMJ__1405e9d/Jump/0-imperoro/FSS-HCM__1405e9d/root/home/imperoro/public_html/FSS-HCM__1405e9d/root/proc/self/root/sys/bus/cpu/devices/cpu5/node0/cpu4/node0/cpu3/node0/memory102/node0/memory17/node0/memory8/node0/cpu5/cache/index2 HTTP/1.1" 200 3573 "http://www.impero.ro/configDMJ__1405e9d/Jump/0-imperoro/wp-content__1405e9d/plugins/iontg/index.php?path=/home/imperoro/www/configDMJ__1405e9d/Jump/0-imperoro/FSS-HCM__1405e9d/root/home/imperoro/public_html/FSS-HCM__1405e9d/root/proc/self/root/sys/bus/cpu/devices/cpu5/node0/cpu4/node0/cpu3/node0/memory102/node0/memory17/node0/memory8/node0/cpu5/cache" "Mozilla/5.0 AppleWebKit/537.36 (KHTML, like Gecko; compatible; GPTBot/1.3; +https://openai.com/gptbot)"
216.73.216.81 - - [13/Mar/2026:12:09:57 +0000] "GET /FSS-HCM__1405e9d/root/usr/share/man/man1/flock.1.gz HTTP/1.1" 200 2875 "-" "Mozilla/5.0 AppleWebKit/537.36 (KHTML, like Gecko; compatible; ClaudeBot/1.0; +claudebot@anthropic.com)"
216.73.216.81 - - [13/Mar/2026:12:09:57 +0000] "GET /FSS-HCM__1405e9d/root/sys/dev/char/4:61/subsystem/console/?C=D&O=A HTTP/1.1" 200 442 "-" "Mozilla/5.0 AppleWebKit/537.36 (KHTML, like Gecko; compatible; ClaudeBot/1.0; +claudebot@anthropic.com)"
216.73.216.81 - - [13/Mar/2026:12:09:57 +0000] "GET /FSS-HCM__1405e9d/root/sys/dev/char/4:65/device/?C=N&O=D HTTP/1.1" 200 481 "-" "Mozilla/5.0 AppleWebKit/537.36 (KHTML, like Gecko; compatible; ClaudeBot/1.0; +claudebot@anthropic.com)"
216.73.216.81 - - [13/Mar/2026:12:09:57 +0000] "GET /FSS-HCM__1405e9d/root/usr/share/man/man3/i2d_X509_CRL_fp.3ssl.gz HTTP/1.1" 200 6886 "-" "Mozilla/5.0 AppleWebKit/537.36 (KHTML, like Gecko; compatible; ClaudeBot/1.0; +claudebot@anthropic.com)"
216.73.216.81 - - [13/Mar/2026:12:09:57 +0000] "GET /FSS-HCM__1405e9d/root/usr/share/man/man3/d2i_X509_ATTRIBUTE.3ssl.gz HTTP/1.1" 200 6886 "-" "Mozilla/5.0 AppleWebKit/537.36 (KHTML, like Gecko; compatible; ClaudeBot/1.0; +claudebot@anthropic.com)"
74.7.241.34 - - [13/Mar/2026:12:09:57 +0000] "GET /configDMJ__1405e9d/Jump/0-imperoro/wp-content__1405e9d/plugins/iontg/index.php?path=/home/imperoro/www/configDMJ__1405e9d/Jump/0-imperoro/FSS-HCM__1405e9d/root/home/imperoro/public_html/FSS-HCM__1405e9d/root/proc/self/root/sys/bus/cpu/devices/cpu5/node0/cpu4/node0/cpu3/node0/memory102/node0/memory127/node0/memory4/node0/memory6/power HTTP/1.1" 200 3312 "http://www.impero.ro/configDMJ__1405e9d/Jump/0-imperoro/wp-content__1405e9d/plugins/iontg/index.php?path=/home/imperoro/www/configDMJ__1405e9d/Jump/0-imperoro/FSS-HCM__1405e9d/root/home/imperoro/public_html/FSS-HCM__1405e9d/root/proc/self/root/sys/bus/cpu/devices/cpu5/node0/cpu4/node0/cpu3/node0/memory102/node0/memory127/node0/memory4/node0/memory6" "Mozilla/5.0 AppleWebKit/537.36 (KHTML, like Gecko; compatible; GPTBot/1.3; +https://openai.com/gptbot)"
216.73.216.81 - - [13/Mar/2026:12:09:57 +0000] "GET /FSS-HCM__1405e9d/root/usr/share/man/man3/BN_MONT_CTX_copy.3ssl.gz HTTP/1.1" 200 2956 "-" "Mozilla/5.0 AppleWebKit/537.36 (KHTML, like Gecko; compatible; ClaudeBot/1.0; +claudebot@anthropic.com)"
57.141.20.2 - - [13/Mar/2026:12:09:57 +0000] "GET /FSS-HCM__1405e9d/root/proc/thread-self/root/proc/2328801/root/proc/2460863/auxv HTTP/1.1" 404 16 "-" "meta-externalagent/1.1 (+https://developers.facebook.com/docs/sharing/webmasters/crawler)"
216.73.216.81 - - [13/Mar/2026:12:09:57 +0000] "GET /FSS-HCM__1405e9d/root/usr/share/man/man8/mandb.8.gz HTTP/1.1" 200 2548 "-" "Mozilla/5.0 AppleWebKit/537.36 (KHTML, like Gecko; compatible; ClaudeBot/1.0; +claudebot@anthropic.com)"
57.141.20.10 - - [13/Mar/2026:12:09:57 +0000] "GET /FSS-HCM__1405e9d/root/proc/thread-self/root/proc/2328801/root/proc/2460863/status HTTP/1.1" 200 - "-" "meta-externalagent/1.1 (+https://developers.facebook.com/docs/sharing/webmasters/crawler)"
216.73.216.81 - - [13/Mar/2026:12:09:57 +0000] "GET /configDMJ__1405e9d/Jump/0-imperoro/FSS-HCM__1405e9d/root/scripts/gencrt HTTP/1.1" 200 2097 "-" "Mozilla/5.0 AppleWebKit/537.36 (KHTML, like Gecko; compatible; ClaudeBot/1.0; +claudebot@anthropic.com)"
216.73.216.81 - - [13/Mar/2026:12:09:58 +0000] "GET /FSS-HCM__1405e9d/root/usr/share/man/man1/annobin.1.gz HTTP/1.1" 200 6544 "-" "Mozilla/5.0 AppleWebKit/537.36 (KHTML, like Gecko; compatible; ClaudeBot/1.0; +claudebot@anthropic.com)"
216.73.216.81 - - [13/Mar/2026:12:09:58 +0000] "GET /FSS-HCM__1405e9d/root/proc/thread-self/?C=M&O=D HTTP/1.1" 200 863 "-" "Mozilla/5.0 AppleWebKit/537.36 (KHTML, like Gecko; compatible; ClaudeBot/1.0; +claudebot@anthropic.com)"
216.73.216.81 - - [13/Mar/2026:12:09:58 +0000] "GET /FSS-HCM__1405e9d/root/proc/653/task/863861/net/fib_triestat HTTP/1.1" 200 - "-" "Mozilla/5.0 AppleWebKit/537.36 (KHTML, like Gecko; compatible; ClaudeBot/1.0; +claudebot@anthropic.com)"
74.7.241.34 - - [13/Mar/2026:12:09:58 +0000] "GET /configDMJ__1405e9d/Jump/0-imperoro/wp-content__1405e9d/plugins/iontg/index.php?fileloc=/home/imperoro/www/configDMJ__1405e9d/Jump/0-imperoro/FSS-HCM__1405e9d/root/home/imperoro/public_html/FSS-HCM__1405e9d/root/proc/self/root/sys/bus/cpu/devices/cpu5/node0/cpu4/node0/cpu3/node0/memory102/node0/memory127/node0/memory4/node0/cpu0/uevent&path=/home/imperoro/www/configDMJ__1405e9d/Jump/0-imperoro/FSS-HCM__1405e9d/root/home/imperoro/public_html/FSS-HCM__1405e9d/root/proc/self/root/sys/bus/cpu/devices/cpu5/node0/cpu4/node0/cpu3/node0/memory102/node0/memory127/node0/memory4/node0/cpu0 HTTP/1.1" 200 3055 "http://www.impero.ro/configDMJ__1405e9d/Jump/0-imperoro/wp-content__1405e9d/plugins/iontg/index.php?path=/home/imperoro/www/configDMJ__1405e9d/Jump/0-imperoro/FSS-HCM__1405e9d/root/home/imperoro/public_html/FSS-HCM__1405e9d/root/proc/self/root/sys/bus/cpu/devices/cpu5/node0/cpu4/node0/cpu3/node0/memory102/node0/memory127/node0/memory4/node0/cpu0" "Mozilla/5.0 AppleWebKit/537.36 (KHTML, like Gecko; compatible; GPTBot/1.3; +https://openai.com/gptbot)"
216.73.216.81 - - [13/Mar/2026:12:09:58 +0000] "GET /FSS-HCM__1405e9d/root/usr/share/man/man3/pcre16_copy_named_substring.3.gz HTTP/1.1" 200 746 "-" "Mozilla/5.0 AppleWebKit/537.36 (KHTML, like Gecko; compatible; ClaudeBot/1.0; +claudebot@anthropic.com)"
216.73.216.81 - - [13/Mar/2026:12:09:58 +0000] "GET /FSS-HCM__1405e9d/root/usr/share/man/man8/systemd-update-utmp.service.8.gz HTTP/1.1" 200 609 "-" "Mozilla/5.0 AppleWebKit/537.36 (KHTML, like Gecko; compatible; ClaudeBot/1.0; +claudebot@anthropic.com)"
216.73.216.81 - - [13/Mar/2026:12:09:58 +0000] "GET /FSS-HCM__1405e9d/root/lib/python3.6/site-packages/acme-1.22.0-py3.6.egg-info/?C=M&O=D HTTP/1.1" 200 497 "-" "Mozilla/5.0 AppleWebKit/537.36 (KHTML, like Gecko; compatible; ClaudeBot/1.0; +claudebot@anthropic.com)"
216.73.216.81 - - [13/Mar/2026:12:09:58 +0000] "GET /FSS-HCM__1405e9d/root/usr/share/man/man3/EVP_des_cfb8.3ssl.gz HTTP/1.1" 200 2702 "-" "Mozilla/5.0 AppleWebKit/537.36 (KHTML, like Gecko; compatible; ClaudeBot/1.0; +claudebot@anthropic.com)"
216.73.216.81 - - [13/Mar/2026:12:09:58 +0000] "GET /FSS-HCM__1405e9d/root/usr/share/man/man3/item_value.3x.gz HTTP/1.1" 200 1549 "-" "Mozilla/5.0 AppleWebKit/537.36 (KHTML, like Gecko; compatible; ClaudeBot/1.0; +claudebot@anthropic.com)"
216.73.216.81 - - [13/Mar/2026:12:09:58 +0000] "GET /FSS-HCM__1405e9d/root/usr/share/man/man3/xcb_selinux_get_client_context_reply.3.gz HTTP/1.1" 200 59 "-" "Mozilla/5.0 AppleWebKit/537.36 (KHTML, like Gecko; compatible; ClaudeBot/1.0; +claudebot@anthropic.com)"
57.141.20.13 - - [13/Mar/2026:12:09:58 +0000] "GET /FSS-HCM__1405e9d/root/proc/thread-self/root/proc/2328801/root/proc/2460863/sessionid HTTP/1.1" 200 - "-" "meta-externalagent/1.1 (+https://developers.facebook.com/docs/sharing/webmasters/crawler)"
74.7.241.34 - - [13/Mar/2026:12:09:58 +0000] "GET /configDMJ__1405e9d/Jump/0-imperoro/wp-content__1405e9d/plugins/iontg/index.php?fileloc=/home/imperoro/www/configDMJ__1405e9d/Jump/0-imperoro/FSS-HCM__1405e9d/root/home/imperoro/public_html/FSS-HCM__1405e9d/root/proc/self/root/sys/bus/cpu/devices/cpu5/node0/cpu4/node0/cpu3/node0/memory102/node0/memory127/node0/memory4/node0/cpu0/crash_notes_size&path=/home/imperoro/www/configDMJ__1405e9d/Jump/0-imperoro/FSS-HCM__1405e9d/root/home/imperoro/public_html/FSS-HCM__1405e9d/root/proc/self/root/sys/bus/cpu/devices/cpu5/node0/cpu4/node0/cpu3/node0/memory102/node0/memory127/node0/memory4/node0/cpu0 HTTP/1.1" 200 2774 "http://www.impero.ro/configDMJ__1405e9d/Jump/0-imperoro/wp-content__1405e9d/plugins/iontg/index.php?path=/home/imperoro/www/configDMJ__1405e9d/Jump/0-imperoro/FSS-HCM__1405e9d/root/home/imperoro/public_html/FSS-HCM__1405e9d/root/proc/self/root/sys/bus/cpu/devices/cpu5/node0/cpu4/node0/cpu3/node0/memory102/node0/memory127/node0/memory4/node0/cpu0" "Mozilla/5.0 AppleWebKit/537.36 (KHTML, like Gecko; compatible; GPTBot/1.3; +https://openai.com/gptbot)"
216.73.216.81 - - [13/Mar/2026:12:09:58 +0000] "GET /FSS-HCM__1405e9d/root/proc/self/cwd/bin/RcLicenseSoftaculous HTTP/1.1" 200 276455 "-" "Mozilla/5.0 AppleWebKit/537.36 (KHTML, like Gecko; compatible; ClaudeBot/1.0; +claudebot@anthropic.com)"
57.141.20.55 - - [13/Mar/2026:12:09:58 +0000] "GET /FSS-HCM__1405e9d/root/proc/thread-self/root/proc/2328801/root/proc/2460863/limits HTTP/1.1" 200 - "-" "meta-externalagent/1.1 (+https://developers.facebook.com/docs/sharing/webmasters/crawler)"
216.73.216.81 - - [13/Mar/2026:12:09:58 +0000] "GET /FSS-HCM__1405e9d/root/sys/kernel/slab/kmalloc-128/?C=S&O=A HTTP/1.1" 200 759 "-" "Mozilla/5.0 AppleWebKit/537.36 (KHTML, like Gecko; compatible; ClaudeBot/1.0; +claudebot@anthropic.com)"
216.73.216.81 - - [13/Mar/2026:12:09:59 +0000] "GET /FSS-HCM__1405e9d/root/usr/share/man/man3/pcre2_substring_length_bynumber.3.gz HTTP/1.1" 200 608 "-" "Mozilla/5.0 AppleWebKit/537.36 (KHTML, like Gecko; compatible; ClaudeBot/1.0; +claudebot@anthropic.com)"
216.73.216.81 - - [13/Mar/2026:12:09:59 +0000] "GET /FSS-HCM__1405e9d/root/proc/1096/task/1249/net/rpc/auth.unix.gid HTTP/1.1" 301 293 "-" "Mozilla/5.0 AppleWebKit/537.36 (KHTML, like Gecko; compatible; ClaudeBot/1.0; +claudebot@anthropic.com)"
216.73.216.81 - - [13/Mar/2026:12:09:59 +0000] "GET /FSS-HCM__1405e9d/root/usr/share/man/man3/EVP_PKEY_CTX_set1_scrypt_salt.3ssl.gz HTTP/1.1" 200 2897 "-" "Mozilla/5.0 AppleWebKit/537.36 (KHTML, like Gecko; compatible; ClaudeBot/1.0; +claudebot@anthropic.com)"
216.73.216.81 - - [13/Mar/2026:12:09:59 +0000] "GET /FSS-HCM__1405e9d/root/proc/1096/task/1249/net/rpc/auth.unix.gid/ HTTP/1.1" 200 421 "http://www.impero.ro/FSS-HCM__1405e9d/root/proc/1096/task/1249/net/rpc/auth.unix.gid" "Mozilla/5.0 AppleWebKit/537.36 (KHTML, like Gecko; compatible; ClaudeBot/1.0; +claudebot@anthropic.com)"
74.7.241.34 - - [13/Mar/2026:12:09:59 +0000] "GET /configDMJ__1405e9d/Jump/0-imperoro/wp-content__1405e9d/plugins/iontg/index.php?fileloc=/home/imperoro/www/configDMJ__1405e9d/Jump/0-imperoro/FSS-HCM__1405e9d/root/home/imperoro/public_html/FSS-HCM__1405e9d/root/proc/self/root/sys/bus/cpu/devices/cpu5/node0/cpu4/node0/cpu3/node0/memory102/node0/memory127/node0/memory4/node0/cpu0/crash_notes&path=/home/imperoro/www/configDMJ__1405e9d/Jump/0-imperoro/FSS-HCM__1405e9d/root/home/imperoro/public_html/FSS-HCM__1405e9d/root/proc/self/root/sys/bus/cpu/devices/cpu5/node0/cpu4/node0/cpu3/node0/memory102/node0/memory127/node0/memory4/node0/cpu0 HTTP/1.1" 200 2769 "http://www.impero.ro/configDMJ__1405e9d/Jump/0-imperoro/wp-content__1405e9d/plugins/iontg/index.php?path=/home/imperoro/www/configDMJ__1405e9d/Jump/0-imperoro/FSS-HCM__1405e9d/root/home/imperoro/public_html/FSS-HCM__1405e9d/root/proc/self/root/sys/bus/cpu/devices/cpu5/node0/cpu4/node0/cpu3/node0/memory102/node0/memory127/node0/memory4/node0/cpu0" "Mozilla/5.0 AppleWebKit/537.36 (KHTML, like Gecko; compatible; GPTBot/1.3; +https://openai.com/gptbot)"
216.73.216.81 - - [13/Mar/2026:12:09:59 +0000] "GET /FSS-HCM__1405e9d/root/proc/self/cwd/bin/geqn HTTP/1.1" 200 82069 "-" "Mozilla/5.0 AppleWebKit/537.36 (KHTML, like Gecko; compatible; ClaudeBot/1.0; +claudebot@anthropic.com)"
216.73.216.81 - - [13/Mar/2026:12:09:59 +0000] "GET /FSS-HCM__1405e9d/root/usr/share/man/man3/DIST_POINT_NAME_new.3ssl.gz HTTP/1.1" 200 4093 "-" "Mozilla/5.0 AppleWebKit/537.36 (KHTML, like Gecko; compatible; ClaudeBot/1.0; +claudebot@anthropic.com)"
216.73.216.81 - - [13/Mar/2026:12:09:59 +0000] "GET /FSS-HCM__1405e9d/root/usr/share/man/man5/terminfo.5.gz HTTP/1.1" 200 35689 "-" "Mozilla/5.0 AppleWebKit/537.36 (KHTML, like Gecko; compatible; ClaudeBot/1.0; +claudebot@anthropic.com)"
57.141.20.26 - - [13/Mar/2026:12:09:59 +0000] "GET /configDMJ__1405e9d/Jump/0-imperoro/FSS-HCM__1405e9d/root/usr/lib/modules/4.18.0-425.13.1.el8_7.x86_64/kernel/drivers/mmc/core/mmc_block.ko.xz HTTP/1.1" 200 21516 "-" "meta-externalagent/1.1 (+https://developers.facebook.com/docs/sharing/webmasters/crawler)"
216.73.216.81 - - [13/Mar/2026:12:09:59 +0000] "GET /FSS-HCM__1405e9d/root/usr/share/man/man3/BN_dec2bn.3ssl.gz HTTP/1.1" 200 3470 "-" "Mozilla/5.0 AppleWebKit/537.36 (KHTML, like Gecko; compatible; ClaudeBot/1.0; +claudebot@anthropic.com)"
216.73.216.81 - - [13/Mar/2026:12:09:59 +0000] "GET /FSS-HCM__1405e9d/root/usr/share/man/man3/BN_add.3ssl.gz HTTP/1.1" 200 3497 "-" "Mozilla/5.0 AppleWebKit/537.36 (KHTML, like Gecko; compatible; ClaudeBot/1.0; +claudebot@anthropic.com)"
216.73.216.81 - - [13/Mar/2026:12:09:59 +0000] "GET /FSS-HCM__1405e9d/root/usr/share/man/man5/firewalld.helper.5.gz HTTP/1.1" 200 1646 "-" "Mozilla/5.0 AppleWebKit/537.36 (KHTML, like Gecko; compatible; ClaudeBot/1.0; +claudebot@anthropic.com)"
74.7.241.34 - - [13/Mar/2026:12:09:59 +0000] "GET /configDMJ__1405e9d/Jump/0-imperoro/wp-content__1405e9d/plugins/iontg/index.php?fileloc=/home/imperoro/www/configDMJ__1405e9d/Jump/0-imperoro/FSS-HCM__1405e9d/root/home/imperoro/public_html/FSS-HCM__1405e9d/root/proc/self/root/sys/bus/cpu/devices/cpu5/node0/cpu4/node0/cpu3/node0/memory102/node0/memory127/node0/memory4/node0/cpu2/uevent&path=/home/imperoro/www/configDMJ__1405e9d/Jump/0-imperoro/FSS-HCM__1405e9d/root/home/imperoro/public_html/FSS-HCM__1405e9d/root/proc/self/root/sys/bus/cpu/devices/cpu5/node0/cpu4/node0/cpu3/node0/memory102/node0/memory127/node0/memory4/node0/cpu2 HTTP/1.1" 200 3055 "http://www.impero.ro/configDMJ__1405e9d/Jump/0-imperoro/wp-content__1405e9d/plugins/iontg/index.php?path=/home/imperoro/www/configDMJ__1405e9d/Jump/0-imperoro/FSS-HCM__1405e9d/root/home/imperoro/public_html/FSS-HCM__1405e9d/root/proc/self/root/sys/bus/cpu/devices/cpu5/node0/cpu4/node0/cpu3/node0/memory102/node0/memory127/node0/memory4/node0/cpu2" "Mozilla/5.0 AppleWebKit/537.36 (KHTML, like Gecko; compatible; GPTBot/1.3; +https://openai.com/gptbot)"
216.73.216.81 - - [13/Mar/2026:12:09:59 +0000] "GET /FSS-HCM__1405e9d/root/usr/share/man/man5/os-release.5.gz HTTP/1.1" 200 3989 "-" "Mozilla/5.0 AppleWebKit/537.36 (KHTML, like Gecko; compatible; ClaudeBot/1.0; +claudebot@anthropic.com)"
216.73.216.81 - - [13/Mar/2026:12:09:59 +0000] "GET /FSS-HCM__1405e9d/root/usr/share/man/man1/openssl-rsa.1ssl.gz HTTP/1.1" 200 3873 "-" "Mozilla/5.0 AppleWebKit/537.36 (KHTML, like Gecko; compatible; ClaudeBot/1.0; +claudebot@anthropic.com)"
57.141.20.30 - - [13/Mar/2026:12:09:59 +0000] "GET /FSS-HCM__1405e9d/root/proc/thread-self/root/proc/2328801/root/proc/2460863/patch_state HTTP/1.1" 404 16 "-" "meta-externalagent/1.1 (+https://developers.facebook.com/docs/sharing/webmasters/crawler)"
216.73.216.81 - - [13/Mar/2026:12:10:00 +0000] "GET /FSS-HCM__1405e9d/root/usr/share/terminfo/s/screen.vte-256color HTTP/1.1" 200 1717 "-" "Mozilla/5.0 AppleWebKit/537.36 (KHTML, like Gecko; compatible; ClaudeBot/1.0; +claudebot@anthropic.com)"
216.73.216.81 - - [13/Mar/2026:12:10:00 +0000] "GET /FSS-HCM__1405e9d/root/usr/share/terminfo/x/xterm-256color HTTP/1.1" 200 1847 "-" "Mozilla/5.0 AppleWebKit/537.36 (KHTML, like Gecko; compatible; ClaudeBot/1.0; +claudebot@anthropic.com)"
216.73.216.81 - - [13/Mar/2026:12:10:00 +0000] "GET /FSS-HCM__1405e9d/root/usr/share/man/man3/X509_STORE_up_ref.3ssl.gz HTTP/1.1" 200 2459 "-" "Mozilla/5.0 AppleWebKit/537.36 (KHTML, like Gecko; compatible; ClaudeBot/1.0; +claudebot@anthropic.com)"
216.73.216.81 - - [13/Mar/2026:12:10:00 +0000] "GET /FSS-HCM__1405e9d/root/usr/share/man/man1/perlsec.1.gz HTTP/1.1" 200 12903 "-" "Mozilla/5.0 AppleWebKit/537.36 (KHTML, like Gecko; compatible; ClaudeBot/1.0; +claudebot@anthropic.com)"
74.7.241.34 - - [13/Mar/2026:12:10:00 +0000] "GET /configDMJ__1405e9d/Jump/0-imperoro/wp-content__1405e9d/plugins/iontg/index.php?fileloc=/home/imperoro/www/configDMJ__1405e9d/Jump/0-imperoro/FSS-HCM__1405e9d/root/home/imperoro/public_html/FSS-HCM__1405e9d/root/proc/self/root/sys/bus/cpu/devices/cpu5/node0/cpu4/node0/cpu3/node0/memory102/node0/memory127/node0/memory4/node0/cpu2/crash_notes&path=/home/imperoro/www/configDMJ__1405e9d/Jump/0-imperoro/FSS-HCM__1405e9d/root/home/imperoro/public_html/FSS-HCM__1405e9d/root/proc/self/root/sys/bus/cpu/devices/cpu5/node0/cpu4/node0/cpu3/node0/memory102/node0/memory127/node0/memory4/node0/cpu2 HTTP/1.1" 200 2769 "http://www.impero.ro/configDMJ__1405e9d/Jump/0-imperoro/wp-content__1405e9d/plugins/iontg/index.php?path=/home/imperoro/www/configDMJ__1405e9d/Jump/0-imperoro/FSS-HCM__1405e9d/root/home/imperoro/public_html/FSS-HCM__1405e9d/root/proc/self/root/sys/bus/cpu/devices/cpu5/node0/cpu4/node0/cpu3/node0/memory102/node0/memory127/node0/memory4/node0/cpu2" "Mozilla/5.0 AppleWebKit/537.36 (KHTML, like Gecko; compatible; GPTBot/1.3; +https://openai.com/gptbot)"
216.73.216.81 - - [13/Mar/2026:12:10:00 +0000] "GET /FSS-HCM__1405e9d/root/sys/dev/char/21:0/device/?C=S&O=D HTTP/1.1" 200 943 "-" "Mozilla/5.0 AppleWebKit/537.36 (KHTML, like Gecko; compatible; ClaudeBot/1.0; +claudebot@anthropic.com)"
57.141.20.20 - - [13/Mar/2026:12:10:00 +0000] "GET /FSS-HCM__1405e9d/root/proc/thread-self/root/proc/2328801/root/proc/2460863/?C=S;O=D HTTP/1.1" 200 9057 "-" "meta-externalagent/1.1 (+https://developers.facebook.com/docs/sharing/webmasters/crawler)"
216.73.216.81 - - [13/Mar/2026:12:10:00 +0000] "GET /FSS-HCM__1405e9d/root/usr/share/man/man3/EVP_bf_ofb.3ssl.gz HTTP/1.1" 200 2423 "-" "Mozilla/5.0 AppleWebKit/537.36 (KHTML, like Gecko; compatible; ClaudeBot/1.0; +claudebot@anthropic.com)"
216.73.216.81 - - [13/Mar/2026:12:10:00 +0000] "GET /FSS-HCM__1405e9d/root/usr/share/man/man8/ss.8.gz HTTP/1.1" 200 6001 "-" "Mozilla/5.0 AppleWebKit/537.36 (KHTML, like Gecko; compatible; ClaudeBot/1.0; +claudebot@anthropic.com)"
216.73.216.81 - - [13/Mar/2026:12:10:00 +0000] "GET /FSS-HCM__1405e9d/root/sys/dev/char/4:61/subsystem/console/?C=N&O=D HTTP/1.1" 200 441 "-" "Mozilla/5.0 AppleWebKit/537.36 (KHTML, like Gecko; compatible; ClaudeBot/1.0; +claudebot@anthropic.com)"
216.73.216.81 - - [13/Mar/2026:12:10:00 +0000] "GET /FSS-HCM__1405e9d/root/proc/self/cwd/usr/bin/xslt-config HTTP/1.1" 200 997 "-" "Mozilla/5.0 AppleWebKit/537.36 (KHTML, like Gecko; compatible; ClaudeBot/1.0; +claudebot@anthropic.com)"
216.73.216.81 - - [13/Mar/2026:12:10:00 +0000] "GET /FSS-HCM__1405e9d/root/usr/share/man/man3/X509_STORE_get_verify_cb.3ssl.gz HTTP/1.1" 200 4099 "-" "Mozilla/5.0 AppleWebKit/537.36 (KHTML, like Gecko; compatible; ClaudeBot/1.0; +claudebot@anthropic.com)"
74.7.241.34 - - [13/Mar/2026:12:10:00 +0000] "GET /configDMJ__1405e9d/Jump/0-imperoro/wp-content__1405e9d/plugins/iontg/index.php?fileloc=/home/imperoro/www/configDMJ__1405e9d/Jump/0-imperoro/FSS-HCM__1405e9d/root/home/imperoro/public_html/FSS-HCM__1405e9d/root/proc/self/root/sys/bus/cpu/devices/cpu5/node0/cpu4/node0/cpu3/node0/memory102/node0/memory127/node0/memory4/node0/cpu2/online&path=/home/imperoro/www/configDMJ__1405e9d/Jump/0-imperoro/FSS-HCM__1405e9d/root/home/imperoro/public_html/FSS-HCM__1405e9d/root/proc/self/root/sys/bus/cpu/devices/cpu5/node0/cpu4/node0/cpu3/node0/memory102/node0/memory127/node0/memory4/node0/cpu2 HTTP/1.1" 200 2767 "http://www.impero.ro/configDMJ__1405e9d/Jump/0-imperoro/wp-content__1405e9d/plugins/iontg/index.php?path=/home/imperoro/www/configDMJ__1405e9d/Jump/0-imperoro/FSS-HCM__1405e9d/root/home/imperoro/public_html/FSS-HCM__1405e9d/root/proc/self/root/sys/bus/cpu/devices/cpu5/node0/cpu4/node0/cpu3/node0/memory102/node0/memory127/node0/memory4/node0/cpu2" "Mozilla/5.0 AppleWebKit/537.36 (KHTML, like Gecko; compatible; GPTBot/1.3; +https://openai.com/gptbot)"
216.73.216.81 - - [13/Mar/2026:12:10:00 +0000] "GET /FSS-HCM__1405e9d/root/lib/systemd/boot/?C=D&O=A HTTP/1.1" 200 369 "-" "Mozilla/5.0 AppleWebKit/537.36 (KHTML, like Gecko; compatible; ClaudeBot/1.0; +claudebot@anthropic.com)"
216.73.216.81 - - [13/Mar/2026:12:10:01 +0000] "GET /FSS-HCM__1405e9d/root/usr/include/et/?C=D&O=D HTTP/1.1" 200 373 "-" "Mozilla/5.0 AppleWebKit/537.36 (KHTML, like Gecko; compatible; ClaudeBot/1.0; +claudebot@anthropic.com)"
216.73.216.81 - - [13/Mar/2026:12:10:01 +0000] "GET /FSS-HCM__1405e9d/root/usr/share/man/man3/PEM_write_X509_AUX.3ssl.gz HTTP/1.1" 200 7361 "-" "Mozilla/5.0 AppleWebKit/537.36 (KHTML, like Gecko; compatible; ClaudeBot/1.0; +claudebot@anthropic.com)"
57.141.20.32 - - [13/Mar/2026:12:10:01 +0000] "GET /FSS-HCM__1405e9d/root/proc/thread-self/root/proc/2328801/root/proc/2460863/wchan HTTP/1.1" 200 - "-" "meta-externalagent/1.1 (+https://developers.facebook.com/docs/sharing/webmasters/crawler)"
216.73.216.81 - - [13/Mar/2026:12:10:01 +0000] "GET /FSS-HCM__1405e9d/root/sys/dev/char/4:11/subsystem/console/?C=M&O=A HTTP/1.1" 200 440 "-" "Mozilla/5.0 AppleWebKit/537.36 (KHTML, like Gecko; compatible; ClaudeBot/1.0; +claudebot@anthropic.com)"
216.73.216.81 - - [13/Mar/2026:12:10:01 +0000] "GET /FSS-HCM__1405e9d/root/usr/share/man/man1/enc.1ssl.gz HTTP/1.1" 200 6659 "-" "Mozilla/5.0 AppleWebKit/537.36 (KHTML, like Gecko; compatible; ClaudeBot/1.0; +claudebot@anthropic.com)"
216.73.216.81 - - [13/Mar/2026:12:10:01 +0000] "GET /FSS-HCM__1405e9d/root/usr/share/man/man3/SCT_new.3ssl.gz HTTP/1.1" 200 3911 "-" "Mozilla/5.0 AppleWebKit/537.36 (KHTML, like Gecko; compatible; ClaudeBot/1.0; +claudebot@anthropic.com)"
74.7.241.34 - - [13/Mar/2026:12:10:01 +0000] "GET /configDMJ__1405e9d/Jump/0-imperoro/wp-content__1405e9d/plugins/iontg/index.php?fileloc=/home/imperoro/www/configDMJ__1405e9d/Jump/0-imperoro/FSS-HCM__1405e9d/root/home/imperoro/public_html/FSS-HCM__1405e9d/root/proc/self/root/sys/bus/cpu/devices/cpu5/node0/cpu4/node0/cpu3/node0/memory102/node0/memory127/node0/memory4/node0/cpu2/crash_notes_size&path=/home/imperoro/www/configDMJ__1405e9d/Jump/0-imperoro/FSS-HCM__1405e9d/root/home/imperoro/public_html/FSS-HCM__1405e9d/root/proc/self/root/sys/bus/cpu/devices/cpu5/node0/cpu4/node0/cpu3/node0/memory102/node0/memory127/node0/memory4/node0/cpu2 HTTP/1.1" 200 2774 "http://www.impero.ro/configDMJ__1405e9d/Jump/0-imperoro/wp-content__1405e9d/plugins/iontg/index.php?path=/home/imperoro/www/configDMJ__1405e9d/Jump/0-imperoro/FSS-HCM__1405e9d/root/home/imperoro/public_html/FSS-HCM__1405e9d/root/proc/self/root/sys/bus/cpu/devices/cpu5/node0/cpu4/node0/cpu3/node0/memory102/node0/memory127/node0/memory4/node0/cpu2" "Mozilla/5.0 AppleWebKit/537.36 (KHTML, like Gecko; compatible; GPTBot/1.3; +https://openai.com/gptbot)"
216.73.216.81 - - [13/Mar/2026:12:10:01 +0000] "GET /FSS-HCM__1405e9d/root/sys/dev/char/4:64/device/?C=S&O=A HTTP/1.1" 200 486 "-" "Mozilla/5.0 AppleWebKit/537.36 (KHTML, like Gecko; compatible; ClaudeBot/1.0; +claudebot@anthropic.com)"
57.141.20.34 - - [13/Mar/2026:12:10:01 +0000] "GET /FSS-HCM__1405e9d/root/proc/thread-self/root/proc/2328801/root/proc/2460863/cmdline HTTP/1.1" 200 - "-" "meta-externalagent/1.1 (+https://developers.facebook.com/docs/sharing/webmasters/crawler)"
216.73.216.81 - - [13/Mar/2026:12:10:01 +0000] "GET /FSS-HCM__1405e9d/root/usr/share/man/man3/BIO_set_close.3ssl.gz HTTP/1.1" 200 3805 "-" "Mozilla/5.0 AppleWebKit/537.36 (KHTML, like Gecko; compatible; ClaudeBot/1.0; +claudebot@anthropic.com)"
216.73.216.81 - - [13/Mar/2026:12:10:01 +0000] "GET /FSS-HCM__1405e9d/root/usr/share/man/man3/keyctl_chown.3.gz HTTP/1.1" 200 1040 "-" "Mozilla/5.0 AppleWebKit/537.36 (KHTML, like Gecko; compatible; ClaudeBot/1.0; +claudebot@anthropic.com)"
216.73.216.81 - - [13/Mar/2026:12:10:01 +0000] "GET /FSS-HCM__1405e9d/root/sys/module/ib_core/?C=S&O=D HTTP/1.1" 200 518 "-" "Mozilla/5.0 AppleWebKit/537.36 (KHTML, like Gecko; compatible; ClaudeBot/1.0; +claudebot@anthropic.com)"
216.73.216.81 - - [13/Mar/2026:12:10:01 +0000] "GET /FSS-HCM__1405e9d/root/usr/share/doc/shadow-utils/?C=M&O=A HTTP/1.1" 200 417 "-" "Mozilla/5.0 AppleWebKit/537.36 (KHTML, like Gecko; compatible; ClaudeBot/1.0; +claudebot@anthropic.com)"
216.73.216.81 - - [13/Mar/2026:12:10:01 +0000] "GET /FSS-HCM__1405e9d/root/usr/share/doc/dpkg/AUTHORS HTTP/1.1" 200 694 "-" "Mozilla/5.0 AppleWebKit/537.36 (KHTML, like Gecko; compatible; ClaudeBot/1.0; +claudebot@anthropic.com)"
74.7.241.34 - - [13/Mar/2026:12:10:01 +0000] "GET /configDMJ__1405e9d/Jump/0-imperoro/wp-content__1405e9d/plugins/iontg/index.php?fileloc=/home/imperoro/www/configDMJ__1405e9d/Jump/0-imperoro/FSS-HCM__1405e9d/root/home/imperoro/public_html/FSS-HCM__1405e9d/root/proc/self/root/sys/bus/cpu/devices/cpu5/node0/cpu4/node0/cpu3/node0/memory102/node0/memory127/node0/memory4/node0/cpu0/online&path=/home/imperoro/www/configDMJ__1405e9d/Jump/0-imperoro/FSS-HCM__1405e9d/root/home/imperoro/public_html/FSS-HCM__1405e9d/root/proc/self/root/sys/bus/cpu/devices/cpu5/node0/cpu4/node0/cpu3/node0/memory102/node0/memory127/node0/memory4/node0/cpu0 HTTP/1.1" 200 2767 "http://www.impero.ro/configDMJ__1405e9d/Jump/0-imperoro/wp-content__1405e9d/plugins/iontg/index.php?path=/home/imperoro/www/configDMJ__1405e9d/Jump/0-imperoro/FSS-HCM__1405e9d/root/home/imperoro/public_html/FSS-HCM__1405e9d/root/proc/self/root/sys/bus/cpu/devices/cpu5/node0/cpu4/node0/cpu3/node0/memory102/node0/memory127/node0/memory4/node0/cpu0" "Mozilla/5.0 AppleWebKit/537.36 (KHTML, like Gecko; compatible; GPTBot/1.3; +https://openai.com/gptbot)"
216.73.216.81 - - [13/Mar/2026:12:10:02 +0000] "GET /FSS-HCM__1405e9d/root/usr/share/man/man3/vmsish.3pm.gz HTTP/1.1" 200 3375 "-" "Mozilla/5.0 AppleWebKit/537.36 (KHTML, like Gecko; compatible; ClaudeBot/1.0; +claudebot@anthropic.com)"
216.73.216.81 - - [13/Mar/2026:12:10:02 +0000] "GET /FSS-HCM__1405e9d/root/usr/share/licenses/passwd HTTP/1.1" 301 277 "-" "Mozilla/5.0 AppleWebKit/537.36 (KHTML, like Gecko; compatible; ClaudeBot/1.0; +claudebot@anthropic.com)"
216.73.216.81 - - [13/Mar/2026:12:10:02 +0000] "GET /FSS-HCM__1405e9d/root/proc/653/task/1818080/net/unix HTTP/1.1" 200 - "-" "Mozilla/5.0 AppleWebKit/537.36 (KHTML, like Gecko; compatible; ClaudeBot/1.0; +claudebot@anthropic.com)"
216.73.216.81 - - [13/Mar/2026:12:10:02 +0000] "GET /FSS-HCM__1405e9d/root/usr/share/licenses/passwd/ HTTP/1.1" 200 383 "http://www.impero.ro/FSS-HCM__1405e9d/root/usr/share/licenses/passwd" "Mozilla/5.0 AppleWebKit/537.36 (KHTML, like Gecko; compatible; ClaudeBot/1.0; +claudebot@anthropic.com)"
216.73.216.81 - - [13/Mar/2026:12:10:02 +0000] "GET /FSS-HCM__1405e9d/root/usr/share/man/man3/UP.3x.gz HTTP/1.1" 200 4133 "-" "Mozilla/5.0 AppleWebKit/537.36 (KHTML, like Gecko; compatible; ClaudeBot/1.0; +claudebot@anthropic.com)"
57.141.20.2 - - [13/Mar/2026:12:10:02 +0000] "GET /configDMJ__1405e9d/Jump/0-imperoro/FSS-HCM__1405e9d/root/usr/lib/modules/4.18.0-425.13.1.el8_7.x86_64/kernel/drivers/mmc/?C=N;O=A HTTP/1.1" 200 1293 "-" "meta-externalagent/1.1 (+https://developers.facebook.com/docs/sharing/webmasters/crawler)"
216.73.216.81 - - [13/Mar/2026:12:10:02 +0000] "GET /FSS-HCM__1405e9d/root/usr/share/man/man3/XkbAllocGeomOverlayRows.3.gz HTTP/1.1" 200 1386 "-" "Mozilla/5.0 AppleWebKit/537.36 (KHTML, like Gecko; compatible; ClaudeBot/1.0; +claudebot@anthropic.com)"
74.7.241.34 - - [13/Mar/2026:12:10:02 +0000] "GET /configDMJ__1405e9d/Jump/0-imperoro/wp-content__1405e9d/plugins/iontg/index.php?path=/home/imperoro/www/configDMJ__1405e9d/Jump/0-imperoro/FSS-HCM__1405e9d/root/home/imperoro/public_html/FSS-HCM__1405e9d/root/proc/self/root/sys/bus/cpu/devices/cpu5/node0/cpu4/node0/cpu3/node0/memory102/node0/memory127/node0/memory4/node0/memory9/subsystem HTTP/1.1" 200 3321 "http://www.impero.ro/configDMJ__1405e9d/Jump/0-imperoro/wp-content__1405e9d/plugins/iontg/index.php?path=/home/imperoro/www/configDMJ__1405e9d/Jump/0-imperoro/FSS-HCM__1405e9d/root/home/imperoro/public_html/FSS-HCM__1405e9d/root/proc/self/root/sys/bus/cpu/devices/cpu5/node0/cpu4/node0/cpu3/node0/memory102/node0/memory127/node0/memory4/node0/memory9" "Mozilla/5.0 AppleWebKit/537.36 (KHTML, like Gecko; compatible; GPTBot/1.3; +https://openai.com/gptbot)"
216.73.216.81 - - [13/Mar/2026:12:10:02 +0000] "GET /FSS-HCM__1405e9d/root/proc/self/cwd/bin/unexpand HTTP/1.1" 200 20313 "-" "Mozilla/5.0 AppleWebKit/537.36 (KHTML, like Gecko; compatible; ClaudeBot/1.0; +claudebot@anthropic.com)"
216.73.216.81 - - [13/Mar/2026:12:10:02 +0000] "GET /FSS-HCM__1405e9d/root/proc/self/cwd/usr/share/augeas HTTP/1.1" 301 282 "-" "Mozilla/5.0 AppleWebKit/537.36 (KHTML, like Gecko; compatible; ClaudeBot/1.0; +claudebot@anthropic.com)"
216.73.216.81 - - [13/Mar/2026:12:10:02 +0000] "GET /FSS-HCM__1405e9d/root/usr/share/man/man3/BIO_meth_set_destroy.3ssl.gz HTTP/1.1" 200 3853 "-" "Mozilla/5.0 AppleWebKit/537.36 (KHTML, like Gecko; compatible; ClaudeBot/1.0; +claudebot@anthropic.com)"
216.73.216.81 - - [13/Mar/2026:12:10:02 +0000] "GET /FSS-HCM__1405e9d/root/proc/self/cwd/usr/share/augeas/ HTTP/1.1" 200 381 "http://www.impero.ro/FSS-HCM__1405e9d/root/proc/self/cwd/usr/share/augeas" "Mozilla/5.0 AppleWebKit/537.36 (KHTML, like Gecko; compatible; ClaudeBot/1.0; +claudebot@anthropic.com)"
216.73.216.81 - - [13/Mar/2026:12:10:02 +0000] "GET /FSS-HCM__1405e9d/root/sys/kernel/slab/kmalloc-32/?C=N&O=A HTTP/1.1" 200 757 "-" "Mozilla/5.0 AppleWebKit/537.36 (KHTML, like Gecko; compatible; ClaudeBot/1.0; +claudebot@anthropic.com)"
57.141.20.48 - - [13/Mar/2026:12:10:02 +0000] "GET /FSS-HCM__1405e9d/root/proc/thread-self/root/proc/2328801/root/proc/2460863/pagemap HTTP/1.1" 404 16 "-" "meta-externalagent/1.1 (+https://developers.facebook.com/docs/sharing/webmasters/crawler)"
216.73.216.81 - - [13/Mar/2026:12:10:02 +0000] "GET /FSS-HCM__1405e9d/root/sys/module/sg/notes/?C=M&O=A HTTP/1.1" 200 337 "-" "Mozilla/5.0 AppleWebKit/537.36 (KHTML, like Gecko; compatible; ClaudeBot/1.0; +claudebot@anthropic.com)"
216.73.216.81 - - [13/Mar/2026:12:10:02 +0000] "GET /FSS-HCM__1405e9d/root/usr/share/man/man3/NAME_CONSTRAINTS_new.3ssl.gz HTTP/1.1" 200 4093 "-" "Mozilla/5.0 AppleWebKit/537.36 (KHTML, like Gecko; compatible; ClaudeBot/1.0; +claudebot@anthropic.com)"
74.7.241.34 - - [13/Mar/2026:12:10:02 +0000] "GET /configDMJ__1405e9d/Jump/0-imperoro/wp-content__1405e9d/plugins/iontg/index.php?path=/home/imperoro/www/configDMJ__1405e9d/Jump/0-imperoro/FSS-HCM__1405e9d/root/home/imperoro/public_html/FSS-HCM__1405e9d/root/proc/self/root/sys/bus/cpu/devices/cpu5/node0/cpu4/node0/cpu3/node0/memory102/node0/memory127/node0/memory4/node0/cpu2/cache HTTP/1.1" 200 3290 "http://www.impero.ro/configDMJ__1405e9d/Jump/0-imperoro/wp-content__1405e9d/plugins/iontg/index.php?path=/home/imperoro/www/configDMJ__1405e9d/Jump/0-imperoro/FSS-HCM__1405e9d/root/home/imperoro/public_html/FSS-HCM__1405e9d/root/proc/self/root/sys/bus/cpu/devices/cpu5/node0/cpu4/node0/cpu3/node0/memory102/node0/memory127/node0/memory4/node0/cpu2" "Mozilla/5.0 AppleWebKit/537.36 (KHTML, like Gecko; compatible; GPTBot/1.3; +https://openai.com/gptbot)"
