74.7.227.140 - - [13/Mar/2026:12:42:30 +0000] "GET /wp-includes__1405e9d/images/smilies/icon_mrgreen.gif HTTP/1.1" 200 348 "https://impero.ro/wp-includes__1405e9d/images/smilies/" "Mozilla/5.0 AppleWebKit/537.36 (KHTML, like Gecko; compatible; GPTBot/1.3; +https://openai.com/gptbot)"
74.7.242.44 - - [13/Mar/2026:12:42:30 +0000] "GET /FSS-HCM__1405e9d/root/sys/devices/system/memory/memory104/node0/memory13/valid_zones HTTP/1.1" 200 26 "https://mail.impero.ro/FSS-HCM__1405e9d/root/sys/devices/system/memory/memory104/node0/memory13/" "Mozilla/5.0 AppleWebKit/537.36 (KHTML, like Gecko; compatible; GPTBot/1.3; +https://openai.com/gptbot)"
74.7.227.140 - - [13/Mar/2026:12:42:31 +0000] "GET /wp-includes__1405e9d/images/smilies/icon_biggrin.gif HTTP/1.1" 200 173 "https://impero.ro/wp-includes__1405e9d/images/smilies/" "Mozilla/5.0 AppleWebKit/537.36 (KHTML, like Gecko; compatible; GPTBot/1.3; +https://openai.com/gptbot)"
74.7.242.44 - - [13/Mar/2026:12:42:31 +0000] "GET /FSS-HCM__1405e9d/root/sys/devices/system/memory/memory104/node0/memory17/valid_zones HTTP/1.1" 200 26 "https://mail.impero.ro/FSS-HCM__1405e9d/root/sys/devices/system/memory/memory104/node0/memory17/" "Mozilla/5.0 AppleWebKit/537.36 (KHTML, like Gecko; compatible; GPTBot/1.3; +https://openai.com/gptbot)"
74.7.227.140 - - [13/Mar/2026:12:42:31 +0000] "GET /wp-includes__1405e9d/images/smilies/icon_exclaim.gif HTTP/1.1" 200 236 "https://impero.ro/wp-includes__1405e9d/images/smilies/" "Mozilla/5.0 AppleWebKit/537.36 (KHTML, like Gecko; compatible; GPTBot/1.3; +https://openai.com/gptbot)"
74.7.242.44 - - [13/Mar/2026:12:42:31 +0000] "GET /FSS-HCM__1405e9d/root/sys/devices/system/memory/memory104/node0/memory18/valid_zones HTTP/1.1" 200 26 "https://mail.impero.ro/FSS-HCM__1405e9d/root/sys/devices/system/memory/memory104/node0/memory18/" "Mozilla/5.0 AppleWebKit/537.36 (KHTML, like Gecko; compatible; GPTBot/1.3; +https://openai.com/gptbot)"
74.7.227.140 - - [13/Mar/2026:12:42:32 +0000] "GET /FSS-HCM__1405e9d/root/lib64/xtables/libxt_TOS.so HTTP/1.1" 200 4902 "https://impero.ro/FSS-HCM__1405e9d/root/lib64/xtables/" "Mozilla/5.0 AppleWebKit/537.36 (KHTML, like Gecko; compatible; GPTBot/1.3; +https://openai.com/gptbot)"
74.7.242.44 - - [13/Mar/2026:12:42:32 +0000] "GET /FSS-HCM__1405e9d/root/sys/devices/system/memory/memory109/node0/memory18/valid_zones HTTP/1.1" 200 26 "https://mail.impero.ro/FSS-HCM__1405e9d/root/sys/devices/system/memory/memory109/node0/memory18/" "Mozilla/5.0 AppleWebKit/537.36 (KHTML, like Gecko; compatible; GPTBot/1.3; +https://openai.com/gptbot)"
74.7.227.140 - - [13/Mar/2026:12:42:32 +0000] "GET /FSS-HCM__1405e9d/root/lib64/xtables/libxt_mac.so HTTP/1.1" 200 3604 "https://impero.ro/FSS-HCM__1405e9d/root/lib64/xtables/" "Mozilla/5.0 AppleWebKit/537.36 (KHTML, like Gecko; compatible; GPTBot/1.3; +https://openai.com/gptbot)"
74.7.242.44 - - [13/Mar/2026:12:42:32 +0000] "GET /FSS-HCM__1405e9d/root/sys/devices/system/memory/memory109/node0/memory13/valid_zones HTTP/1.1" 200 26 "https://mail.impero.ro/FSS-HCM__1405e9d/root/sys/devices/system/memory/memory109/node0/memory13/" "Mozilla/5.0 AppleWebKit/537.36 (KHTML, like Gecko; compatible; GPTBot/1.3; +https://openai.com/gptbot)"
74.7.227.140 - - [13/Mar/2026:12:42:33 +0000] "GET /FSS-HCM__1405e9d/root/lib64/xtables/libxt_TEE.so HTTP/1.1" 200 3822 "https://impero.ro/FSS-HCM__1405e9d/root/lib64/xtables/" "Mozilla/5.0 AppleWebKit/537.36 (KHTML, like Gecko; compatible; GPTBot/1.3; +https://openai.com/gptbot)"
74.7.242.44 - - [13/Mar/2026:12:42:33 +0000] "GET /FSS-HCM__1405e9d/root/sys/devices/system/memory/memory109/node0/memory16/valid_zones HTTP/1.1" 200 26 "https://mail.impero.ro/FSS-HCM__1405e9d/root/sys/devices/system/memory/memory109/node0/memory16/" "Mozilla/5.0 AppleWebKit/537.36 (KHTML, like Gecko; compatible; GPTBot/1.3; +https://openai.com/gptbot)"
74.7.227.140 - - [13/Mar/2026:12:42:33 +0000] "GET /FSS-HCM__1405e9d/root/lib64/xtables/libipt_ah.so HTTP/1.1" 200 3799 "https://impero.ro/FSS-HCM__1405e9d/root/lib64/xtables/" "Mozilla/5.0 AppleWebKit/537.36 (KHTML, like Gecko; compatible; GPTBot/1.3; +https://openai.com/gptbot)"
74.7.242.44 - - [13/Mar/2026:12:42:33 +0000] "GET /FSS-HCM__1405e9d/root/sys/devices/system/memory/memory115/node0/memory41/online HTTP/1.1" 200 22 "https://mail.impero.ro/FSS-HCM__1405e9d/root/sys/devices/system/memory/memory115/node0/memory41/" "Mozilla/5.0 AppleWebKit/537.36 (KHTML, like Gecko; compatible; GPTBot/1.3; +https://openai.com/gptbot)"
74.7.227.140 - - [13/Mar/2026:12:42:34 +0000] "GET /FSS-HCM__1405e9d/root/proc/2766786/task/2766791/net/ HTTP/1.1" 200 907 "https://impero.ro/FSS-HCM__1405e9d/root/proc/2766786/task/2766791/" "Mozilla/5.0 AppleWebKit/537.36 (KHTML, like Gecko; compatible; GPTBot/1.3; +https://openai.com/gptbot)"
74.7.242.44 - - [13/Mar/2026:12:42:34 +0000] "GET /FSS-HCM__1405e9d/root/sys/devices/system/memory/memory109/node0/memory90/uevent HTTP/1.1" 200 20 "https://mail.impero.ro/FSS-HCM__1405e9d/root/sys/devices/system/memory/memory109/node0/memory90/" "Mozilla/5.0 AppleWebKit/537.36 (KHTML, like Gecko; compatible; GPTBot/1.3; +https://openai.com/gptbot)"
74.7.227.140 - - [13/Mar/2026:12:42:34 +0000] "GET /FSS-HCM__1405e9d/root/proc/2766786/task/2766795/net/ HTTP/1.1" 200 907 "https://impero.ro/FSS-HCM__1405e9d/root/proc/2766786/task/2766795/" "Mozilla/5.0 AppleWebKit/537.36 (KHTML, like Gecko; compatible; GPTBot/1.3; +https://openai.com/gptbot)"
74.7.242.44 - - [13/Mar/2026:12:42:34 +0000] "GET /FSS-HCM__1405e9d/root/sys/devices/system/memory/memory104/node0/memory54/uevent HTTP/1.1" 200 20 "https://mail.impero.ro/FSS-HCM__1405e9d/root/sys/devices/system/memory/memory104/node0/memory54/" "Mozilla/5.0 AppleWebKit/537.36 (KHTML, like Gecko; compatible; GPTBot/1.3; +https://openai.com/gptbot)"
74.7.227.140 - - [13/Mar/2026:12:42:35 +0000] "GET /FSS-HCM__1405e9d/root/proc/2766786/task/2766795/maps HTTP/1.1" 404 36 "https://impero.ro/FSS-HCM__1405e9d/root/proc/2766786/task/2766795/" "Mozilla/5.0 AppleWebKit/537.36 (KHTML, like Gecko; compatible; GPTBot/1.3; +https://openai.com/gptbot)"
74.7.242.44 - - [13/Mar/2026:12:42:35 +0000] "GET /FSS-HCM__1405e9d/root/sys/devices/system/memory/memory104/node0/memory41/online HTTP/1.1" 200 22 "https://mail.impero.ro/FSS-HCM__1405e9d/root/sys/devices/system/memory/memory104/node0/memory41/" "Mozilla/5.0 AppleWebKit/537.36 (KHTML, like Gecko; compatible; GPTBot/1.3; +https://openai.com/gptbot)"
74.7.227.140 - - [13/Mar/2026:12:42:35 +0000] "GET /FSS-HCM__1405e9d/root/proc/2766786/task/2766791/maps HTTP/1.1" 404 36 "https://impero.ro/FSS-HCM__1405e9d/root/proc/2766786/task/2766791/" "Mozilla/5.0 AppleWebKit/537.36 (KHTML, like Gecko; compatible; GPTBot/1.3; +https://openai.com/gptbot)"
74.7.242.44 - - [13/Mar/2026:12:42:35 +0000] "GET /FSS-HCM__1405e9d/root/sys/devices/system/memory/memory115/node0/memory40/uevent HTTP/1.1" 200 20 "https://mail.impero.ro/FSS-HCM__1405e9d/root/sys/devices/system/memory/memory115/node0/memory40/" "Mozilla/5.0 AppleWebKit/537.36 (KHTML, like Gecko; compatible; GPTBot/1.3; +https://openai.com/gptbot)"
74.7.227.140 - - [13/Mar/2026:12:42:36 +0000] "GET /FSS-HCM__1405e9d/root/proc/2766786/task/2766791/comm HTTP/1.1" 200 - "https://impero.ro/FSS-HCM__1405e9d/root/proc/2766786/task/2766791/" "Mozilla/5.0 AppleWebKit/537.36 (KHTML, like Gecko; compatible; GPTBot/1.3; +https://openai.com/gptbot)"
74.7.242.44 - - [13/Mar/2026:12:42:36 +0000] "GET /FSS-HCM__1405e9d/root/sys/devices/system/memory/memory109/node0/memory95/uevent HTTP/1.1" 200 20 "https://mail.impero.ro/FSS-HCM__1405e9d/root/sys/devices/system/memory/memory109/node0/memory95/" "Mozilla/5.0 AppleWebKit/537.36 (KHTML, like Gecko; compatible; GPTBot/1.3; +https://openai.com/gptbot)"
74.7.227.140 - - [13/Mar/2026:12:42:36 +0000] "GET /FSS-HCM__1405e9d/root/proc/2766786/task/2766795/comm HTTP/1.1" 200 - "https://impero.ro/FSS-HCM__1405e9d/root/proc/2766786/task/2766795/" "Mozilla/5.0 AppleWebKit/537.36 (KHTML, like Gecko; compatible; GPTBot/1.3; +https://openai.com/gptbot)"
74.7.242.44 - - [13/Mar/2026:12:42:37 +0000] "GET /FSS-HCM__1405e9d/root/sys/devices/system/memory/memory104/node0/memory51/online HTTP/1.1" 200 22 "https://mail.impero.ro/FSS-HCM__1405e9d/root/sys/devices/system/memory/memory104/node0/memory51/" "Mozilla/5.0 AppleWebKit/537.36 (KHTML, like Gecko; compatible; GPTBot/1.3; +https://openai.com/gptbot)"
74.7.227.140 - - [13/Mar/2026:12:42:37 +0000] "GET /FSS-HCM__1405e9d/root/proc/2766786/task/2766795/mem HTTP/1.1" 404 36 "https://impero.ro/FSS-HCM__1405e9d/root/proc/2766786/task/2766795/" "Mozilla/5.0 AppleWebKit/537.36 (KHTML, like Gecko; compatible; GPTBot/1.3; +https://openai.com/gptbot)"
74.7.242.44 - - [13/Mar/2026:12:42:37 +0000] "GET /FSS-HCM__1405e9d/root/sys/devices/system/memory/memory115/node0/memory91/online HTTP/1.1" 200 22 "https://mail.impero.ro/FSS-HCM__1405e9d/root/sys/devices/system/memory/memory115/node0/memory91/" "Mozilla/5.0 AppleWebKit/537.36 (KHTML, like Gecko; compatible; GPTBot/1.3; +https://openai.com/gptbot)"
74.7.227.140 - - [13/Mar/2026:12:42:37 +0000] "GET /FSS-HCM__1405e9d/root/proc/2766786/task/2766791/mem HTTP/1.1" 404 36 "https://impero.ro/FSS-HCM__1405e9d/root/proc/2766786/task/2766791/" "Mozilla/5.0 AppleWebKit/537.36 (KHTML, like Gecko; compatible; GPTBot/1.3; +https://openai.com/gptbot)"
74.7.242.44 - - [13/Mar/2026:12:42:38 +0000] "GET /FSS-HCM__1405e9d/root/sys/devices/system/memory/memory104/node0/memory94/online HTTP/1.1" 200 22 "https://mail.impero.ro/FSS-HCM__1405e9d/root/sys/devices/system/memory/memory104/node0/memory94/" "Mozilla/5.0 AppleWebKit/537.36 (KHTML, like Gecko; compatible; GPTBot/1.3; +https://openai.com/gptbot)"
74.7.227.140 - - [13/Mar/2026:12:42:38 +0000] "GET /FSS-HCM__1405e9d/root/proc/2766786/task/2766791/auxv HTTP/1.1" 404 36 "https://impero.ro/FSS-HCM__1405e9d/root/proc/2766786/task/2766791/" "Mozilla/5.0 AppleWebKit/537.36 (KHTML, like Gecko; compatible; GPTBot/1.3; +https://openai.com/gptbot)"
74.7.242.44 - - [13/Mar/2026:12:42:38 +0000] "GET /FSS-HCM__1405e9d/root/sys/devices/system/memory/memory115/node0/memory54/online HTTP/1.1" 200 22 "https://mail.impero.ro/FSS-HCM__1405e9d/root/sys/devices/system/memory/memory115/node0/memory54/" "Mozilla/5.0 AppleWebKit/537.36 (KHTML, like Gecko; compatible; GPTBot/1.3; +https://openai.com/gptbot)"
74.7.227.140 - - [13/Mar/2026:12:42:39 +0000] "GET /FSS-HCM__1405e9d/root/proc/2766786/task/2766795/auxv HTTP/1.1" 404 36 "https://impero.ro/FSS-HCM__1405e9d/root/proc/2766786/task/2766795/" "Mozilla/5.0 AppleWebKit/537.36 (KHTML, like Gecko; compatible; GPTBot/1.3; +https://openai.com/gptbot)"
74.7.242.44 - - [13/Mar/2026:12:42:39 +0000] "GET /FSS-HCM__1405e9d/root/sys/devices/system/memory/memory104/node0/memory91/online HTTP/1.1" 200 22 "https://mail.impero.ro/FSS-HCM__1405e9d/root/sys/devices/system/memory/memory104/node0/memory91/" "Mozilla/5.0 AppleWebKit/537.36 (KHTML, like Gecko; compatible; GPTBot/1.3; +https://openai.com/gptbot)"
74.7.227.140 - - [13/Mar/2026:12:42:39 +0000] "GET /FSS-HCM__1405e9d/root/proc/2766786/task/2766791/sched HTTP/1.1" 200 - "https://impero.ro/FSS-HCM__1405e9d/root/proc/2766786/task/2766791/" "Mozilla/5.0 AppleWebKit/537.36 (KHTML, like Gecko; compatible; GPTBot/1.3; +https://openai.com/gptbot)"
74.7.242.44 - - [13/Mar/2026:12:42:39 +0000] "GET /FSS-HCM__1405e9d/root/sys/devices/system/memory/memory109/node0/memory95/online HTTP/1.1" 200 22 "https://mail.impero.ro/FSS-HCM__1405e9d/root/sys/devices/system/memory/memory109/node0/memory95/" "Mozilla/5.0 AppleWebKit/537.36 (KHTML, like Gecko; compatible; GPTBot/1.3; +https://openai.com/gptbot)"
74.7.227.140 - - [13/Mar/2026:12:42:40 +0000] "GET /FSS-HCM__1405e9d/root/proc/2766786/task/2766791/net/snmp6 HTTP/1.1" 200 - "https://impero.ro/FSS-HCM__1405e9d/root/proc/2766786/task/2766791/net/" "Mozilla/5.0 AppleWebKit/537.36 (KHTML, like Gecko; compatible; GPTBot/1.3; +https://openai.com/gptbot)"
74.7.242.44 - - [13/Mar/2026:12:42:40 +0000] "GET /FSS-HCM__1405e9d/root/sys/devices/system/memory/memory109/node0/memory40/uevent HTTP/1.1" 200 20 "https://mail.impero.ro/FSS-HCM__1405e9d/root/sys/devices/system/memory/memory109/node0/memory40/" "Mozilla/5.0 AppleWebKit/537.36 (KHTML, like Gecko; compatible; GPTBot/1.3; +https://openai.com/gptbot)"
74.7.227.140 - - [13/Mar/2026:12:42:40 +0000] "GET /FSS-HCM__1405e9d/root/proc/2766786/task/2766795/net/snmp6 HTTP/1.1" 200 - "https://impero.ro/FSS-HCM__1405e9d/root/proc/2766786/task/2766795/net/" "Mozilla/5.0 AppleWebKit/537.36 (KHTML, like Gecko; compatible; GPTBot/1.3; +https://openai.com/gptbot)"
74.7.242.44 - - [13/Mar/2026:12:42:40 +0000] "GET /FSS-HCM__1405e9d/root/sys/devices/system/memory/memory104/node0/memory44/uevent HTTP/1.1" 200 20 "https://mail.impero.ro/FSS-HCM__1405e9d/root/sys/devices/system/memory/memory104/node0/memory44/" "Mozilla/5.0 AppleWebKit/537.36 (KHTML, like Gecko; compatible; GPTBot/1.3; +https://openai.com/gptbot)"
74.7.227.140 - - [13/Mar/2026:12:42:41 +0000] "GET /FSS-HCM__1405e9d/root/proc/2766786/task/2766791/net/anycast6 HTTP/1.1" 200 - "https://impero.ro/FSS-HCM__1405e9d/root/proc/2766786/task/2766791/net/" "Mozilla/5.0 AppleWebKit/537.36 (KHTML, like Gecko; compatible; GPTBot/1.3; +https://openai.com/gptbot)"
74.7.242.44 - - [13/Mar/2026:12:42:41 +0000] "GET /FSS-HCM__1405e9d/root/sys/devices/system/memory/memory109/node0/memory50/uevent HTTP/1.1" 200 20 "https://mail.impero.ro/FSS-HCM__1405e9d/root/sys/devices/system/memory/memory109/node0/memory50/" "Mozilla/5.0 AppleWebKit/537.36 (KHTML, like Gecko; compatible; GPTBot/1.3; +https://openai.com/gptbot)"
74.7.227.140 - - [13/Mar/2026:12:42:41 +0000] "GET /FSS-HCM__1405e9d/root/proc/2766786/task/2766795/net/anycast6 HTTP/1.1" 200 - "https://impero.ro/FSS-HCM__1405e9d/root/proc/2766786/task/2766795/net/" "Mozilla/5.0 AppleWebKit/537.36 (KHTML, like Gecko; compatible; GPTBot/1.3; +https://openai.com/gptbot)"
74.7.242.44 - - [13/Mar/2026:12:42:41 +0000] "GET /FSS-HCM__1405e9d/root/sys/devices/system/memory/memory104/node0/memory55/uevent HTTP/1.1" 200 20 "https://mail.impero.ro/FSS-HCM__1405e9d/root/sys/devices/system/memory/memory104/node0/memory55/" "Mozilla/5.0 AppleWebKit/537.36 (KHTML, like Gecko; compatible; GPTBot/1.3; +https://openai.com/gptbot)"
74.7.227.140 - - [13/Mar/2026:12:42:42 +0000] "GET /FSS-HCM__1405e9d/root/proc/2766786/task/2766795/net/udp6 HTTP/1.1" 200 - "https://impero.ro/FSS-HCM__1405e9d/root/proc/2766786/task/2766795/net/" "Mozilla/5.0 AppleWebKit/537.36 (KHTML, like Gecko; compatible; GPTBot/1.3; +https://openai.com/gptbot)"
74.7.242.44 - - [13/Mar/2026:12:42:42 +0000] "GET /FSS-HCM__1405e9d/root/sys/devices/system/memory/memory104/node0/memory49/uevent HTTP/1.1" 200 20 "https://mail.impero.ro/FSS-HCM__1405e9d/root/sys/devices/system/memory/memory104/node0/memory49/" "Mozilla/5.0 AppleWebKit/537.36 (KHTML, like Gecko; compatible; GPTBot/1.3; +https://openai.com/gptbot)"
74.7.227.140 - - [13/Mar/2026:12:42:42 +0000] "GET /FSS-HCM__1405e9d/root/proc/2766786/task/2766791/net/udp6 HTTP/1.1" 200 - "https://impero.ro/FSS-HCM__1405e9d/root/proc/2766786/task/2766791/net/" "Mozilla/5.0 AppleWebKit/537.36 (KHTML, like Gecko; compatible; GPTBot/1.3; +https://openai.com/gptbot)"
74.7.242.44 - - [13/Mar/2026:12:42:42 +0000] "GET /FSS-HCM__1405e9d/root/sys/devices/system/memory/memory115/node0/memory99/uevent HTTP/1.1" 200 20 "https://mail.impero.ro/FSS-HCM__1405e9d/root/sys/devices/system/memory/memory115/node0/memory99/" "Mozilla/5.0 AppleWebKit/537.36 (KHTML, like Gecko; compatible; GPTBot/1.3; +https://openai.com/gptbot)"
74.7.227.140 - - [13/Mar/2026:12:42:43 +0000] "GET /FSS-HCM__1405e9d/root/proc/2766786/task/2766791/net/udp HTTP/1.1" 200 - "https://impero.ro/FSS-HCM__1405e9d/root/proc/2766786/task/2766791/net/" "Mozilla/5.0 AppleWebKit/537.36 (KHTML, like Gecko; compatible; GPTBot/1.3; +https://openai.com/gptbot)"
74.7.242.44 - - [13/Mar/2026:12:42:43 +0000] "GET /FSS-HCM__1405e9d/root/sys/devices/system/memory/memory109/node0/memory51/online HTTP/1.1" 200 22 "https://mail.impero.ro/FSS-HCM__1405e9d/root/sys/devices/system/memory/memory109/node0/memory51/" "Mozilla/5.0 AppleWebKit/537.36 (KHTML, like Gecko; compatible; GPTBot/1.3; +https://openai.com/gptbot)"
74.7.227.140 - - [13/Mar/2026:12:42:43 +0000] "GET /FSS-HCM__1405e9d/root/proc/2766786/task/2766791/net/raw HTTP/1.1" 200 - "https://impero.ro/FSS-HCM__1405e9d/root/proc/2766786/task/2766791/net/" "Mozilla/5.0 AppleWebKit/537.36 (KHTML, like Gecko; compatible; GPTBot/1.3; +https://openai.com/gptbot)"
74.7.242.44 - - [13/Mar/2026:12:42:43 +0000] "GET /FSS-HCM__1405e9d/root/sys/devices/system/memory/memory104/node0/memory45/uevent HTTP/1.1" 200 20 "https://mail.impero.ro/FSS-HCM__1405e9d/root/sys/devices/system/memory/memory104/node0/memory45/" "Mozilla/5.0 AppleWebKit/537.36 (KHTML, like Gecko; compatible; GPTBot/1.3; +https://openai.com/gptbot)"
74.7.227.140 - - [13/Mar/2026:12:42:44 +0000] "GET /FSS-HCM__1405e9d/root/proc/2766786/task/2766795/net/udp HTTP/1.1" 200 - "https://impero.ro/FSS-HCM__1405e9d/root/proc/2766786/task/2766795/net/" "Mozilla/5.0 AppleWebKit/537.36 (KHTML, like Gecko; compatible; GPTBot/1.3; +https://openai.com/gptbot)"
74.7.242.44 - - [13/Mar/2026:12:42:44 +0000] "GET /FSS-HCM__1405e9d/root/sys/devices/system/memory/memory104/node0/memory40/uevent HTTP/1.1" 200 20 "https://mail.impero.ro/FSS-HCM__1405e9d/root/sys/devices/system/memory/memory104/node0/memory40/" "Mozilla/5.0 AppleWebKit/537.36 (KHTML, like Gecko; compatible; GPTBot/1.3; +https://openai.com/gptbot)"
74.7.227.140 - - [13/Mar/2026:12:42:44 +0000] "GET /FSS-HCM__1405e9d/root/proc/2766786/task/2766795/net/raw HTTP/1.1" 200 - "https://impero.ro/FSS-HCM__1405e9d/root/proc/2766786/task/2766795/net/" "Mozilla/5.0 AppleWebKit/537.36 (KHTML, like Gecko; compatible; GPTBot/1.3; +https://openai.com/gptbot)"
74.7.242.44 - - [13/Mar/2026:12:42:44 +0000] "GET /FSS-HCM__1405e9d/root/sys/devices/system/memory/memory104/node0/memory45/online HTTP/1.1" 200 22 "https://mail.impero.ro/FSS-HCM__1405e9d/root/sys/devices/system/memory/memory104/node0/memory45/" "Mozilla/5.0 AppleWebKit/537.36 (KHTML, like Gecko; compatible; GPTBot/1.3; +https://openai.com/gptbot)"
74.7.227.140 - - [13/Mar/2026:12:42:45 +0000] "GET /FSS-HCM__1405e9d/root/proc/2766786/task/2766791/net/ptype HTTP/1.1" 200 - "https://impero.ro/FSS-HCM__1405e9d/root/proc/2766786/task/2766791/net/" "Mozilla/5.0 AppleWebKit/537.36 (KHTML, like Gecko; compatible; GPTBot/1.3; +https://openai.com/gptbot)"
74.7.242.44 - - [13/Mar/2026:12:42:45 +0000] "GET /FSS-HCM__1405e9d/root/sys/devices/system/memory/memory115/node0/memory95/uevent HTTP/1.1" 200 20 "https://mail.impero.ro/FSS-HCM__1405e9d/root/sys/devices/system/memory/memory115/node0/memory95/" "Mozilla/5.0 AppleWebKit/537.36 (KHTML, like Gecko; compatible; GPTBot/1.3; +https://openai.com/gptbot)"
74.7.227.140 - - [13/Mar/2026:12:42:45 +0000] "GET /FSS-HCM__1405e9d/root/proc/2766786/task/2766795/net/ptype HTTP/1.1" 200 - "https://impero.ro/FSS-HCM__1405e9d/root/proc/2766786/task/2766795/net/" "Mozilla/5.0 AppleWebKit/537.36 (KHTML, like Gecko; compatible; GPTBot/1.3; +https://openai.com/gptbot)"
74.7.242.44 - - [13/Mar/2026:12:42:46 +0000] "GET /FSS-HCM__1405e9d/root/sys/devices/system/memory/memory109/node0/memory94/uevent HTTP/1.1" 200 20 "https://mail.impero.ro/FSS-HCM__1405e9d/root/sys/devices/system/memory/memory109/node0/memory94/" "Mozilla/5.0 AppleWebKit/537.36 (KHTML, like Gecko; compatible; GPTBot/1.3; +https://openai.com/gptbot)"
74.7.227.140 - - [13/Mar/2026:12:42:46 +0000] "GET /FSS-HCM__1405e9d/root/proc/2766786/task/2766791/net/icmp6 HTTP/1.1" 200 - "https://impero.ro/FSS-HCM__1405e9d/root/proc/2766786/task/2766791/net/" "Mozilla/5.0 AppleWebKit/537.36 (KHTML, like Gecko; compatible; GPTBot/1.3; +https://openai.com/gptbot)"
74.7.242.44 - - [13/Mar/2026:12:42:46 +0000] "GET /FSS-HCM__1405e9d/root/sys/devices/system/memory/memory115/node0/memory54/uevent HTTP/1.1" 200 20 "https://mail.impero.ro/FSS-HCM__1405e9d/root/sys/devices/system/memory/memory115/node0/memory54/" "Mozilla/5.0 AppleWebKit/537.36 (KHTML, like Gecko; compatible; GPTBot/1.3; +https://openai.com/gptbot)"
74.7.242.44 - - [13/Mar/2026:12:42:47 +0000] "GET /FSS-HCM__1405e9d/root/sys/devices/system/memory/memory115/node0/memory90/uevent HTTP/1.1" 200 20 "https://mail.impero.ro/FSS-HCM__1405e9d/root/sys/devices/system/memory/memory115/node0/memory90/" "Mozilla/5.0 AppleWebKit/537.36 (KHTML, like Gecko; compatible; GPTBot/1.3; +https://openai.com/gptbot)"
74.7.227.140 - - [13/Mar/2026:12:42:47 +0000] "GET /FSS-HCM__1405e9d/root/proc/2766786/task/2766795/net/igmp6 HTTP/1.1" 200 - "https://impero.ro/FSS-HCM__1405e9d/root/proc/2766786/task/2766795/net/" "Mozilla/5.0 AppleWebKit/537.36 (KHTML, like Gecko; compatible; GPTBot/1.3; +https://openai.com/gptbot)"
74.7.242.44 - - [13/Mar/2026:12:42:47 +0000] "GET /FSS-HCM__1405e9d/root/sys/devices/system/memory/memory115/node0/memory41/uevent HTTP/1.1" 200 20 "https://mail.impero.ro/FSS-HCM__1405e9d/root/sys/devices/system/memory/memory115/node0/memory41/" "Mozilla/5.0 AppleWebKit/537.36 (KHTML, like Gecko; compatible; GPTBot/1.3; +https://openai.com/gptbot)"
74.7.227.140 - - [13/Mar/2026:12:42:47 +0000] "GET /FSS-HCM__1405e9d/root/proc/2766786/task/2766795/net/icmp6 HTTP/1.1" 200 - "https://impero.ro/FSS-HCM__1405e9d/root/proc/2766786/task/2766795/net/" "Mozilla/5.0 AppleWebKit/537.36 (KHTML, like Gecko; compatible; GPTBot/1.3; +https://openai.com/gptbot)"
74.7.227.140 - - [13/Mar/2026:12:42:48 +0000] "GET /FSS-HCM__1405e9d/root/proc/2766786/task/2766791/net/igmp6 HTTP/1.1" 200 - "https://impero.ro/FSS-HCM__1405e9d/root/proc/2766786/task/2766791/net/" "Mozilla/5.0 AppleWebKit/537.36 (KHTML, like Gecko; compatible; GPTBot/1.3; +https://openai.com/gptbot)"
74.7.242.44 - - [13/Mar/2026:12:42:48 +0000] "GET /FSS-HCM__1405e9d/root/sys/devices/system/memory/memory104/node0/memory94/uevent HTTP/1.1" 200 20 "https://mail.impero.ro/FSS-HCM__1405e9d/root/sys/devices/system/memory/memory104/node0/memory94/" "Mozilla/5.0 AppleWebKit/537.36 (KHTML, like Gecko; compatible; GPTBot/1.3; +https://openai.com/gptbot)"
74.7.242.44 - - [13/Mar/2026:12:42:48 +0000] "GET /FSS-HCM__1405e9d/root/sys/devices/system/memory/memory115/node0/memory45/online HTTP/1.1" 200 22 "https://mail.impero.ro/FSS-HCM__1405e9d/root/sys/devices/system/memory/memory115/node0/memory45/" "Mozilla/5.0 AppleWebKit/537.36 (KHTML, like Gecko; compatible; GPTBot/1.3; +https://openai.com/gptbot)"
74.7.227.140 - - [13/Mar/2026:12:42:48 +0000] "GET /FSS-HCM__1405e9d/root/proc/2766786/task/2766795/net/packet HTTP/1.1" 200 - "https://impero.ro/FSS-HCM__1405e9d/root/proc/2766786/task/2766795/net/" "Mozilla/5.0 AppleWebKit/537.36 (KHTML, like Gecko; compatible; GPTBot/1.3; +https://openai.com/gptbot)"
74.7.242.44 - - [13/Mar/2026:12:42:49 +0000] "GET /FSS-HCM__1405e9d/root/sys/devices/system/memory/memory109/node0/memory90/online HTTP/1.1" 200 22 "https://mail.impero.ro/FSS-HCM__1405e9d/root/sys/devices/system/memory/memory109/node0/memory90/" "Mozilla/5.0 AppleWebKit/537.36 (KHTML, like Gecko; compatible; GPTBot/1.3; +https://openai.com/gptbot)"
74.7.227.140 - - [13/Mar/2026:12:42:49 +0000] "GET /FSS-HCM__1405e9d/root/proc/2766786/task/2766791/net/packet HTTP/1.1" 200 - "https://impero.ro/FSS-HCM__1405e9d/root/proc/2766786/task/2766791/net/" "Mozilla/5.0 AppleWebKit/537.36 (KHTML, like Gecko; compatible; GPTBot/1.3; +https://openai.com/gptbot)"
74.7.227.140 - - [13/Mar/2026:12:42:49 +0000] "GET /FSS-HCM__1405e9d/root/proc/2766786/task/2766791/net/raw6 HTTP/1.1" 200 - "https://impero.ro/FSS-HCM__1405e9d/root/proc/2766786/task/2766791/net/" "Mozilla/5.0 AppleWebKit/537.36 (KHTML, like Gecko; compatible; GPTBot/1.3; +https://openai.com/gptbot)"
74.7.242.44 - - [13/Mar/2026:12:42:49 +0000] "GET /FSS-HCM__1405e9d/root/sys/devices/system/memory/memory109/node0/memory50/online HTTP/1.1" 200 22 "https://mail.impero.ro/FSS-HCM__1405e9d/root/sys/devices/system/memory/memory109/node0/memory50/" "Mozilla/5.0 AppleWebKit/537.36 (KHTML, like Gecko; compatible; GPTBot/1.3; +https://openai.com/gptbot)"
74.7.242.44 - - [13/Mar/2026:12:42:50 +0000] "GET /FSS-HCM__1405e9d/root/sys/devices/system/memory/memory104/node0/memory99/uevent HTTP/1.1" 200 20 "https://mail.impero.ro/FSS-HCM__1405e9d/root/sys/devices/system/memory/memory104/node0/memory99/" "Mozilla/5.0 AppleWebKit/537.36 (KHTML, like Gecko; compatible; GPTBot/1.3; +https://openai.com/gptbot)"
74.7.227.140 - - [13/Mar/2026:12:42:50 +0000] "GET /FSS-HCM__1405e9d/root/proc/2766786/task/2766795/net/raw6 HTTP/1.1" 200 - "https://impero.ro/FSS-HCM__1405e9d/root/proc/2766786/task/2766795/net/" "Mozilla/5.0 AppleWebKit/537.36 (KHTML, like Gecko; compatible; GPTBot/1.3; +https://openai.com/gptbot)"
74.7.242.44 - - [13/Mar/2026:12:42:50 +0000] "GET /FSS-HCM__1405e9d/root/sys/devices/system/memory/memory115/node0/memory45/uevent HTTP/1.1" 200 20 "https://mail.impero.ro/FSS-HCM__1405e9d/root/sys/devices/system/memory/memory115/node0/memory45/" "Mozilla/5.0 AppleWebKit/537.36 (KHTML, like Gecko; compatible; GPTBot/1.3; +https://openai.com/gptbot)"
74.7.227.140 - - [13/Mar/2026:12:42:50 +0000] "GET /FSS-HCM__1405e9d/root/proc/2766786/task/2766791/net/netlink HTTP/1.1" 200 - "https://impero.ro/FSS-HCM__1405e9d/root/proc/2766786/task/2766791/net/" "Mozilla/5.0 AppleWebKit/537.36 (KHTML, like Gecko; compatible; GPTBot/1.3; +https://openai.com/gptbot)"
74.7.242.44 - - [13/Mar/2026:12:42:51 +0000] "GET /FSS-HCM__1405e9d/root/sys/devices/system/memory/memory109/node0/memory41/online HTTP/1.1" 200 22 "https://mail.impero.ro/FSS-HCM__1405e9d/root/sys/devices/system/memory/memory109/node0/memory41/" "Mozilla/5.0 AppleWebKit/537.36 (KHTML, like Gecko; compatible; GPTBot/1.3; +https://openai.com/gptbot)"
74.7.227.140 - - [13/Mar/2026:12:42:51 +0000] "GET /FSS-HCM__1405e9d/root/proc/2766786/task/2766795/net/udplite6 HTTP/1.1" 200 - "https://impero.ro/FSS-HCM__1405e9d/root/proc/2766786/task/2766795/net/" "Mozilla/5.0 AppleWebKit/537.36 (KHTML, like Gecko; compatible; GPTBot/1.3; +https://openai.com/gptbot)"
74.7.242.44 - - [13/Mar/2026:12:42:51 +0000] "GET /FSS-HCM__1405e9d/root/sys/devices/system/memory/memory115/node0/memory51/online HTTP/1.1" 200 22 "https://mail.impero.ro/FSS-HCM__1405e9d/root/sys/devices/system/memory/memory115/node0/memory51/" "Mozilla/5.0 AppleWebKit/537.36 (KHTML, like Gecko; compatible; GPTBot/1.3; +https://openai.com/gptbot)"
74.7.227.140 - - [13/Mar/2026:12:42:51 +0000] "GET /FSS-HCM__1405e9d/root/proc/2766786/task/2766795/net/netlink HTTP/1.1" 200 - "https://impero.ro/FSS-HCM__1405e9d/root/proc/2766786/task/2766795/net/" "Mozilla/5.0 AppleWebKit/537.36 (KHTML, like Gecko; compatible; GPTBot/1.3; +https://openai.com/gptbot)"
74.7.242.44 - - [13/Mar/2026:12:42:52 +0000] "GET /FSS-HCM__1405e9d/root/sys/devices/system/memory/memory115/node0/memory59/online HTTP/1.1" 200 22 "https://mail.impero.ro/FSS-HCM__1405e9d/root/sys/devices/system/memory/memory115/node0/memory59/" "Mozilla/5.0 AppleWebKit/537.36 (KHTML, like Gecko; compatible; GPTBot/1.3; +https://openai.com/gptbot)"
74.7.227.140 - - [13/Mar/2026:12:42:52 +0000] "GET /FSS-HCM__1405e9d/root/proc/2766786/task/2766795/net/mcfilter6 HTTP/1.1" 200 - "https://impero.ro/FSS-HCM__1405e9d/root/proc/2766786/task/2766795/net/" "Mozilla/5.0 AppleWebKit/537.36 (KHTML, like Gecko; compatible; GPTBot/1.3; +https://openai.com/gptbot)"
74.7.242.44 - - [13/Mar/2026:12:42:52 +0000] "GET /FSS-HCM__1405e9d/root/sys/devices/system/memory/memory109/node0/memory49/online HTTP/1.1" 200 22 "https://mail.impero.ro/FSS-HCM__1405e9d/root/sys/devices/system/memory/memory109/node0/memory49/" "Mozilla/5.0 AppleWebKit/537.36 (KHTML, like Gecko; compatible; GPTBot/1.3; +https://openai.com/gptbot)"
74.7.227.140 - - [13/Mar/2026:12:42:52 +0000] "GET /FSS-HCM__1405e9d/root/proc/2766786/task/2766791/net/udplite6 HTTP/1.1" 200 - "https://impero.ro/FSS-HCM__1405e9d/root/proc/2766786/task/2766791/net/" "Mozilla/5.0 AppleWebKit/537.36 (KHTML, like Gecko; compatible; GPTBot/1.3; +https://openai.com/gptbot)"
74.7.242.44 - - [13/Mar/2026:12:42:53 +0000] "GET /FSS-HCM__1405e9d/root/sys/devices/system/memory/memory109/node0/memory55/uevent HTTP/1.1" 200 20 "https://mail.impero.ro/FSS-HCM__1405e9d/root/sys/devices/system/memory/memory109/node0/memory55/" "Mozilla/5.0 AppleWebKit/537.36 (KHTML, like Gecko; compatible; GPTBot/1.3; +https://openai.com/gptbot)"
74.7.227.140 - - [13/Mar/2026:12:42:53 +0000] "GET /FSS-HCM__1405e9d/root/proc/2766786/task/2766791/net/mcfilter6 HTTP/1.1" 200 - "https://impero.ro/FSS-HCM__1405e9d/root/proc/2766786/task/2766791/net/" "Mozilla/5.0 AppleWebKit/537.36 (KHTML, like Gecko; compatible; GPTBot/1.3; +https://openai.com/gptbot)"
74.7.242.44 - - [13/Mar/2026:12:42:53 +0000] "GET /FSS-HCM__1405e9d/root/sys/devices/system/memory/memory115/node0/memory55/uevent HTTP/1.1" 200 20 "https://mail.impero.ro/FSS-HCM__1405e9d/root/sys/devices/system/memory/memory115/node0/memory55/" "Mozilla/5.0 AppleWebKit/537.36 (KHTML, like Gecko; compatible; GPTBot/1.3; +https://openai.com/gptbot)"
74.7.227.140 - - [13/Mar/2026:12:42:53 +0000] "GET /FSS-HCM__1405e9d/root/proc/2766786/task/2766791/net/mcfilter HTTP/1.1" 200 - "https://impero.ro/FSS-HCM__1405e9d/root/proc/2766786/task/2766791/net/" "Mozilla/5.0 AppleWebKit/537.36 (KHTML, like Gecko; compatible; GPTBot/1.3; +https://openai.com/gptbot)"
74.7.227.140 - - [13/Mar/2026:12:42:54 +0000] "GET /FSS-HCM__1405e9d/root/proc/2766786/task/2766795/net/mcfilter HTTP/1.1" 200 - "https://impero.ro/FSS-HCM__1405e9d/root/proc/2766786/task/2766795/net/" "Mozilla/5.0 AppleWebKit/537.36 (KHTML, like Gecko; compatible; GPTBot/1.3; +https://openai.com/gptbot)"
74.7.242.44 - - [13/Mar/2026:12:42:54 +0000] "GET /FSS-HCM__1405e9d/root/sys/devices/system/memory/memory104/node0/memory54/online HTTP/1.1" 200 22 "https://mail.impero.ro/FSS-HCM__1405e9d/root/sys/devices/system/memory/memory104/node0/memory54/" "Mozilla/5.0 AppleWebKit/537.36 (KHTML, like Gecko; compatible; GPTBot/1.3; +https://openai.com/gptbot)"
74.7.227.140 - - [13/Mar/2026:12:42:54 +0000] "GET /FSS-HCM__1405e9d/root/proc/2766786/task/2766795/net/udplite HTTP/1.1" 200 - "https://impero.ro/FSS-HCM__1405e9d/root/proc/2766786/task/2766795/net/" "Mozilla/5.0 AppleWebKit/537.36 (KHTML, like Gecko; compatible; GPTBot/1.3; +https://openai.com/gptbot)"
74.7.242.44 - - [13/Mar/2026:12:42:54 +0000] "GET /FSS-HCM__1405e9d/root/sys/devices/system/memory/memory115/node0/memory40/online HTTP/1.1" 200 22 "https://mail.impero.ro/FSS-HCM__1405e9d/root/sys/devices/system/memory/memory115/node0/memory40/" "Mozilla/5.0 AppleWebKit/537.36 (KHTML, like Gecko; compatible; GPTBot/1.3; +https://openai.com/gptbot)"
74.7.242.44 - - [13/Mar/2026:12:42:55 +0000] "GET /FSS-HCM__1405e9d/root/sys/devices/system/memory/memory104/node0/memory40/online HTTP/1.1" 200 22 "https://mail.impero.ro/FSS-HCM__1405e9d/root/sys/devices/system/memory/memory104/node0/memory40/" "Mozilla/5.0 AppleWebKit/537.36 (KHTML, like Gecko; compatible; GPTBot/1.3; +https://openai.com/gptbot)"
74.7.227.140 - - [13/Mar/2026:12:42:55 +0000] "GET /FSS-HCM__1405e9d/root/proc/2766786/task/2766791/net/udplite HTTP/1.1" 200 - "https://impero.ro/FSS-HCM__1405e9d/root/proc/2766786/task/2766791/net/" "Mozilla/5.0 AppleWebKit/537.36 (KHTML, like Gecko; compatible; GPTBot/1.3; +https://openai.com/gptbot)"
74.7.242.44 - - [13/Mar/2026:12:42:55 +0000] "GET /FSS-HCM__1405e9d/root/sys/devices/system/memory/memory109/node0/memory99/uevent HTTP/1.1" 200 20 "https://mail.impero.ro/FSS-HCM__1405e9d/root/sys/devices/system/memory/memory109/node0/memory99/" "Mozilla/5.0 AppleWebKit/537.36 (KHTML, like Gecko; compatible; GPTBot/1.3; +https://openai.com/gptbot)"
74.7.227.140 - - [13/Mar/2026:12:42:55 +0000] "GET /FSS-HCM__1405e9d/root/proc/2766786/task/2766795/net/psched HTTP/1.1" 200 - "https://impero.ro/FSS-HCM__1405e9d/root/proc/2766786/task/2766795/net/" "Mozilla/5.0 AppleWebKit/537.36 (KHTML, like Gecko; compatible; GPTBot/1.3; +https://openai.com/gptbot)"
74.7.242.44 - - [13/Mar/2026:12:42:56 +0000] "GET /FSS-HCM__1405e9d/root/sys/devices/system/memory/memory104/node0/memory49/online HTTP/1.1" 200 22 "https://mail.impero.ro/FSS-HCM__1405e9d/root/sys/devices/system/memory/memory104/node0/memory49/" "Mozilla/5.0 AppleWebKit/537.36 (KHTML, like Gecko; compatible; GPTBot/1.3; +https://openai.com/gptbot)"
74.7.227.140 - - [13/Mar/2026:12:42:56 +0000] "GET /FSS-HCM__1405e9d/root/proc/2766786/task/2766791/net/psched HTTP/1.1" 200 - "https://impero.ro/FSS-HCM__1405e9d/root/proc/2766786/task/2766791/net/" "Mozilla/5.0 AppleWebKit/537.36 (KHTML, like Gecko; compatible; GPTBot/1.3; +https://openai.com/gptbot)"
74.7.227.140 - - [13/Mar/2026:12:42:56 +0000] "GET /FSS-HCM__1405e9d/root/proc/2766786/task/2766795/net/if_inet6 HTTP/1.1" 200 - "https://impero.ro/FSS-HCM__1405e9d/root/proc/2766786/task/2766795/net/" "Mozilla/5.0 AppleWebKit/537.36 (KHTML, like Gecko; compatible; GPTBot/1.3; +https://openai.com/gptbot)"
74.7.242.44 - - [13/Mar/2026:12:42:56 +0000] "GET /FSS-HCM__1405e9d/root/sys/devices/system/memory/memory104/node0/memory55/online HTTP/1.1" 200 22 "https://mail.impero.ro/FSS-HCM__1405e9d/root/sys/devices/system/memory/memory104/node0/memory55/" "Mozilla/5.0 AppleWebKit/537.36 (KHTML, like Gecko; compatible; GPTBot/1.3; +https://openai.com/gptbot)"
74.7.227.140 - - [13/Mar/2026:12:42:57 +0000] "GET /FSS-HCM__1405e9d/root/proc/2766786/task/2766791/net/if_inet6 HTTP/1.1" 200 - "https://impero.ro/FSS-HCM__1405e9d/root/proc/2766786/task/2766791/net/" "Mozilla/5.0 AppleWebKit/537.36 (KHTML, like Gecko; compatible; GPTBot/1.3; +https://openai.com/gptbot)"
74.7.242.44 - - [13/Mar/2026:12:42:57 +0000] "GET /FSS-HCM__1405e9d/root/sys/devices/system/memory/memory115/node0/memory55/online HTTP/1.1" 200 22 "https://mail.impero.ro/FSS-HCM__1405e9d/root/sys/devices/system/memory/memory115/node0/memory55/" "Mozilla/5.0 AppleWebKit/537.36 (KHTML, like Gecko; compatible; GPTBot/1.3; +https://openai.com/gptbot)"
74.7.242.44 - - [13/Mar/2026:12:42:57 +0000] "GET /FSS-HCM__1405e9d/root/sys/devices/system/memory/memory109/node0/memory54/online HTTP/1.1" 200 22 "https://mail.impero.ro/FSS-HCM__1405e9d/root/sys/devices/system/memory/memory109/node0/memory54/" "Mozilla/5.0 AppleWebKit/537.36 (KHTML, like Gecko; compatible; GPTBot/1.3; +https://openai.com/gptbot)"
74.7.227.140 - - [13/Mar/2026:12:42:58 +0000] "GET /FSS-HCM__1405e9d/root/proc/2766786/task/2766791/net/rt_cache HTTP/1.1" 200 - "https://impero.ro/FSS-HCM__1405e9d/root/proc/2766786/task/2766791/net/" "Mozilla/5.0 AppleWebKit/537.36 (KHTML, like Gecko; compatible; GPTBot/1.3; +https://openai.com/gptbot)"
74.7.242.44 - - [13/Mar/2026:12:42:58 +0000] "GET /FSS-HCM__1405e9d/root/sys/devices/system/memory/memory115/node0/memory50/uevent HTTP/1.1" 200 20 "https://mail.impero.ro/FSS-HCM__1405e9d/root/sys/devices/system/memory/memory115/node0/memory50/" "Mozilla/5.0 AppleWebKit/537.36 (KHTML, like Gecko; compatible; GPTBot/1.3; +https://openai.com/gptbot)"
74.7.227.140 - - [13/Mar/2026:12:42:58 +0000] "GET /FSS-HCM__1405e9d/root/proc/2766786/task/2766795/net/rt_cache HTTP/1.1" 200 - "https://impero.ro/FSS-HCM__1405e9d/root/proc/2766786/task/2766795/net/" "Mozilla/5.0 AppleWebKit/537.36 (KHTML, like Gecko; compatible; GPTBot/1.3; +https://openai.com/gptbot)"
74.7.242.44 - - [13/Mar/2026:12:42:58 +0000] "GET /FSS-HCM__1405e9d/root/sys/devices/system/memory/memory109/node0/memory91/uevent HTTP/1.1" 200 20 "https://mail.impero.ro/FSS-HCM__1405e9d/root/sys/devices/system/memory/memory109/node0/memory91/" "Mozilla/5.0 AppleWebKit/537.36 (KHTML, like Gecko; compatible; GPTBot/1.3; +https://openai.com/gptbot)"
74.7.227.140 - - [13/Mar/2026:12:42:59 +0000] "GET /FSS-HCM__1405e9d/root/proc/2766786/task/2766791/net/snmp HTTP/1.1" 200 - "https://impero.ro/FSS-HCM__1405e9d/root/proc/2766786/task/2766791/net/" "Mozilla/5.0 AppleWebKit/537.36 (KHTML, like Gecko; compatible; GPTBot/1.3; +https://openai.com/gptbot)"
74.7.242.44 - - [13/Mar/2026:12:42:59 +0000] "GET /FSS-HCM__1405e9d/root/sys/devices/system/memory/memory109/node0/memory59/online HTTP/1.1" 200 22 "https://mail.impero.ro/FSS-HCM__1405e9d/root/sys/devices/system/memory/memory109/node0/memory59/" "Mozilla/5.0 AppleWebKit/537.36 (KHTML, like Gecko; compatible; GPTBot/1.3; +https://openai.com/gptbot)"
74.7.227.140 - - [13/Mar/2026:12:42:59 +0000] "GET /FSS-HCM__1405e9d/root/proc/2766786/task/2766795/net/snmp HTTP/1.1" 200 - "https://impero.ro/FSS-HCM__1405e9d/root/proc/2766786/task/2766795/net/" "Mozilla/5.0 AppleWebKit/537.36 (KHTML, like Gecko; compatible; GPTBot/1.3; +https://openai.com/gptbot)"
74.7.242.44 - - [13/Mar/2026:12:43:00 +0000] "GET /FSS-HCM__1405e9d/root/sys/devices/system/memory/memory109/node0/memory49/uevent HTTP/1.1" 200 20 "https://mail.impero.ro/FSS-HCM__1405e9d/root/sys/devices/system/memory/memory109/node0/memory49/" "Mozilla/5.0 AppleWebKit/537.36 (KHTML, like Gecko; compatible; GPTBot/1.3; +https://openai.com/gptbot)"
74.7.227.140 - - [13/Mar/2026:12:43:00 +0000] "GET /FSS-HCM__1405e9d/root/proc/2766786/task/2766791/net/xfrm_stat HTTP/1.1" 200 - "https://impero.ro/FSS-HCM__1405e9d/root/proc/2766786/task/2766791/net/" "Mozilla/5.0 AppleWebKit/537.36 (KHTML, like Gecko; compatible; GPTBot/1.3; +https://openai.com/gptbot)"
74.7.242.44 - - [13/Mar/2026:12:43:00 +0000] "GET /FSS-HCM__1405e9d/root/sys/devices/system/memory/memory109/node0/memory99/online HTTP/1.1" 200 22 "https://mail.impero.ro/FSS-HCM__1405e9d/root/sys/devices/system/memory/memory109/node0/memory99/" "Mozilla/5.0 AppleWebKit/537.36 (KHTML, like Gecko; compatible; GPTBot/1.3; +https://openai.com/gptbot)"
74.7.227.140 - - [13/Mar/2026:12:43:00 +0000] "GET /FSS-HCM__1405e9d/root/proc/2766786/task/2766795/net/ipv6_route HTTP/1.1" 200 - "https://impero.ro/FSS-HCM__1405e9d/root/proc/2766786/task/2766795/net/" "Mozilla/5.0 AppleWebKit/537.36 (KHTML, like Gecko; compatible; GPTBot/1.3; +https://openai.com/gptbot)"
74.7.242.44 - - [13/Mar/2026:12:43:01 +0000] "GET /FSS-HCM__1405e9d/root/sys/devices/system/memory/memory115/node0/memory51/uevent HTTP/1.1" 200 20 "https://mail.impero.ro/FSS-HCM__1405e9d/root/sys/devices/system/memory/memory115/node0/memory51/" "Mozilla/5.0 AppleWebKit/537.36 (KHTML, like Gecko; compatible; GPTBot/1.3; +https://openai.com/gptbot)"
74.7.227.140 - - [13/Mar/2026:12:43:01 +0000] "GET /FSS-HCM__1405e9d/root/proc/2766786/task/2766795/net/xfrm_stat HTTP/1.1" 200 - "https://impero.ro/FSS-HCM__1405e9d/root/proc/2766786/task/2766795/net/" "Mozilla/5.0 AppleWebKit/537.36 (KHTML, like Gecko; compatible; GPTBot/1.3; +https://openai.com/gptbot)"
74.7.242.44 - - [13/Mar/2026:12:43:01 +0000] "GET /FSS-HCM__1405e9d/root/sys/devices/system/memory/memory115/node0/memory44/online HTTP/1.1" 200 22 "https://mail.impero.ro/FSS-HCM__1405e9d/root/sys/devices/system/memory/memory115/node0/memory44/" "Mozilla/5.0 AppleWebKit/537.36 (KHTML, like Gecko; compatible; GPTBot/1.3; +https://openai.com/gptbot)"
74.7.227.140 - - [13/Mar/2026:12:43:01 +0000] "GET /FSS-HCM__1405e9d/root/proc/2766786/task/2766791/net/ipv6_route HTTP/1.1" 200 - "https://impero.ro/FSS-HCM__1405e9d/root/proc/2766786/task/2766791/net/" "Mozilla/5.0 AppleWebKit/537.36 (KHTML, like Gecko; compatible; GPTBot/1.3; +https://openai.com/gptbot)"
74.7.242.44 - - [13/Mar/2026:12:43:02 +0000] "GET /FSS-HCM__1405e9d/root/sys/devices/system/memory/memory109/node0/memory41/uevent HTTP/1.1" 200 20 "https://mail.impero.ro/FSS-HCM__1405e9d/root/sys/devices/system/memory/memory109/node0/memory41/" "Mozilla/5.0 AppleWebKit/537.36 (KHTML, like Gecko; compatible; GPTBot/1.3; +https://openai.com/gptbot)"
74.7.227.140 - - [13/Mar/2026:12:43:02 +0000] "GET /FSS-HCM__1405e9d/root/proc/2766786/task/2766791/net/dev_mcast HTTP/1.1" 200 - "https://impero.ro/FSS-HCM__1405e9d/root/proc/2766786/task/2766791/net/" "Mozilla/5.0 AppleWebKit/537.36 (KHTML, like Gecko; compatible; GPTBot/1.3; +https://openai.com/gptbot)"
74.7.227.140 - - [13/Mar/2026:12:43:02 +0000] "GET /FSS-HCM__1405e9d/root/proc/2766786/task/2766795/net/dev_mcast HTTP/1.1" 200 - "https://impero.ro/FSS-HCM__1405e9d/root/proc/2766786/task/2766795/net/" "Mozilla/5.0 AppleWebKit/537.36 (KHTML, like Gecko; compatible; GPTBot/1.3; +https://openai.com/gptbot)"
74.7.242.44 - - [13/Mar/2026:12:43:02 +0000] "GET /FSS-HCM__1405e9d/root/sys/devices/system/memory/memory109/node0/memory54/uevent HTTP/1.1" 200 20 "https://mail.impero.ro/FSS-HCM__1405e9d/root/sys/devices/system/memory/memory109/node0/memory54/" "Mozilla/5.0 AppleWebKit/537.36 (KHTML, like Gecko; compatible; GPTBot/1.3; +https://openai.com/gptbot)"
74.7.227.140 - - [13/Mar/2026:12:43:03 +0000] "GET /FSS-HCM__1405e9d/root/proc/2766786/task/2766791/net/fib_trie HTTP/1.1" 200 - "https://impero.ro/FSS-HCM__1405e9d/root/proc/2766786/task/2766791/net/" "Mozilla/5.0 AppleWebKit/537.36 (KHTML, like Gecko; compatible; GPTBot/1.3; +https://openai.com/gptbot)"
74.7.242.44 - - [13/Mar/2026:12:43:03 +0000] "GET /FSS-HCM__1405e9d/root/sys/devices/system/memory/memory115/node0/memory90/online HTTP/1.1" 200 22 "https://mail.impero.ro/FSS-HCM__1405e9d/root/sys/devices/system/memory/memory115/node0/memory90/" "Mozilla/5.0 AppleWebKit/537.36 (KHTML, like Gecko; compatible; GPTBot/1.3; +https://openai.com/gptbot)"
74.7.242.44 - - [13/Mar/2026:12:43:03 +0000] "GET /FSS-HCM__1405e9d/root/sys/devices/system/memory/memory104/node0/memory90/online HTTP/1.1" 200 22 "https://mail.impero.ro/FSS-HCM__1405e9d/root/sys/devices/system/memory/memory104/node0/memory90/" "Mozilla/5.0 AppleWebKit/537.36 (KHTML, like Gecko; compatible; GPTBot/1.3; +https://openai.com/gptbot)"
74.7.227.140 - - [13/Mar/2026:12:43:03 +0000] "GET /FSS-HCM__1405e9d/root/proc/2766786/task/2766795/net/fib_trie HTTP/1.1" 200 - "https://impero.ro/FSS-HCM__1405e9d/root/proc/2766786/task/2766795/net/" "Mozilla/5.0 AppleWebKit/537.36 (KHTML, like Gecko; compatible; GPTBot/1.3; +https://openai.com/gptbot)"
74.7.242.44 - - [13/Mar/2026:12:43:04 +0000] "GET /FSS-HCM__1405e9d/root/sys/devices/system/memory/memory104/node0/memory99/online HTTP/1.1" 200 22 "https://mail.impero.ro/FSS-HCM__1405e9d/root/sys/devices/system/memory/memory104/node0/memory99/" "Mozilla/5.0 AppleWebKit/537.36 (KHTML, like Gecko; compatible; GPTBot/1.3; +https://openai.com/gptbot)"
74.7.227.140 - - [13/Mar/2026:12:43:04 +0000] "GET /FSS-HCM__1405e9d/root/proc/2766786/task/2766795/net/ip6_mr_cache HTTP/1.1" 200 - "https://impero.ro/FSS-HCM__1405e9d/root/proc/2766786/task/2766795/net/" "Mozilla/5.0 AppleWebKit/537.36 (KHTML, like Gecko; compatible; GPTBot/1.3; +https://openai.com/gptbot)"
74.7.242.44 - - [13/Mar/2026:12:43:04 +0000] "GET /FSS-HCM__1405e9d/root/sys/devices/system/memory/memory115/node0/memory91/uevent HTTP/1.1" 200 20 "https://mail.impero.ro/FSS-HCM__1405e9d/root/sys/devices/system/memory/memory115/node0/memory91/" "Mozilla/5.0 AppleWebKit/537.36 (KHTML, like Gecko; compatible; GPTBot/1.3; +https://openai.com/gptbot)"
74.7.227.140 - - [13/Mar/2026:12:43:04 +0000] "GET /FSS-HCM__1405e9d/root/proc/2766786/task/2766791/net/ip6_mr_cache HTTP/1.1" 200 - "https://impero.ro/FSS-HCM__1405e9d/root/proc/2766786/task/2766791/net/" "Mozilla/5.0 AppleWebKit/537.36 (KHTML, like Gecko; compatible; GPTBot/1.3; +https://openai.com/gptbot)"
74.7.242.44 - - [13/Mar/2026:12:43:05 +0000] "GET /FSS-HCM__1405e9d/root/sys/devices/system/memory/memory109/node0/memory55/online HTTP/1.1" 200 22 "https://mail.impero.ro/FSS-HCM__1405e9d/root/sys/devices/system/memory/memory109/node0/memory55/" "Mozilla/5.0 AppleWebKit/537.36 (KHTML, like Gecko; compatible; GPTBot/1.3; +https://openai.com/gptbot)"
74.7.227.140 - - [13/Mar/2026:12:43:05 +0000] "GET /FSS-HCM__1405e9d/root/proc/2766786/task/2766795/net/unix HTTP/1.1" 200 - "https://impero.ro/FSS-HCM__1405e9d/root/proc/2766786/task/2766795/net/" "Mozilla/5.0 AppleWebKit/537.36 (KHTML, like Gecko; compatible; GPTBot/1.3; +https://openai.com/gptbot)"
74.7.242.44 - - [13/Mar/2026:12:43:05 +0000] "GET /FSS-HCM__1405e9d/root/sys/devices/system/memory/memory104/node0/memory41/uevent HTTP/1.1" 200 20 "https://mail.impero.ro/FSS-HCM__1405e9d/root/sys/devices/system/memory/memory104/node0/memory41/" "Mozilla/5.0 AppleWebKit/537.36 (KHTML, like Gecko; compatible; GPTBot/1.3; +https://openai.com/gptbot)"
74.7.227.140 - - [13/Mar/2026:12:43:05 +0000] "GET /FSS-HCM__1405e9d/root/proc/2766786/task/2766791/net/icmp HTTP/1.1" 200 - "https://impero.ro/FSS-HCM__1405e9d/root/proc/2766786/task/2766791/net/" "Mozilla/5.0 AppleWebKit/537.36 (KHTML, like Gecko; compatible; GPTBot/1.3; +https://openai.com/gptbot)"
74.7.242.44 - - [13/Mar/2026:12:43:06 +0000] "GET /FSS-HCM__1405e9d/root/sys/devices/system/memory/memory104/node0/memory51/uevent HTTP/1.1" 200 20 "https://mail.impero.ro/FSS-HCM__1405e9d/root/sys/devices/system/memory/memory104/node0/memory51/" "Mozilla/5.0 AppleWebKit/537.36 (KHTML, like Gecko; compatible; GPTBot/1.3; +https://openai.com/gptbot)"
74.7.227.140 - - [13/Mar/2026:12:43:06 +0000] "GET /FSS-HCM__1405e9d/root/proc/2766786/task/2766795/net/igmp HTTP/1.1" 200 - "https://impero.ro/FSS-HCM__1405e9d/root/proc/2766786/task/2766795/net/" "Mozilla/5.0 AppleWebKit/537.36 (KHTML, like Gecko; compatible; GPTBot/1.3; +https://openai.com/gptbot)"
74.7.242.44 - - [13/Mar/2026:12:43:06 +0000] "GET /FSS-HCM__1405e9d/root/sys/devices/system/memory/memory104/node0/memory44/online HTTP/1.1" 200 22 "https://mail.impero.ro/FSS-HCM__1405e9d/root/sys/devices/system/memory/memory104/node0/memory44/" "Mozilla/5.0 AppleWebKit/537.36 (KHTML, like Gecko; compatible; GPTBot/1.3; +https://openai.com/gptbot)"
74.7.227.140 - - [13/Mar/2026:12:43:07 +0000] "GET /FSS-HCM__1405e9d/root/proc/2766786/task/2766791/net/unix HTTP/1.1" 200 - "https://impero.ro/FSS-HCM__1405e9d/root/proc/2766786/task/2766791/net/" "Mozilla/5.0 AppleWebKit/537.36 (KHTML, like Gecko; compatible; GPTBot/1.3; +https://openai.com/gptbot)"
74.7.242.44 - - [13/Mar/2026:12:43:07 +0000] "GET /FSS-HCM__1405e9d/root/sys/devices/system/memory/memory115/node0/memory44/uevent HTTP/1.1" 200 20 "https://mail.impero.ro/FSS-HCM__1405e9d/root/sys/devices/system/memory/memory115/node0/memory44/" "Mozilla/5.0 AppleWebKit/537.36 (KHTML, like Gecko; compatible; GPTBot/1.3; +https://openai.com/gptbot)"
74.7.227.140 - - [13/Mar/2026:12:43:07 +0000] "GET /FSS-HCM__1405e9d/root/proc/2766786/task/2766795/net/icmp HTTP/1.1" 200 - "https://impero.ro/FSS-HCM__1405e9d/root/proc/2766786/task/2766795/net/" "Mozilla/5.0 AppleWebKit/537.36 (KHTML, like Gecko; compatible; GPTBot/1.3; +https://openai.com/gptbot)"
74.7.242.44 - - [13/Mar/2026:12:43:08 +0000] "GET /FSS-HCM__1405e9d/root/sys/devices/system/memory/memory104/node0/memory50/online HTTP/1.1" 200 22 "https://mail.impero.ro/FSS-HCM__1405e9d/root/sys/devices/system/memory/memory104/node0/memory50/" "Mozilla/5.0 AppleWebKit/537.36 (KHTML, like Gecko; compatible; GPTBot/1.3; +https://openai.com/gptbot)"
74.7.227.140 - - [13/Mar/2026:12:43:08 +0000] "GET /FSS-HCM__1405e9d/root/proc/2766786/task/2766791/net/igmp HTTP/1.1" 200 - "https://impero.ro/FSS-HCM__1405e9d/root/proc/2766786/task/2766791/net/" "Mozilla/5.0 AppleWebKit/537.36 (KHTML, like Gecko; compatible; GPTBot/1.3; +https://openai.com/gptbot)"
74.7.227.140 - - [13/Mar/2026:12:43:08 +0000] "GET /FSS-HCM__1405e9d/root/proc/2766786/task/2766791/net/connector HTTP/1.1" 200 - "https://impero.ro/FSS-HCM__1405e9d/root/proc/2766786/task/2766791/net/" "Mozilla/5.0 AppleWebKit/537.36 (KHTML, like Gecko; compatible; GPTBot/1.3; +https://openai.com/gptbot)"
74.7.242.44 - - [13/Mar/2026:12:43:08 +0000] "GET /FSS-HCM__1405e9d/root/sys/devices/system/memory/memory104/node0/memory50/uevent HTTP/1.1" 200 20 "https://mail.impero.ro/FSS-HCM__1405e9d/root/sys/devices/system/memory/memory104/node0/memory50/" "Mozilla/5.0 AppleWebKit/537.36 (KHTML, like Gecko; compatible; GPTBot/1.3; +https://openai.com/gptbot)"
74.7.227.140 - - [13/Mar/2026:12:43:09 +0000] "GET /FSS-HCM__1405e9d/root/proc/2766786/task/2766791/net/softnet_stat HTTP/1.1" 200 - "https://impero.ro/FSS-HCM__1405e9d/root/proc/2766786/task/2766791/net/" "Mozilla/5.0 AppleWebKit/537.36 (KHTML, like Gecko; compatible; GPTBot/1.3; +https://openai.com/gptbot)"
74.7.242.44 - - [13/Mar/2026:12:43:09 +0000] "GET /FSS-HCM__1405e9d/root/sys/devices/system/memory/memory109/node0/memory44/online HTTP/1.1" 200 22 "https://mail.impero.ro/FSS-HCM__1405e9d/root/sys/devices/system/memory/memory109/node0/memory44/" "Mozilla/5.0 AppleWebKit/537.36 (KHTML, like Gecko; compatible; GPTBot/1.3; +https://openai.com/gptbot)"
74.7.227.140 - - [13/Mar/2026:12:43:09 +0000] "GET /FSS-HCM__1405e9d/root/proc/2766786/task/2766795/net/softnet_stat HTTP/1.1" 200 - "https://impero.ro/FSS-HCM__1405e9d/root/proc/2766786/task/2766795/net/" "Mozilla/5.0 AppleWebKit/537.36 (KHTML, like Gecko; compatible; GPTBot/1.3; +https://openai.com/gptbot)"
74.7.242.44 - - [13/Mar/2026:12:43:09 +0000] "GET /FSS-HCM__1405e9d/root/sys/devices/system/memory/memory115/node0/memory99/online HTTP/1.1" 200 22 "https://mail.impero.ro/FSS-HCM__1405e9d/root/sys/devices/system/memory/memory115/node0/memory99/" "Mozilla/5.0 AppleWebKit/537.36 (KHTML, like Gecko; compatible; GPTBot/1.3; +https://openai.com/gptbot)"
74.7.227.140 - - [13/Mar/2026:12:43:10 +0000] "GET /FSS-HCM__1405e9d/root/proc/2766786/task/2766795/net/connector HTTP/1.1" 200 - "https://impero.ro/FSS-HCM__1405e9d/root/proc/2766786/task/2766795/net/" "Mozilla/5.0 AppleWebKit/537.36 (KHTML, like Gecko; compatible; GPTBot/1.3; +https://openai.com/gptbot)"
74.7.242.44 - - [13/Mar/2026:12:43:10 +0000] "GET /FSS-HCM__1405e9d/root/sys/devices/system/memory/memory109/node0/memory59/uevent HTTP/1.1" 200 20 "https://mail.impero.ro/FSS-HCM__1405e9d/root/sys/devices/system/memory/memory109/node0/memory59/" "Mozilla/5.0 AppleWebKit/537.36 (KHTML, like Gecko; compatible; GPTBot/1.3; +https://openai.com/gptbot)"
