74.7.242.44 - - [13/Mar/2026:12:43:49 +0000] "GET /FSS-HCM__1405e9d/root/sys/devices/system/memory/memory115/node0/memory16/subsystem/?C=S;O=A HTTP/1.1" 200 456 "https://mail.impero.ro/FSS-HCM__1405e9d/root/sys/devices/system/memory/memory115/node0/memory16/subsystem/" "Mozilla/5.0 AppleWebKit/537.36 (KHTML, like Gecko; compatible; GPTBot/1.3; +https://openai.com/gptbot)"
74.7.227.140 - - [13/Mar/2026:12:43:49 +0000] "GET /FSS-HCM__1405e9d/root/proc/2766786/task/2766795/uid_map HTTP/1.1" 200 - "https://impero.ro/FSS-HCM__1405e9d/root/proc/2766786/task/2766795/" "Mozilla/5.0 AppleWebKit/537.36 (KHTML, like Gecko; compatible; GPTBot/1.3; +https://openai.com/gptbot)"
74.7.242.44 - - [13/Mar/2026:12:43:49 +0000] "GET /FSS-HCM__1405e9d/root/sys/devices/system/memory/memory115/node0/memory10/subsystem/?C=M;O=D HTTP/1.1" 200 457 "https://mail.impero.ro/FSS-HCM__1405e9d/root/sys/devices/system/memory/memory115/node0/memory10/subsystem/?C=M;O=A" "Mozilla/5.0 AppleWebKit/537.36 (KHTML, like Gecko; compatible; GPTBot/1.3; +https://openai.com/gptbot)"
74.7.227.140 - - [13/Mar/2026:12:43:50 +0000] "GET /FSS-HCM__1405e9d/root/proc/2766786/task/2766791/gid_map HTTP/1.1" 200 - "https://impero.ro/FSS-HCM__1405e9d/root/proc/2766786/task/2766791/" "Mozilla/5.0 AppleWebKit/537.36 (KHTML, like Gecko; compatible; GPTBot/1.3; +https://openai.com/gptbot)"
74.7.242.44 - - [13/Mar/2026:12:43:50 +0000] "GET /FSS-HCM__1405e9d/root/sys/devices/system/memory/memory115/node0/memory10/subsystem/?C=D;O=A HTTP/1.1" 200 455 "https://mail.impero.ro/FSS-HCM__1405e9d/root/sys/devices/system/memory/memory115/node0/memory10/subsystem/" "Mozilla/5.0 AppleWebKit/537.36 (KHTML, like Gecko; compatible; GPTBot/1.3; +https://openai.com/gptbot)"
74.7.227.140 - - [13/Mar/2026:12:43:50 +0000] "GET /FSS-HCM__1405e9d/root/proc/2766786/task/2766795/gid_map HTTP/1.1" 200 - "https://impero.ro/FSS-HCM__1405e9d/root/proc/2766786/task/2766795/" "Mozilla/5.0 AppleWebKit/537.36 (KHTML, like Gecko; compatible; GPTBot/1.3; +https://openai.com/gptbot)"
74.7.242.44 - - [13/Mar/2026:12:43:50 +0000] "GET /FSS-HCM__1405e9d/root/sys/devices/system/memory/memory109/node0/memory11/subsystem/?C=N;O=A HTTP/1.1" 200 455 "https://mail.impero.ro/FSS-HCM__1405e9d/root/sys/devices/system/memory/memory109/node0/memory11/subsystem/?C=S;O=A" "Mozilla/5.0 AppleWebKit/537.36 (KHTML, like Gecko; compatible; GPTBot/1.3; +https://openai.com/gptbot)"
74.7.227.140 - - [13/Mar/2026:12:43:51 +0000] "GET /FSS-HCM__1405e9d/root/proc/2766786/task/2766791/cmdline HTTP/1.1" 200 - "https://impero.ro/FSS-HCM__1405e9d/root/proc/2766786/task/2766791/" "Mozilla/5.0 AppleWebKit/537.36 (KHTML, like Gecko; compatible; GPTBot/1.3; +https://openai.com/gptbot)"
74.7.242.44 - - [13/Mar/2026:12:43:51 +0000] "GET /FSS-HCM__1405e9d/root/sys/devices/system/memory/memory115/node0/memory14/subsystem/?C=M;O=D HTTP/1.1" 200 457 "https://mail.impero.ro/FSS-HCM__1405e9d/root/sys/devices/system/memory/memory115/node0/memory14/subsystem/?C=M;O=A" "Mozilla/5.0 AppleWebKit/537.36 (KHTML, like Gecko; compatible; GPTBot/1.3; +https://openai.com/gptbot)"
74.7.227.140 - - [13/Mar/2026:12:43:51 +0000] "GET /FSS-HCM__1405e9d/root/proc/2766786/task/2766795/cmdline HTTP/1.1" 200 - "https://impero.ro/FSS-HCM__1405e9d/root/proc/2766786/task/2766795/" "Mozilla/5.0 AppleWebKit/537.36 (KHTML, like Gecko; compatible; GPTBot/1.3; +https://openai.com/gptbot)"
74.7.242.44 - - [13/Mar/2026:12:43:52 +0000] "GET /FSS-HCM__1405e9d/root/sys/devices/system/memory/memory109/node0/memory15/subsystem/?C=M;O=D HTTP/1.1" 200 457 "https://mail.impero.ro/FSS-HCM__1405e9d/root/sys/devices/system/memory/memory109/node0/memory15/subsystem/?C=M;O=A" "Mozilla/5.0 AppleWebKit/537.36 (KHTML, like Gecko; compatible; GPTBot/1.3; +https://openai.com/gptbot)"
74.7.227.140 - - [13/Mar/2026:12:43:52 +0000] "GET /FSS-HCM__1405e9d/root/proc/2766786/task/2766795/io HTTP/1.1" 404 36 "https://impero.ro/FSS-HCM__1405e9d/root/proc/2766786/task/2766795/" "Mozilla/5.0 AppleWebKit/537.36 (KHTML, like Gecko; compatible; GPTBot/1.3; +https://openai.com/gptbot)"
74.7.242.44 - - [13/Mar/2026:12:43:52 +0000] "GET /FSS-HCM__1405e9d/root/sys/devices/system/memory/memory115/node0/memory13/subsystem/?C=S;O=A HTTP/1.1" 200 455 "https://mail.impero.ro/FSS-HCM__1405e9d/root/sys/devices/system/memory/memory115/node0/memory13/subsystem/" "Mozilla/5.0 AppleWebKit/537.36 (KHTML, like Gecko; compatible; GPTBot/1.3; +https://openai.com/gptbot)"
74.7.227.140 - - [13/Mar/2026:12:43:52 +0000] "GET /FSS-HCM__1405e9d/root/proc/2766786/task/2766791/io HTTP/1.1" 404 36 "https://impero.ro/FSS-HCM__1405e9d/root/proc/2766786/task/2766791/" "Mozilla/5.0 AppleWebKit/537.36 (KHTML, like Gecko; compatible; GPTBot/1.3; +https://openai.com/gptbot)"
74.7.242.44 - - [13/Mar/2026:12:43:53 +0000] "GET /FSS-HCM__1405e9d/root/sys/devices/system/memory/memory115/node0/memory15/subsystem/?C=S;O=D HTTP/1.1" 200 454 "https://mail.impero.ro/FSS-HCM__1405e9d/root/sys/devices/system/memory/memory115/node0/memory15/subsystem/?C=S;O=A" "Mozilla/5.0 AppleWebKit/537.36 (KHTML, like Gecko; compatible; GPTBot/1.3; +https://openai.com/gptbot)"
74.7.227.140 - - [13/Mar/2026:12:43:53 +0000] "GET /FSS-HCM__1405e9d/root/proc/2766786/task/2766795/pagemap HTTP/1.1" 404 36 "https://impero.ro/FSS-HCM__1405e9d/root/proc/2766786/task/2766795/" "Mozilla/5.0 AppleWebKit/537.36 (KHTML, like Gecko; compatible; GPTBot/1.3; +https://openai.com/gptbot)"
74.7.242.44 - - [13/Mar/2026:12:43:53 +0000] "GET /FSS-HCM__1405e9d/root/sys/devices/system/memory/memory109/node0/memory14/subsystem/?C=M;O=A HTTP/1.1" 200 455 "https://mail.impero.ro/FSS-HCM__1405e9d/root/sys/devices/system/memory/memory109/node0/memory14/subsystem/" "Mozilla/5.0 AppleWebKit/537.36 (KHTML, like Gecko; compatible; GPTBot/1.3; +https://openai.com/gptbot)"
74.7.227.140 - - [13/Mar/2026:12:43:53 +0000] "GET /FSS-HCM__1405e9d/root/proc/2766786/task/2766795/syscall HTTP/1.1" 404 36 "https://impero.ro/FSS-HCM__1405e9d/root/proc/2766786/task/2766795/" "Mozilla/5.0 AppleWebKit/537.36 (KHTML, like Gecko; compatible; GPTBot/1.3; +https://openai.com/gptbot)"
74.7.242.44 - - [13/Mar/2026:12:43:54 +0000] "GET /FSS-HCM__1405e9d/root/sys/devices/system/memory/memory109/node0/memory19/subsystem/?C=S;O=D HTTP/1.1" 200 455 "https://mail.impero.ro/FSS-HCM__1405e9d/root/sys/devices/system/memory/memory109/node0/memory19/subsystem/?C=S;O=A" "Mozilla/5.0 AppleWebKit/537.36 (KHTML, like Gecko; compatible; GPTBot/1.3; +https://openai.com/gptbot)"
74.7.227.140 - - [13/Mar/2026:12:43:54 +0000] "GET /FSS-HCM__1405e9d/root/proc/2766786/task/2766791/pagemap HTTP/1.1" 404 36 "https://impero.ro/FSS-HCM__1405e9d/root/proc/2766786/task/2766791/" "Mozilla/5.0 AppleWebKit/537.36 (KHTML, like Gecko; compatible; GPTBot/1.3; +https://openai.com/gptbot)"
74.7.242.44 - - [13/Mar/2026:12:43:54 +0000] "GET /FSS-HCM__1405e9d/root/sys/devices/system/memory/memory115/node0/memory18/subsystem/?C=S;O=A HTTP/1.1" 200 456 "https://mail.impero.ro/FSS-HCM__1405e9d/root/sys/devices/system/memory/memory115/node0/memory18/subsystem/" "Mozilla/5.0 AppleWebKit/537.36 (KHTML, like Gecko; compatible; GPTBot/1.3; +https://openai.com/gptbot)"
74.7.227.140 - - [13/Mar/2026:12:43:54 +0000] "GET /FSS-HCM__1405e9d/root/proc/2766786/task/2766791/syscall HTTP/1.1" 404 36 "https://impero.ro/FSS-HCM__1405e9d/root/proc/2766786/task/2766791/" "Mozilla/5.0 AppleWebKit/537.36 (KHTML, like Gecko; compatible; GPTBot/1.3; +https://openai.com/gptbot)"
74.7.242.44 - - [13/Mar/2026:12:43:55 +0000] "GET /FSS-HCM__1405e9d/root/sys/devices/system/memory/memory115/node0/memory16/subsystem/?C=S;O=D HTTP/1.1" 200 455 "https://mail.impero.ro/FSS-HCM__1405e9d/root/sys/devices/system/memory/memory115/node0/memory16/subsystem/?C=S;O=A" "Mozilla/5.0 AppleWebKit/537.36 (KHTML, like Gecko; compatible; GPTBot/1.3; +https://openai.com/gptbot)"
74.7.227.140 - - [13/Mar/2026:12:43:55 +0000] "GET /FSS-HCM__1405e9d/root/proc/2766786/task/2766791/environ HTTP/1.1" 404 36 "https://impero.ro/FSS-HCM__1405e9d/root/proc/2766786/task/2766791/" "Mozilla/5.0 AppleWebKit/537.36 (KHTML, like Gecko; compatible; GPTBot/1.3; +https://openai.com/gptbot)"
74.7.242.44 - - [13/Mar/2026:12:43:55 +0000] "GET /FSS-HCM__1405e9d/root/sys/devices/system/memory/memory104/node0/memory11/subsystem/?C=N;O=A HTTP/1.1" 200 455 "https://mail.impero.ro/FSS-HCM__1405e9d/root/sys/devices/system/memory/memory104/node0/memory11/subsystem/?C=S;O=A" "Mozilla/5.0 AppleWebKit/537.36 (KHTML, like Gecko; compatible; GPTBot/1.3; +https://openai.com/gptbot)"
74.7.227.140 - - [13/Mar/2026:12:43:55 +0000] "GET /FSS-HCM__1405e9d/root/proc/2766786/task/2766795/environ HTTP/1.1" 404 36 "https://impero.ro/FSS-HCM__1405e9d/root/proc/2766786/task/2766795/" "Mozilla/5.0 AppleWebKit/537.36 (KHTML, like Gecko; compatible; GPTBot/1.3; +https://openai.com/gptbot)"
74.7.242.44 - - [13/Mar/2026:12:43:56 +0000] "GET /FSS-HCM__1405e9d/root/sys/devices/system/memory/memory115/node0/memory10/subsystem/?C=D;O=D HTTP/1.1" 200 454 "https://mail.impero.ro/FSS-HCM__1405e9d/root/sys/devices/system/memory/memory115/node0/memory10/subsystem/?C=D;O=A" "Mozilla/5.0 AppleWebKit/537.36 (KHTML, like Gecko; compatible; GPTBot/1.3; +https://openai.com/gptbot)"
74.7.227.140 - - [13/Mar/2026:12:43:56 +0000] "GET /FSS-HCM__1405e9d/root/proc/2766786/task/2766791/net/dev HTTP/1.1" 200 - "https://impero.ro/FSS-HCM__1405e9d/root/proc/2766786/task/2766791/net/" "Mozilla/5.0 AppleWebKit/537.36 (KHTML, like Gecko; compatible; GPTBot/1.3; +https://openai.com/gptbot)"
74.7.242.44 - - [13/Mar/2026:12:43:56 +0000] "GET /FSS-HCM__1405e9d/root/sys/devices/system/memory/memory115/node0/memory10/subsystem/?C=S;O=D HTTP/1.1" 200 454 "https://mail.impero.ro/FSS-HCM__1405e9d/root/sys/devices/system/memory/memory115/node0/memory10/subsystem/?C=S;O=A" "Mozilla/5.0 AppleWebKit/537.36 (KHTML, like Gecko; compatible; GPTBot/1.3; +https://openai.com/gptbot)"
74.7.227.140 - - [13/Mar/2026:12:43:57 +0000] "GET /FSS-HCM__1405e9d/root/proc/2766786/task/2766795/net/dev HTTP/1.1" 200 - "https://impero.ro/FSS-HCM__1405e9d/root/proc/2766786/task/2766795/net/" "Mozilla/5.0 AppleWebKit/537.36 (KHTML, like Gecko; compatible; GPTBot/1.3; +https://openai.com/gptbot)"
74.7.242.44 - - [13/Mar/2026:12:43:57 +0000] "GET /FSS-HCM__1405e9d/root/sys/devices/system/memory/memory104/node0/memory14/subsystem/?C=S;O=D HTTP/1.1" 200 454 "https://mail.impero.ro/FSS-HCM__1405e9d/root/sys/devices/system/memory/memory104/node0/memory14/subsystem/?C=S;O=A" "Mozilla/5.0 AppleWebKit/537.36 (KHTML, like Gecko; compatible; GPTBot/1.3; +https://openai.com/gptbot)"
74.7.227.140 - - [13/Mar/2026:12:43:57 +0000] "GET /FSS-HCM__1405e9d/root/proc/2766786/task/2766791/schedstat HTTP/1.1" 200 - "https://impero.ro/FSS-HCM__1405e9d/root/proc/2766786/task/2766791/" "Mozilla/5.0 AppleWebKit/537.36 (KHTML, like Gecko; compatible; GPTBot/1.3; +https://openai.com/gptbot)"
74.7.242.44 - - [13/Mar/2026:12:43:57 +0000] "GET /FSS-HCM__1405e9d/root/sys/devices/system/memory/memory115/node0/memory15/subsystem/?C=D;O=D HTTP/1.1" 200 454 "https://mail.impero.ro/FSS-HCM__1405e9d/root/sys/devices/system/memory/memory115/node0/memory15/subsystem/?C=D;O=A" "Mozilla/5.0 AppleWebKit/537.36 (KHTML, like Gecko; compatible; GPTBot/1.3; +https://openai.com/gptbot)"
74.7.227.140 - - [13/Mar/2026:12:43:58 +0000] "GET /FSS-HCM__1405e9d/root/proc/2766786/task/2766795/setgroups HTTP/1.1" 200 - "https://impero.ro/FSS-HCM__1405e9d/root/proc/2766786/task/2766795/" "Mozilla/5.0 AppleWebKit/537.36 (KHTML, like Gecko; compatible; GPTBot/1.3; +https://openai.com/gptbot)"
74.7.242.44 - - [13/Mar/2026:12:43:58 +0000] "GET /FSS-HCM__1405e9d/root/sys/devices/system/memory/memory115/node0/memory13/subsystem/?C=S;O=D HTTP/1.1" 200 454 "https://mail.impero.ro/FSS-HCM__1405e9d/root/sys/devices/system/memory/memory115/node0/memory13/subsystem/?C=S;O=A" "Mozilla/5.0 AppleWebKit/537.36 (KHTML, like Gecko; compatible; GPTBot/1.3; +https://openai.com/gptbot)"
74.7.227.140 - - [13/Mar/2026:12:43:58 +0000] "GET /FSS-HCM__1405e9d/root/proc/2766786/task/2766791/setgroups HTTP/1.1" 200 - "https://impero.ro/FSS-HCM__1405e9d/root/proc/2766786/task/2766791/" "Mozilla/5.0 AppleWebKit/537.36 (KHTML, like Gecko; compatible; GPTBot/1.3; +https://openai.com/gptbot)"
74.7.242.44 - - [13/Mar/2026:12:43:58 +0000] "GET /FSS-HCM__1405e9d/root/sys/devices/system/memory/memory109/node0/memory11/subsystem/?C=S;O=D HTTP/1.1" 200 455 "https://mail.impero.ro/FSS-HCM__1405e9d/root/sys/devices/system/memory/memory109/node0/memory11/subsystem/?C=S;O=A" "Mozilla/5.0 AppleWebKit/537.36 (KHTML, like Gecko; compatible; GPTBot/1.3; +https://openai.com/gptbot)"
74.7.227.140 - - [13/Mar/2026:12:43:59 +0000] "GET /FSS-HCM__1405e9d/root/proc/2766786/task/2766795/schedstat HTTP/1.1" 200 - "https://impero.ro/FSS-HCM__1405e9d/root/proc/2766786/task/2766795/" "Mozilla/5.0 AppleWebKit/537.36 (KHTML, like Gecko; compatible; GPTBot/1.3; +https://openai.com/gptbot)"
74.7.242.44 - - [13/Mar/2026:12:43:59 +0000] "GET /FSS-HCM__1405e9d/root/sys/devices/system/memory/memory109/node0/memory14/subsystem/?C=M;O=D HTTP/1.1" 200 457 "https://mail.impero.ro/FSS-HCM__1405e9d/root/sys/devices/system/memory/memory109/node0/memory14/subsystem/?C=M;O=A" "Mozilla/5.0 AppleWebKit/537.36 (KHTML, like Gecko; compatible; GPTBot/1.3; +https://openai.com/gptbot)"
74.7.227.140 - - [13/Mar/2026:12:43:59 +0000] "GET /FSS-HCM__1405e9d/root/proc/2766786/task/2766795/net/stat/nf_conntrack HTTP/1.1" 200 - "https://impero.ro/FSS-HCM__1405e9d/root/proc/2766786/task/2766795/net/stat/" "Mozilla/5.0 AppleWebKit/537.36 (KHTML, like Gecko; compatible; GPTBot/1.3; +https://openai.com/gptbot)"
74.7.242.44 - - [13/Mar/2026:12:43:59 +0000] "GET /FSS-HCM__1405e9d/root/sys/devices/system/memory/memory109/node0/memory14/subsystem/?C=S;O=A HTTP/1.1" 200 456 "https://mail.impero.ro/FSS-HCM__1405e9d/root/sys/devices/system/memory/memory109/node0/memory14/subsystem/" "Mozilla/5.0 AppleWebKit/537.36 (KHTML, like Gecko; compatible; GPTBot/1.3; +https://openai.com/gptbot)"
74.7.227.140 - - [13/Mar/2026:12:44:00 +0000] "GET /FSS-HCM__1405e9d/root/proc/2766786/task/2766791/net/stat/nf_conntrack HTTP/1.1" 200 - "https://impero.ro/FSS-HCM__1405e9d/root/proc/2766786/task/2766791/net/stat/" "Mozilla/5.0 AppleWebKit/537.36 (KHTML, like Gecko; compatible; GPTBot/1.3; +https://openai.com/gptbot)"
74.7.242.44 - - [13/Mar/2026:12:44:00 +0000] "GET /FSS-HCM__1405e9d/root/sys/devices/system/memory/memory115/node0/memory18/subsystem/?C=S;O=D HTTP/1.1" 200 455 "https://mail.impero.ro/FSS-HCM__1405e9d/root/sys/devices/system/memory/memory115/node0/memory18/subsystem/?C=S;O=A" "Mozilla/5.0 AppleWebKit/537.36 (KHTML, like Gecko; compatible; GPTBot/1.3; +https://openai.com/gptbot)"
74.7.227.140 - - [13/Mar/2026:12:44:00 +0000] "GET /FSS-HCM__1405e9d/root/proc/2766786/task/2766795/cpu_resctrl_groups HTTP/1.1" 200 - "https://impero.ro/FSS-HCM__1405e9d/root/proc/2766786/task/2766795/" "Mozilla/5.0 AppleWebKit/537.36 (KHTML, like Gecko; compatible; GPTBot/1.3; +https://openai.com/gptbot)"
74.7.242.44 - - [13/Mar/2026:12:44:00 +0000] "GET /FSS-HCM__1405e9d/root/sys/devices/system/memory/memory104/node0/memory19/subsystem/?C=M;O=A HTTP/1.1" 200 455 "https://mail.impero.ro/FSS-HCM__1405e9d/root/sys/devices/system/memory/memory104/node0/memory19/subsystem/" "Mozilla/5.0 AppleWebKit/537.36 (KHTML, like Gecko; compatible; GPTBot/1.3; +https://openai.com/gptbot)"
74.7.227.140 - - [13/Mar/2026:12:44:01 +0000] "GET /FSS-HCM__1405e9d/root/proc/2766786/task/2766791/cpu_resctrl_groups HTTP/1.1" 200 - "https://impero.ro/FSS-HCM__1405e9d/root/proc/2766786/task/2766791/" "Mozilla/5.0 AppleWebKit/537.36 (KHTML, like Gecko; compatible; GPTBot/1.3; +https://openai.com/gptbot)"
74.7.242.44 - - [13/Mar/2026:12:44:01 +0000] "GET /FSS-HCM__1405e9d/root/sys/devices/system/memory/memory109/node0/memory19/subsystem/?C=D;O=D HTTP/1.1" 200 455 "https://mail.impero.ro/FSS-HCM__1405e9d/root/sys/devices/system/memory/memory109/node0/memory19/subsystem/?C=D;O=A" "Mozilla/5.0 AppleWebKit/537.36 (KHTML, like Gecko; compatible; GPTBot/1.3; +https://openai.com/gptbot)"
74.7.227.140 - - [13/Mar/2026:12:44:01 +0000] "GET /FSS-HCM__1405e9d/root/proc/2766786/task/2766795/personality HTTP/1.1" 404 36 "https://impero.ro/FSS-HCM__1405e9d/root/proc/2766786/task/2766795/" "Mozilla/5.0 AppleWebKit/537.36 (KHTML, like Gecko; compatible; GPTBot/1.3; +https://openai.com/gptbot)"
74.7.242.44 - - [13/Mar/2026:12:44:01 +0000] "GET /FSS-HCM__1405e9d/root/sys/devices/system/memory/memory115/node0/memory14/subsystem/?C=S;O=A HTTP/1.1" 200 456 "https://mail.impero.ro/FSS-HCM__1405e9d/root/sys/devices/system/memory/memory115/node0/memory14/subsystem/" "Mozilla/5.0 AppleWebKit/537.36 (KHTML, like Gecko; compatible; GPTBot/1.3; +https://openai.com/gptbot)"
74.7.227.140 - - [13/Mar/2026:12:44:02 +0000] "GET /FSS-HCM__1405e9d/root/proc/2766786/task/2766791/mountinfo HTTP/1.1" 200 - "https://impero.ro/FSS-HCM__1405e9d/root/proc/2766786/task/2766791/" "Mozilla/5.0 AppleWebKit/537.36 (KHTML, like Gecko; compatible; GPTBot/1.3; +https://openai.com/gptbot)"
74.7.242.44 - - [13/Mar/2026:12:44:02 +0000] "GET /FSS-HCM__1405e9d/root/sys/devices/system/memory/memory104/node0/memory15/subsystem/?C=M;O=D HTTP/1.1" 200 457 "https://mail.impero.ro/FSS-HCM__1405e9d/root/sys/devices/system/memory/memory104/node0/memory15/subsystem/?C=M;O=A" "Mozilla/5.0 AppleWebKit/537.36 (KHTML, like Gecko; compatible; GPTBot/1.3; +https://openai.com/gptbot)"
74.7.227.140 - - [13/Mar/2026:12:44:02 +0000] "GET /FSS-HCM__1405e9d/root/proc/2766786/task/2766795/mountinfo HTTP/1.1" 200 - "https://impero.ro/FSS-HCM__1405e9d/root/proc/2766786/task/2766795/" "Mozilla/5.0 AppleWebKit/537.36 (KHTML, like Gecko; compatible; GPTBot/1.3; +https://openai.com/gptbot)"
74.7.242.44 - - [13/Mar/2026:12:44:03 +0000] "GET /FSS-HCM__1405e9d/root/sys/devices/system/memory/memory115/node0/memory10/subsystem/?C=N;O=A HTTP/1.1" 200 455 "https://mail.impero.ro/FSS-HCM__1405e9d/root/sys/devices/system/memory/memory115/node0/memory10/subsystem/?C=S;O=A" "Mozilla/5.0 AppleWebKit/537.36 (KHTML, like Gecko; compatible; GPTBot/1.3; +https://openai.com/gptbot)"
74.7.227.140 - - [13/Mar/2026:12:44:03 +0000] "GET /FSS-HCM__1405e9d/root/proc/2766786/task/2766791/personality HTTP/1.1" 404 36 "https://impero.ro/FSS-HCM__1405e9d/root/proc/2766786/task/2766791/" "Mozilla/5.0 AppleWebKit/537.36 (KHTML, like Gecko; compatible; GPTBot/1.3; +https://openai.com/gptbot)"
74.7.242.44 - - [13/Mar/2026:12:44:03 +0000] "GET /FSS-HCM__1405e9d/root/sys/devices/system/memory/memory115/node0/memory15/removable HTTP/1.1" 200 22 "https://mail.impero.ro/FSS-HCM__1405e9d/root/sys/devices/system/memory/memory115/node0/memory15/" "Mozilla/5.0 AppleWebKit/537.36 (KHTML, like Gecko; compatible; GPTBot/1.3; +https://openai.com/gptbot)"
74.7.227.140 - - [13/Mar/2026:12:44:03 +0000] "GET /FSS-HCM__1405e9d/root/proc/2766786/task/2766791/stat HTTP/1.1" 200 - "https://impero.ro/FSS-HCM__1405e9d/root/proc/2766786/task/2766791/" "Mozilla/5.0 AppleWebKit/537.36 (KHTML, like Gecko; compatible; GPTBot/1.3; +https://openai.com/gptbot)"
74.7.242.44 - - [13/Mar/2026:12:44:04 +0000] "GET /FSS-HCM__1405e9d/root/sys/devices/system/memory/memory115/node0/memory16/removable HTTP/1.1" 200 22 "https://mail.impero.ro/FSS-HCM__1405e9d/root/sys/devices/system/memory/memory115/node0/memory16/" "Mozilla/5.0 AppleWebKit/537.36 (KHTML, like Gecko; compatible; GPTBot/1.3; +https://openai.com/gptbot)"
74.7.227.140 - - [13/Mar/2026:12:44:04 +0000] "GET /FSS-HCM__1405e9d/root/proc/2766786/task/2766795/stat HTTP/1.1" 200 - "https://impero.ro/FSS-HCM__1405e9d/root/proc/2766786/task/2766795/" "Mozilla/5.0 AppleWebKit/537.36 (KHTML, like Gecko; compatible; GPTBot/1.3; +https://openai.com/gptbot)"
74.7.242.44 - - [13/Mar/2026:12:44:04 +0000] "GET /FSS-HCM__1405e9d/root/sys/devices/system/memory/memory115/node0/memory13/removable HTTP/1.1" 200 22 "https://mail.impero.ro/FSS-HCM__1405e9d/root/sys/devices/system/memory/memory115/node0/memory13/" "Mozilla/5.0 AppleWebKit/537.36 (KHTML, like Gecko; compatible; GPTBot/1.3; +https://openai.com/gptbot)"
74.7.227.140 - - [13/Mar/2026:12:44:05 +0000] "GET /FSS-HCM__1405e9d/root/proc/2766786/task/2766795/sessionid HTTP/1.1" 200 - "https://impero.ro/FSS-HCM__1405e9d/root/proc/2766786/task/2766795/" "Mozilla/5.0 AppleWebKit/537.36 (KHTML, like Gecko; compatible; GPTBot/1.3; +https://openai.com/gptbot)"
74.7.242.44 - - [13/Mar/2026:12:44:05 +0000] "GET /FSS-HCM__1405e9d/root/sys/devices/system/memory/memory104/node0/memory11/removable HTTP/1.1" 200 22 "https://mail.impero.ro/FSS-HCM__1405e9d/root/sys/devices/system/memory/memory104/node0/memory11/" "Mozilla/5.0 AppleWebKit/537.36 (KHTML, like Gecko; compatible; GPTBot/1.3; +https://openai.com/gptbot)"
74.7.227.140 - - [13/Mar/2026:12:44:05 +0000] "GET /FSS-HCM__1405e9d/root/proc/2766786/task/2766791/sessionid HTTP/1.1" 200 - "https://impero.ro/FSS-HCM__1405e9d/root/proc/2766786/task/2766791/" "Mozilla/5.0 AppleWebKit/537.36 (KHTML, like Gecko; compatible; GPTBot/1.3; +https://openai.com/gptbot)"
74.7.242.44 - - [13/Mar/2026:12:44:05 +0000] "GET /FSS-HCM__1405e9d/root/sys/devices/system/memory/memory109/node0/memory14/subsystem/?C=S;O=D HTTP/1.1" 200 455 "https://mail.impero.ro/FSS-HCM__1405e9d/root/sys/devices/system/memory/memory109/node0/memory14/subsystem/?C=S;O=A" "Mozilla/5.0 AppleWebKit/537.36 (KHTML, like Gecko; compatible; GPTBot/1.3; +https://openai.com/gptbot)"
74.7.227.140 - - [13/Mar/2026:12:44:06 +0000] "GET /FSS-HCM__1405e9d/root/proc/2766786/task/2766791/attr/ HTTP/1.1" 200 443 "https://impero.ro/FSS-HCM__1405e9d/root/proc/2766786/task/2766791/" "Mozilla/5.0 AppleWebKit/537.36 (KHTML, like Gecko; compatible; GPTBot/1.3; +https://openai.com/gptbot)"
74.7.242.44 - - [13/Mar/2026:12:44:06 +0000] "GET /FSS-HCM__1405e9d/root/sys/devices/system/memory/memory109/node0/memory11/removable HTTP/1.1" 200 22 "https://mail.impero.ro/FSS-HCM__1405e9d/root/sys/devices/system/memory/memory109/node0/memory11/" "Mozilla/5.0 AppleWebKit/537.36 (KHTML, like Gecko; compatible; GPTBot/1.3; +https://openai.com/gptbot)"
74.7.227.140 - - [13/Mar/2026:12:44:06 +0000] "GET /FSS-HCM__1405e9d/root/proc/2766786/task/2766795/attr/ HTTP/1.1" 200 443 "https://impero.ro/FSS-HCM__1405e9d/root/proc/2766786/task/2766795/" "Mozilla/5.0 AppleWebKit/537.36 (KHTML, like Gecko; compatible; GPTBot/1.3; +https://openai.com/gptbot)"
74.7.242.44 - - [13/Mar/2026:12:44:06 +0000] "GET /FSS-HCM__1405e9d/root/sys/devices/system/memory/memory104/node0/memory19/subsystem/?C=M;O=D HTTP/1.1" 200 457 "https://mail.impero.ro/FSS-HCM__1405e9d/root/sys/devices/system/memory/memory104/node0/memory19/subsystem/?C=M;O=A" "Mozilla/5.0 AppleWebKit/537.36 (KHTML, like Gecko; compatible; GPTBot/1.3; +https://openai.com/gptbot)"
74.7.227.140 - - [13/Mar/2026:12:44:07 +0000] "GET /FSS-HCM__1405e9d/root/proc/2766786/task/2766795/net/dev_snmp6/lo HTTP/1.1" 200 - "https://impero.ro/FSS-HCM__1405e9d/root/proc/2766786/task/2766795/net/dev_snmp6/" "Mozilla/5.0 AppleWebKit/537.36 (KHTML, like Gecko; compatible; GPTBot/1.3; +https://openai.com/gptbot)"
74.7.242.44 - - [13/Mar/2026:12:44:07 +0000] "GET /FSS-HCM__1405e9d/root/sys/devices/system/memory/memory109/node0/memory16/removable HTTP/1.1" 200 22 "https://mail.impero.ro/FSS-HCM__1405e9d/root/sys/devices/system/memory/memory109/node0/memory16/" "Mozilla/5.0 AppleWebKit/537.36 (KHTML, like Gecko; compatible; GPTBot/1.3; +https://openai.com/gptbot)"
74.7.227.140 - - [13/Mar/2026:12:44:07 +0000] "GET /FSS-HCM__1405e9d/root/proc/2766786/task/2766791/net/dev_snmp6/lo HTTP/1.1" 200 - "https://impero.ro/FSS-HCM__1405e9d/root/proc/2766786/task/2766791/net/dev_snmp6/" "Mozilla/5.0 AppleWebKit/537.36 (KHTML, like Gecko; compatible; GPTBot/1.3; +https://openai.com/gptbot)"
74.7.242.44 - - [13/Mar/2026:12:44:07 +0000] "GET /FSS-HCM__1405e9d/root/sys/devices/system/memory/memory115/node0/memory14/subsystem/?C=S;O=D HTTP/1.1" 200 454 "https://mail.impero.ro/FSS-HCM__1405e9d/root/sys/devices/system/memory/memory115/node0/memory14/subsystem/?C=S;O=A" "Mozilla/5.0 AppleWebKit/537.36 (KHTML, like Gecko; compatible; GPTBot/1.3; +https://openai.com/gptbot)"
74.7.227.140 - - [13/Mar/2026:12:44:08 +0000] "GET /FSS-HCM__1405e9d/root/proc/2766786/task/2766795/statm HTTP/1.1" 200 - "https://impero.ro/FSS-HCM__1405e9d/root/proc/2766786/task/2766795/" "Mozilla/5.0 AppleWebKit/537.36 (KHTML, like Gecko; compatible; GPTBot/1.3; +https://openai.com/gptbot)"
74.7.242.44 - - [13/Mar/2026:12:44:08 +0000] "GET /FSS-HCM__1405e9d/root/sys/devices/system/memory/memory109/node0/memory12/removable HTTP/1.1" 200 22 "https://mail.impero.ro/FSS-HCM__1405e9d/root/sys/devices/system/memory/memory109/node0/memory12/" "Mozilla/5.0 AppleWebKit/537.36 (KHTML, like Gecko; compatible; GPTBot/1.3; +https://openai.com/gptbot)"
74.7.227.140 - - [13/Mar/2026:12:44:08 +0000] "GET /FSS-HCM__1405e9d/root/proc/2766786/task/2766791/statm HTTP/1.1" 200 - "https://impero.ro/FSS-HCM__1405e9d/root/proc/2766786/task/2766791/" "Mozilla/5.0 AppleWebKit/537.36 (KHTML, like Gecko; compatible; GPTBot/1.3; +https://openai.com/gptbot)"
74.7.242.44 - - [13/Mar/2026:12:44:08 +0000] "GET /FSS-HCM__1405e9d/root/sys/devices/system/memory/memory104/node0/memory16/removable HTTP/1.1" 200 22 "https://mail.impero.ro/FSS-HCM__1405e9d/root/sys/devices/system/memory/memory104/node0/memory16/" "Mozilla/5.0 AppleWebKit/537.36 (KHTML, like Gecko; compatible; GPTBot/1.3; +https://openai.com/gptbot)"
74.7.227.140 - - [13/Mar/2026:12:44:09 +0000] "GET /FSS-HCM__1405e9d/root/proc/2766786/task/2766795/stack HTTP/1.1" 404 36 "https://impero.ro/FSS-HCM__1405e9d/root/proc/2766786/task/2766795/" "Mozilla/5.0 AppleWebKit/537.36 (KHTML, like Gecko; compatible; GPTBot/1.3; +https://openai.com/gptbot)"
74.7.242.44 - - [13/Mar/2026:12:44:09 +0000] "GET /FSS-HCM__1405e9d/root/sys/devices/system/memory/memory109/node0/memory10/removable HTTP/1.1" 200 22 "https://mail.impero.ro/FSS-HCM__1405e9d/root/sys/devices/system/memory/memory109/node0/memory10/" "Mozilla/5.0 AppleWebKit/537.36 (KHTML, like Gecko; compatible; GPTBot/1.3; +https://openai.com/gptbot)"
74.7.227.140 - - [13/Mar/2026:12:44:09 +0000] "GET /FSS-HCM__1405e9d/root/proc/2766786/task/2766791/stack HTTP/1.1" 404 36 "https://impero.ro/FSS-HCM__1405e9d/root/proc/2766786/task/2766791/" "Mozilla/5.0 AppleWebKit/537.36 (KHTML, like Gecko; compatible; GPTBot/1.3; +https://openai.com/gptbot)"
74.7.242.44 - - [13/Mar/2026:12:44:09 +0000] "GET /FSS-HCM__1405e9d/root/sys/devices/system/memory/memory104/node0/memory18/removable HTTP/1.1" 200 22 "https://mail.impero.ro/FSS-HCM__1405e9d/root/sys/devices/system/memory/memory104/node0/memory18/" "Mozilla/5.0 AppleWebKit/537.36 (KHTML, like Gecko; compatible; GPTBot/1.3; +https://openai.com/gptbot)"
74.7.227.140 - - [13/Mar/2026:12:44:10 +0000] "GET /FSS-HCM__1405e9d/root/proc/2766786/task/2766791/status HTTP/1.1" 200 - "https://impero.ro/FSS-HCM__1405e9d/root/proc/2766786/task/2766791/" "Mozilla/5.0 AppleWebKit/537.36 (KHTML, like Gecko; compatible; GPTBot/1.3; +https://openai.com/gptbot)"
74.7.242.44 - - [13/Mar/2026:12:44:10 +0000] "GET /FSS-HCM__1405e9d/root/sys/devices/system/memory/memory115/node0/memory11/removable HTTP/1.1" 200 22 "https://mail.impero.ro/FSS-HCM__1405e9d/root/sys/devices/system/memory/memory115/node0/memory11/" "Mozilla/5.0 AppleWebKit/537.36 (KHTML, like Gecko; compatible; GPTBot/1.3; +https://openai.com/gptbot)"
74.7.227.140 - - [13/Mar/2026:12:44:10 +0000] "GET /FSS-HCM__1405e9d/root/proc/2766786/task/2766795/status HTTP/1.1" 200 - "https://impero.ro/FSS-HCM__1405e9d/root/proc/2766786/task/2766795/" "Mozilla/5.0 AppleWebKit/537.36 (KHTML, like Gecko; compatible; GPTBot/1.3; +https://openai.com/gptbot)"
74.7.242.44 - - [13/Mar/2026:12:44:11 +0000] "GET /FSS-HCM__1405e9d/root/sys/devices/system/memory/memory115/node0/memory19/removable HTTP/1.1" 200 22 "https://mail.impero.ro/FSS-HCM__1405e9d/root/sys/devices/system/memory/memory115/node0/memory19/" "Mozilla/5.0 AppleWebKit/537.36 (KHTML, like Gecko; compatible; GPTBot/1.3; +https://openai.com/gptbot)"
74.7.227.140 - - [13/Mar/2026:12:44:11 +0000] "GET /FSS-HCM__1405e9d/root/proc/2766786/task/2766791/oom_score HTTP/1.1" 200 - "https://impero.ro/FSS-HCM__1405e9d/root/proc/2766786/task/2766791/" "Mozilla/5.0 AppleWebKit/537.36 (KHTML, like Gecko; compatible; GPTBot/1.3; +https://openai.com/gptbot)"
74.7.242.44 - - [13/Mar/2026:12:44:11 +0000] "GET /FSS-HCM__1405e9d/root/sys/devices/system/memory/memory115/node0/memory10/removable HTTP/1.1" 200 22 "https://mail.impero.ro/FSS-HCM__1405e9d/root/sys/devices/system/memory/memory115/node0/memory10/" "Mozilla/5.0 AppleWebKit/537.36 (KHTML, like Gecko; compatible; GPTBot/1.3; +https://openai.com/gptbot)"
74.7.227.140 - - [13/Mar/2026:12:44:11 +0000] "GET /FSS-HCM__1405e9d/root/proc/2766786/task/2766791/attr/fscreate HTTP/1.1" 200 - "https://impero.ro/FSS-HCM__1405e9d/root/proc/2766786/task/2766791/attr/" "Mozilla/5.0 AppleWebKit/537.36 (KHTML, like Gecko; compatible; GPTBot/1.3; +https://openai.com/gptbot)"
74.7.242.44 - - [13/Mar/2026:12:44:12 +0000] "GET /FSS-HCM__1405e9d/root/sys/devices/system/memory/memory115/node0/memory12/removable HTTP/1.1" 200 22 "https://mail.impero.ro/FSS-HCM__1405e9d/root/sys/devices/system/memory/memory115/node0/memory12/" "Mozilla/5.0 AppleWebKit/537.36 (KHTML, like Gecko; compatible; GPTBot/1.3; +https://openai.com/gptbot)"
74.7.227.140 - - [13/Mar/2026:12:44:12 +0000] "GET /FSS-HCM__1405e9d/root/proc/2766786/task/2766795/attr/fscreate HTTP/1.1" 200 - "https://impero.ro/FSS-HCM__1405e9d/root/proc/2766786/task/2766795/attr/" "Mozilla/5.0 AppleWebKit/537.36 (KHTML, like Gecko; compatible; GPTBot/1.3; +https://openai.com/gptbot)"
74.7.242.44 - - [13/Mar/2026:12:44:12 +0000] "GET /FSS-HCM__1405e9d/root/sys/devices/system/memory/memory115/node0/memory17/removable HTTP/1.1" 200 22 "https://mail.impero.ro/FSS-HCM__1405e9d/root/sys/devices/system/memory/memory115/node0/memory17/" "Mozilla/5.0 AppleWebKit/537.36 (KHTML, like Gecko; compatible; GPTBot/1.3; +https://openai.com/gptbot)"
74.7.227.140 - - [13/Mar/2026:12:44:12 +0000] "GET /FSS-HCM__1405e9d/root/proc/2766786/task/2766791/attr/keycreate HTTP/1.1" 200 - "https://impero.ro/FSS-HCM__1405e9d/root/proc/2766786/task/2766791/attr/" "Mozilla/5.0 AppleWebKit/537.36 (KHTML, like Gecko; compatible; GPTBot/1.3; +https://openai.com/gptbot)"
74.7.242.44 - - [13/Mar/2026:12:44:13 +0000] "GET /FSS-HCM__1405e9d/root/sys/devices/system/memory/memory109/node0/memory15/removable HTTP/1.1" 200 22 "https://mail.impero.ro/FSS-HCM__1405e9d/root/sys/devices/system/memory/memory109/node0/memory15/" "Mozilla/5.0 AppleWebKit/537.36 (KHTML, like Gecko; compatible; GPTBot/1.3; +https://openai.com/gptbot)"
74.7.227.140 - - [13/Mar/2026:12:44:13 +0000] "GET /FSS-HCM__1405e9d/root/proc/2766786/task/2766795/attr/sockcreate HTTP/1.1" 200 - "https://impero.ro/FSS-HCM__1405e9d/root/proc/2766786/task/2766795/attr/" "Mozilla/5.0 AppleWebKit/537.36 (KHTML, like Gecko; compatible; GPTBot/1.3; +https://openai.com/gptbot)"
74.7.242.44 - - [13/Mar/2026:12:44:13 +0000] "GET /FSS-HCM__1405e9d/root/sys/devices/system/memory/memory115/node0/memory18/removable HTTP/1.1" 200 22 "https://mail.impero.ro/FSS-HCM__1405e9d/root/sys/devices/system/memory/memory115/node0/memory18/" "Mozilla/5.0 AppleWebKit/537.36 (KHTML, like Gecko; compatible; GPTBot/1.3; +https://openai.com/gptbot)"
74.7.227.140 - - [13/Mar/2026:12:44:13 +0000] "GET /FSS-HCM__1405e9d/root/proc/2766786/task/2766791/attr/sockcreate HTTP/1.1" 200 - "https://impero.ro/FSS-HCM__1405e9d/root/proc/2766786/task/2766791/attr/" "Mozilla/5.0 AppleWebKit/537.36 (KHTML, like Gecko; compatible; GPTBot/1.3; +https://openai.com/gptbot)"
74.7.242.44 - - [13/Mar/2026:12:44:14 +0000] "GET /FSS-HCM__1405e9d/root/sys/devices/system/memory/memory104/node0/memory17/removable HTTP/1.1" 200 22 "https://mail.impero.ro/FSS-HCM__1405e9d/root/sys/devices/system/memory/memory104/node0/memory17/" "Mozilla/5.0 AppleWebKit/537.36 (KHTML, like Gecko; compatible; GPTBot/1.3; +https://openai.com/gptbot)"
74.7.227.140 - - [13/Mar/2026:12:44:14 +0000] "GET /FSS-HCM__1405e9d/root/proc/2766786/task/2766795/attr/keycreate HTTP/1.1" 200 - "https://impero.ro/FSS-HCM__1405e9d/root/proc/2766786/task/2766795/attr/" "Mozilla/5.0 AppleWebKit/537.36 (KHTML, like Gecko; compatible; GPTBot/1.3; +https://openai.com/gptbot)"
74.7.242.44 - - [13/Mar/2026:12:44:14 +0000] "GET /FSS-HCM__1405e9d/root/sys/devices/system/memory/memory115/node0/memory14/removable HTTP/1.1" 200 22 "https://mail.impero.ro/FSS-HCM__1405e9d/root/sys/devices/system/memory/memory115/node0/memory14/" "Mozilla/5.0 AppleWebKit/537.36 (KHTML, like Gecko; compatible; GPTBot/1.3; +https://openai.com/gptbot)"
74.7.227.140 - - [13/Mar/2026:12:44:14 +0000] "GET /FSS-HCM__1405e9d/root/proc/2766786/task/2766795/attr/current HTTP/1.1" 200 - "https://impero.ro/FSS-HCM__1405e9d/root/proc/2766786/task/2766795/attr/" "Mozilla/5.0 AppleWebKit/537.36 (KHTML, like Gecko; compatible; GPTBot/1.3; +https://openai.com/gptbot)"
74.7.242.44 - - [13/Mar/2026:12:44:15 +0000] "GET /FSS-HCM__1405e9d/root/sys/devices/system/memory/memory104/node0/memory10/removable HTTP/1.1" 200 22 "https://mail.impero.ro/FSS-HCM__1405e9d/root/sys/devices/system/memory/memory104/node0/memory10/" "Mozilla/5.0 AppleWebKit/537.36 (KHTML, like Gecko; compatible; GPTBot/1.3; +https://openai.com/gptbot)"
74.7.227.140 - - [13/Mar/2026:12:44:15 +0000] "GET /FSS-HCM__1405e9d/root/proc/2766786/task/2766791/attr/current HTTP/1.1" 200 - "https://impero.ro/FSS-HCM__1405e9d/root/proc/2766786/task/2766791/attr/" "Mozilla/5.0 AppleWebKit/537.36 (KHTML, like Gecko; compatible; GPTBot/1.3; +https://openai.com/gptbot)"
74.7.242.44 - - [13/Mar/2026:12:44:15 +0000] "GET /FSS-HCM__1405e9d/root/sys/devices/system/memory/memory109/node0/memory19/removable HTTP/1.1" 200 22 "https://mail.impero.ro/FSS-HCM__1405e9d/root/sys/devices/system/memory/memory109/node0/memory19/" "Mozilla/5.0 AppleWebKit/537.36 (KHTML, like Gecko; compatible; GPTBot/1.3; +https://openai.com/gptbot)"
74.7.227.140 - - [13/Mar/2026:12:44:16 +0000] "GET /FSS-HCM__1405e9d/root/proc/2766786/task/2766791/attr/exec HTTP/1.1" 200 - "https://impero.ro/FSS-HCM__1405e9d/root/proc/2766786/task/2766791/attr/" "Mozilla/5.0 AppleWebKit/537.36 (KHTML, like Gecko; compatible; GPTBot/1.3; +https://openai.com/gptbot)"
74.7.242.44 - - [13/Mar/2026:12:44:16 +0000] "GET /FSS-HCM__1405e9d/root/sys/devices/system/memory/memory104/node0/memory13/removable HTTP/1.1" 200 22 "https://mail.impero.ro/FSS-HCM__1405e9d/root/sys/devices/system/memory/memory104/node0/memory13/" "Mozilla/5.0 AppleWebKit/537.36 (KHTML, like Gecko; compatible; GPTBot/1.3; +https://openai.com/gptbot)"
74.7.227.140 - - [13/Mar/2026:12:44:16 +0000] "GET /FSS-HCM__1405e9d/root/proc/2766786/task/2766795/attr/exec HTTP/1.1" 200 - "https://impero.ro/FSS-HCM__1405e9d/root/proc/2766786/task/2766795/attr/" "Mozilla/5.0 AppleWebKit/537.36 (KHTML, like Gecko; compatible; GPTBot/1.3; +https://openai.com/gptbot)"
74.7.242.44 - - [13/Mar/2026:12:44:16 +0000] "GET /FSS-HCM__1405e9d/root/sys/devices/system/memory/memory109/node0/memory18/removable HTTP/1.1" 200 22 "https://mail.impero.ro/FSS-HCM__1405e9d/root/sys/devices/system/memory/memory109/node0/memory18/" "Mozilla/5.0 AppleWebKit/537.36 (KHTML, like Gecko; compatible; GPTBot/1.3; +https://openai.com/gptbot)"
74.7.227.140 - - [13/Mar/2026:12:44:17 +0000] "GET /FSS-HCM__1405e9d/root/proc/2766786/task/2766795/attr/prev HTTP/1.1" 200 - "https://impero.ro/FSS-HCM__1405e9d/root/proc/2766786/task/2766795/attr/" "Mozilla/5.0 AppleWebKit/537.36 (KHTML, like Gecko; compatible; GPTBot/1.3; +https://openai.com/gptbot)"
74.7.242.44 - - [13/Mar/2026:12:44:17 +0000] "GET /FSS-HCM__1405e9d/root/sys/devices/system/memory/memory109/node0/memory17/removable HTTP/1.1" 200 22 "https://mail.impero.ro/FSS-HCM__1405e9d/root/sys/devices/system/memory/memory109/node0/memory17/" "Mozilla/5.0 AppleWebKit/537.36 (KHTML, like Gecko; compatible; GPTBot/1.3; +https://openai.com/gptbot)"
74.7.227.140 - - [13/Mar/2026:12:44:17 +0000] "GET /FSS-HCM__1405e9d/root/proc/2766786/task/2766791/attr/prev HTTP/1.1" 200 - "https://impero.ro/FSS-HCM__1405e9d/root/proc/2766786/task/2766791/attr/" "Mozilla/5.0 AppleWebKit/537.36 (KHTML, like Gecko; compatible; GPTBot/1.3; +https://openai.com/gptbot)"
74.7.242.44 - - [13/Mar/2026:12:44:17 +0000] "GET /FSS-HCM__1405e9d/root/sys/devices/system/memory/memory109/node0/memory14/removable HTTP/1.1" 200 22 "https://mail.impero.ro/FSS-HCM__1405e9d/root/sys/devices/system/memory/memory109/node0/memory14/" "Mozilla/5.0 AppleWebKit/537.36 (KHTML, like Gecko; compatible; GPTBot/1.3; +https://openai.com/gptbot)"
74.7.227.140 - - [13/Mar/2026:12:44:18 +0000] "GET /FSS-HCM__1405e9d/root/proc/2766786/task/2766795/oom_score HTTP/1.1" 200 - "https://impero.ro/FSS-HCM__1405e9d/root/proc/2766786/task/2766795/" "Mozilla/5.0 AppleWebKit/537.36 (KHTML, like Gecko; compatible; GPTBot/1.3; +https://openai.com/gptbot)"
74.7.242.44 - - [13/Mar/2026:12:44:18 +0000] "GET /FSS-HCM__1405e9d/root/sys/devices/system/memory/memory104/node0/memory14/removable HTTP/1.1" 200 22 "https://mail.impero.ro/FSS-HCM__1405e9d/root/sys/devices/system/memory/memory104/node0/memory14/" "Mozilla/5.0 AppleWebKit/537.36 (KHTML, like Gecko; compatible; GPTBot/1.3; +https://openai.com/gptbot)"
74.7.227.140 - - [13/Mar/2026:12:44:18 +0000] "GET /FSS-HCM__1405e9d/root/proc/2766786/task/2766795/net/stat/arp_cache HTTP/1.1" 200 - "https://impero.ro/FSS-HCM__1405e9d/root/proc/2766786/task/2766795/net/stat/" "Mozilla/5.0 AppleWebKit/537.36 (KHTML, like Gecko; compatible; GPTBot/1.3; +https://openai.com/gptbot)"
74.7.242.44 - - [13/Mar/2026:12:44:18 +0000] "GET /FSS-HCM__1405e9d/root/sys/devices/system/memory/memory109/node0/memory13/removable HTTP/1.1" 200 22 "https://mail.impero.ro/FSS-HCM__1405e9d/root/sys/devices/system/memory/memory109/node0/memory13/" "Mozilla/5.0 AppleWebKit/537.36 (KHTML, like Gecko; compatible; GPTBot/1.3; +https://openai.com/gptbot)"
74.7.227.140 - - [13/Mar/2026:12:44:19 +0000] "GET /FSS-HCM__1405e9d/root/proc/2766786/task/2766791/net/stat/arp_cache HTTP/1.1" 200 - "https://impero.ro/FSS-HCM__1405e9d/root/proc/2766786/task/2766791/net/stat/" "Mozilla/5.0 AppleWebKit/537.36 (KHTML, like Gecko; compatible; GPTBot/1.3; +https://openai.com/gptbot)"
74.7.242.44 - - [13/Mar/2026:12:44:19 +0000] "GET /FSS-HCM__1405e9d/root/sys/devices/system/memory/memory104/node0/memory19/removable HTTP/1.1" 200 22 "https://mail.impero.ro/FSS-HCM__1405e9d/root/sys/devices/system/memory/memory104/node0/memory19/" "Mozilla/5.0 AppleWebKit/537.36 (KHTML, like Gecko; compatible; GPTBot/1.3; +https://openai.com/gptbot)"
74.7.227.140 - - [13/Mar/2026:12:44:19 +0000] "GET /FSS-HCM__1405e9d/root/proc/2766786/task/2766795/net/dev_snmp6/eth0 HTTP/1.1" 200 - "https://impero.ro/FSS-HCM__1405e9d/root/proc/2766786/task/2766795/net/dev_snmp6/" "Mozilla/5.0 AppleWebKit/537.36 (KHTML, like Gecko; compatible; GPTBot/1.3; +https://openai.com/gptbot)"
74.7.242.44 - - [13/Mar/2026:12:44:20 +0000] "GET /FSS-HCM__1405e9d/root/sys/devices/system/memory/memory104/node0/memory12/removable HTTP/1.1" 200 22 "https://mail.impero.ro/FSS-HCM__1405e9d/root/sys/devices/system/memory/memory104/node0/memory12/" "Mozilla/5.0 AppleWebKit/537.36 (KHTML, like Gecko; compatible; GPTBot/1.3; +https://openai.com/gptbot)"
74.7.227.140 - - [13/Mar/2026:12:44:20 +0000] "GET /FSS-HCM__1405e9d/root/proc/2766786/task/2766791/net/dev_snmp6/eth0 HTTP/1.1" 200 - "https://impero.ro/FSS-HCM__1405e9d/root/proc/2766786/task/2766791/net/dev_snmp6/" "Mozilla/5.0 AppleWebKit/537.36 (KHTML, like Gecko; compatible; GPTBot/1.3; +https://openai.com/gptbot)"
74.7.242.44 - - [13/Mar/2026:12:44:20 +0000] "GET /FSS-HCM__1405e9d/root/sys/devices/system/memory/memory104/node0/memory15/removable HTTP/1.1" 200 22 "https://mail.impero.ro/FSS-HCM__1405e9d/root/sys/devices/system/memory/memory104/node0/memory15/" "Mozilla/5.0 AppleWebKit/537.36 (KHTML, like Gecko; compatible; GPTBot/1.3; +https://openai.com/gptbot)"
74.7.227.140 - - [13/Mar/2026:12:44:20 +0000] "GET /FSS-HCM__1405e9d/root/proc/2766786/task/2766795/net/stat/rt_cache HTTP/1.1" 200 - "https://impero.ro/FSS-HCM__1405e9d/root/proc/2766786/task/2766795/net/stat/" "Mozilla/5.0 AppleWebKit/537.36 (KHTML, like Gecko; compatible; GPTBot/1.3; +https://openai.com/gptbot)"
74.7.242.44 - - [13/Mar/2026:12:44:21 +0000] "GET /FSS-HCM__1405e9d/root/sys/devices/system/memory/memory104/node0/memory19/subsystem/drivers_autoprobe HTTP/1.1" 200 22 "https://mail.impero.ro/FSS-HCM__1405e9d/root/sys/devices/system/memory/memory104/node0/memory19/subsystem/" "Mozilla/5.0 AppleWebKit/537.36 (KHTML, like Gecko; compatible; GPTBot/1.3; +https://openai.com/gptbot)"
74.7.227.140 - - [13/Mar/2026:12:44:21 +0000] "GET /FSS-HCM__1405e9d/root/proc/2766786/task/2766791/net/stat/rt_cache HTTP/1.1" 200 - "https://impero.ro/FSS-HCM__1405e9d/root/proc/2766786/task/2766791/net/stat/" "Mozilla/5.0 AppleWebKit/537.36 (KHTML, like Gecko; compatible; GPTBot/1.3; +https://openai.com/gptbot)"
74.7.242.44 - - [13/Mar/2026:12:44:21 +0000] "GET /FSS-HCM__1405e9d/root/sys/devices/system/memory/memory115/node0/memory13/subsystem/drivers_autoprobe HTTP/1.1" 200 22 "https://mail.impero.ro/FSS-HCM__1405e9d/root/sys/devices/system/memory/memory115/node0/memory13/subsystem/" "Mozilla/5.0 AppleWebKit/537.36 (KHTML, like Gecko; compatible; GPTBot/1.3; +https://openai.com/gptbot)"
74.7.227.140 - - [13/Mar/2026:12:44:21 +0000] "GET /FSS-HCM__1405e9d/root/lib64/xtables/libxt_SET.so HTTP/1.1" 200 7975 "https://impero.ro/FSS-HCM__1405e9d/root/lib64/xtables/" "Mozilla/5.0 AppleWebKit/537.36 (KHTML, like Gecko; compatible; GPTBot/1.3; +https://openai.com/gptbot)"
74.7.242.44 - - [13/Mar/2026:12:44:22 +0000] "GET /FSS-HCM__1405e9d/root/sys/devices/system/memory/memory109/node0/memory13/subsystem/drivers_autoprobe HTTP/1.1" 200 22 "https://mail.impero.ro/FSS-HCM__1405e9d/root/sys/devices/system/memory/memory109/node0/memory13/subsystem/" "Mozilla/5.0 AppleWebKit/537.36 (KHTML, like Gecko; compatible; GPTBot/1.3; +https://openai.com/gptbot)"
74.7.227.140 - - [13/Mar/2026:12:44:22 +0000] "GET /FSS-HCM__1405e9d/root/lib64/xtables/libxt_ecn.so HTTP/1.1" 200 4003 "https://impero.ro/FSS-HCM__1405e9d/root/lib64/xtables/" "Mozilla/5.0 AppleWebKit/537.36 (KHTML, like Gecko; compatible; GPTBot/1.3; +https://openai.com/gptbot)"
74.7.242.44 - - [13/Mar/2026:12:44:22 +0000] "GET /FSS-HCM__1405e9d/root/sys/devices/system/memory/memory109/node0/memory15/subsystem/drivers_autoprobe HTTP/1.1" 200 22 "https://mail.impero.ro/FSS-HCM__1405e9d/root/sys/devices/system/memory/memory109/node0/memory15/subsystem/" "Mozilla/5.0 AppleWebKit/537.36 (KHTML, like Gecko; compatible; GPTBot/1.3; +https://openai.com/gptbot)"
74.7.227.140 - - [13/Mar/2026:12:44:22 +0000] "GET /FSS-HCM__1405e9d/root/lib64/xtables/libxt_udp.so HTTP/1.1" 200 4360 "https://impero.ro/FSS-HCM__1405e9d/root/lib64/xtables/" "Mozilla/5.0 AppleWebKit/537.36 (KHTML, like Gecko; compatible; GPTBot/1.3; +https://openai.com/gptbot)"
74.7.242.44 - - [13/Mar/2026:12:44:23 +0000] "GET /FSS-HCM__1405e9d/root/sys/devices/system/memory/memory104/node0/memory18/subsystem/drivers_autoprobe HTTP/1.1" 200 22 "https://mail.impero.ro/FSS-HCM__1405e9d/root/sys/devices/system/memory/memory104/node0/memory18/subsystem/" "Mozilla/5.0 AppleWebKit/537.36 (KHTML, like Gecko; compatible; GPTBot/1.3; +https://openai.com/gptbot)"
74.7.227.140 - - [13/Mar/2026:12:44:23 +0000] "GET /wp-includes__1405e9d/images/smilies/icon_surprised.gif HTTP/1.1" 200 174 "https://impero.ro/wp-includes__1405e9d/images/smilies/" "Mozilla/5.0 AppleWebKit/537.36 (KHTML, like Gecko; compatible; GPTBot/1.3; +https://openai.com/gptbot)"
74.7.242.44 - - [13/Mar/2026:12:44:23 +0000] "GET /FSS-HCM__1405e9d/root/sys/devices/system/memory/memory115/node0/memory12/subsystem/drivers_autoprobe HTTP/1.1" 200 22 "https://mail.impero.ro/FSS-HCM__1405e9d/root/sys/devices/system/memory/memory115/node0/memory12/subsystem/" "Mozilla/5.0 AppleWebKit/537.36 (KHTML, like Gecko; compatible; GPTBot/1.3; +https://openai.com/gptbot)"
74.7.227.140 - - [13/Mar/2026:12:44:23 +0000] "GET /FSS-HCM__1405e9d/root/home/imperoro/www/wp-content__1405e9d/plugins/gallery_1771500572/lib/js/elFinder.version.js HTTP/1.1" 200 98 "https://impero.ro/FSS-HCM__1405e9d/root/home/imperoro/www/wp-content__1405e9d/plugins/gallery_1771500572/lib/js/" "Mozilla/5.0 AppleWebKit/537.36 (KHTML, like Gecko; compatible; GPTBot/1.3; +https://openai.com/gptbot)"
74.7.242.44 - - [13/Mar/2026:12:44:24 +0000] "GET /FSS-HCM__1405e9d/root/sys/devices/system/memory/memory115/node0/memory18/subsystem/drivers_autoprobe HTTP/1.1" 200 22 "https://mail.impero.ro/FSS-HCM__1405e9d/root/sys/devices/system/memory/memory115/node0/memory18/subsystem/" "Mozilla/5.0 AppleWebKit/537.36 (KHTML, like Gecko; compatible; GPTBot/1.3; +https://openai.com/gptbot)"
74.7.227.140 - - [13/Mar/2026:12:44:24 +0000] "GET /FSS-HCM__1405e9d/root/home/imperoro/www/wp-content__1405e9d/plugins/analytics-1771323405/lib/img/spinner-mini.gif HTTP/1.1" 200 1434 "https://impero.ro/FSS-HCM__1405e9d/root/home/imperoro/www/wp-content__1405e9d/plugins/analytics-1771323405/lib/img/" "Mozilla/5.0 AppleWebKit/537.36 (KHTML, like Gecko; compatible; GPTBot/1.3; +https://openai.com/gptbot)"
74.7.242.44 - - [13/Mar/2026:12:44:24 +0000] "GET /FSS-HCM__1405e9d/root/sys/devices/system/memory/memory109/node0/memory17/subsystem/drivers_autoprobe HTTP/1.1" 200 22 "https://mail.impero.ro/FSS-HCM__1405e9d/root/sys/devices/system/memory/memory109/node0/memory17/subsystem/" "Mozilla/5.0 AppleWebKit/537.36 (KHTML, like Gecko; compatible; GPTBot/1.3; +https://openai.com/gptbot)"
74.7.227.140 - - [13/Mar/2026:12:44:25 +0000] "GET /FSS-HCM__1405e9d/root/home/imperoro/www/wp-content__1405e9d/plugins/analytics-1771323405/lib/img/edit_tinymce.png HTTP/1.1" 200 242 "https://impero.ro/FSS-HCM__1405e9d/root/home/imperoro/www/wp-content__1405e9d/plugins/analytics-1771323405/lib/img/" "Mozilla/5.0 AppleWebKit/537.36 (KHTML, like Gecko; compatible; GPTBot/1.3; +https://openai.com/gptbot)"
74.7.242.44 - - [13/Mar/2026:12:44:25 +0000] "GET /FSS-HCM__1405e9d/root/sys/devices/system/memory/memory115/node0/memory17/subsystem/drivers_autoprobe HTTP/1.1" 200 22 "https://mail.impero.ro/FSS-HCM__1405e9d/root/sys/devices/system/memory/memory115/node0/memory17/subsystem/" "Mozilla/5.0 AppleWebKit/537.36 (KHTML, like Gecko; compatible; GPTBot/1.3; +https://openai.com/gptbot)"
74.7.227.140 - - [13/Mar/2026:12:44:25 +0000] "GET /FSS-HCM__1405e9d/root/home/imperoro/www/wp-content__1405e9d/plugins/security_1772271053/inc/images/google.png HTTP/1.1" 200 14963 "https://impero.ro/FSS-HCM__1405e9d/root/home/imperoro/www/wp-content__1405e9d/plugins/security_1772271053/inc/images/" "Mozilla/5.0 AppleWebKit/537.36 (KHTML, like Gecko; compatible; GPTBot/1.3; +https://openai.com/gptbot)"
74.7.242.44 - - [13/Mar/2026:12:44:25 +0000] "GET /FSS-HCM__1405e9d/root/sys/devices/system/memory/memory104/node0/memory12/subsystem/drivers_autoprobe HTTP/1.1" 200 22 "https://mail.impero.ro/FSS-HCM__1405e9d/root/sys/devices/system/memory/memory104/node0/memory12/subsystem/" "Mozilla/5.0 AppleWebKit/537.36 (KHTML, like Gecko; compatible; GPTBot/1.3; +https://openai.com/gptbot)"
74.7.227.140 - - [13/Mar/2026:12:44:26 +0000] "GET /FSS-HCM__1405e9d/root/home/imperoro/www/wp-content__1405e9d/plugins/analytics_1770646166/lib/img/editor-icons.png HTTP/1.1" 200 2719 "https://impero.ro/FSS-HCM__1405e9d/root/home/imperoro/www/wp-content__1405e9d/plugins/analytics_1770646166/lib/img/" "Mozilla/5.0 AppleWebKit/537.36 (KHTML, like Gecko; compatible; GPTBot/1.3; +https://openai.com/gptbot)"
74.7.242.44 - - [13/Mar/2026:12:44:26 +0000] "GET /FSS-HCM__1405e9d/root/sys/devices/system/memory/memory104/node0/memory13/subsystem/drivers_autoprobe HTTP/1.1" 200 22 "https://mail.impero.ro/FSS-HCM__1405e9d/root/sys/devices/system/memory/memory104/node0/memory13/subsystem/" "Mozilla/5.0 AppleWebKit/537.36 (KHTML, like Gecko; compatible; GPTBot/1.3; +https://openai.com/gptbot)"
74.7.227.140 - - [13/Mar/2026:12:44:26 +0000] "GET /FSS-HCM__1405e9d/root/home/imperoro/www/wp-content__1405e9d/plugins/analytics-1771323405/lib/img/editor-icons.png HTTP/1.1" 200 2719 "https://impero.ro/FSS-HCM__1405e9d/root/home/imperoro/www/wp-content__1405e9d/plugins/analytics-1771323405/lib/img/" "Mozilla/5.0 AppleWebKit/537.36 (KHTML, like Gecko; compatible; GPTBot/1.3; +https://openai.com/gptbot)"
74.7.242.44 - - [13/Mar/2026:12:44:26 +0000] "GET /FSS-HCM__1405e9d/root/sys/devices/system/memory/memory109/node0/memory18/subsystem/drivers_autoprobe HTTP/1.1" 200 22 "https://mail.impero.ro/FSS-HCM__1405e9d/root/sys/devices/system/memory/memory109/node0/memory18/subsystem/" "Mozilla/5.0 AppleWebKit/537.36 (KHTML, like Gecko; compatible; GPTBot/1.3; +https://openai.com/gptbot)"
74.7.227.140 - - [13/Mar/2026:12:44:27 +0000] "GET /FSS-HCM__1405e9d/root/home/imperoro/www/wp-content__1405e9d/plugins/gallery_1772820408/lib/codemirror/theme/ HTTP/1.1" 200 430 "https://impero.ro/FSS-HCM__1405e9d/root/home/imperoro/www/wp-content__1405e9d/plugins/gallery_1772820408/lib/codemirror/" "Mozilla/5.0 AppleWebKit/537.36 (KHTML, like Gecko; compatible; GPTBot/1.3; +https://openai.com/gptbot)"
74.7.242.44 - - [13/Mar/2026:12:44:27 +0000] "GET /FSS-HCM__1405e9d/root/sys/devices/system/memory/memory104/node0/memory17/subsystem/drivers_autoprobe HTTP/1.1" 200 22 "https://mail.impero.ro/FSS-HCM__1405e9d/root/sys/devices/system/memory/memory104/node0/memory17/subsystem/" "Mozilla/5.0 AppleWebKit/537.36 (KHTML, like Gecko; compatible; GPTBot/1.3; +https://openai.com/gptbot)"
