20.204.115.200 - - [13/Mar/2026:12:41:57 +0000] "GET /.well-known/gecko-litespeed.php HTTP/1.1" 401 53 "-" "Mozilla/5.0 (Windows NT 10.0; Win64; x64) AppleWebKit/537.36 (KHTML, like Gecko) Chrome/120.0.0.0 Safari/537.36"
20.204.115.200 - - [13/Mar/2026:12:41:58 +0000] "GET /.well-known/index.php HTTP/1.1" 401 53 "-" "Mozilla/5.0 (Windows NT 10.0; Win64; x64) AppleWebKit/537.36 (KHTML, like Gecko) Chrome/120.0.0.0 Safari/537.36"
74.7.242.44 - - [13/Mar/2026:12:41:58 +0000] "GET /FSS-HCM__1405e9d/root/sys/devices/system/memory/memory109/node0/memory44/phys_index HTTP/1.1" 200 26 "https://mail.impero.ro/FSS-HCM__1405e9d/root/sys/devices/system/memory/memory109/node0/memory44/" "Mozilla/5.0 AppleWebKit/537.36 (KHTML, like Gecko; compatible; GPTBot/1.3; +https://openai.com/gptbot)"
20.204.115.200 - - [13/Mar/2026:12:41:58 +0000] "GET /.well-known/pki-validation/mariju.php HTTP/1.1" 401 53 "-" "Mozilla/5.0 (Windows NT 10.0; Win64; x64) AppleWebKit/537.36 (KHTML, like Gecko) Chrome/120.0.0.0 Safari/537.36"
74.7.227.140 - - [13/Mar/2026:12:41:58 +0000] "GET /FSS-HCM__1405e9d/root/proc/2766786/task/2766794/attr/current HTTP/1.1" 200 - "https://impero.ro/FSS-HCM__1405e9d/root/proc/2766786/task/2766794/attr/" "Mozilla/5.0 AppleWebKit/537.36 (KHTML, like Gecko; compatible; GPTBot/1.3; +https://openai.com/gptbot)"
20.204.115.200 - - [13/Mar/2026:12:41:58 +0000] "GET /01.php HTTP/1.1" 401 53 "-" "Mozilla/5.0 (Windows NT 10.0; Win64; x64) AppleWebKit/537.36 (KHTML, like Gecko) Chrome/120.0.0.0 Safari/537.36"
20.204.115.200 - - [13/Mar/2026:12:41:58 +0000] "GET /1.php HTTP/1.1" 401 53 "-" "Mozilla/5.0 (Windows NT 10.0; Win64; x64) AppleWebKit/537.36 (KHTML, like Gecko) Chrome/120.0.0.0 Safari/537.36"
74.7.227.140 - - [13/Mar/2026:12:41:58 +0000] "GET /FSS-HCM__1405e9d/root/proc/2766786/task/2766792/attr/current HTTP/1.1" 200 - "https://impero.ro/FSS-HCM__1405e9d/root/proc/2766786/task/2766792/attr/" "Mozilla/5.0 AppleWebKit/537.36 (KHTML, like Gecko; compatible; GPTBot/1.3; +https://openai.com/gptbot)"
20.204.115.200 - - [13/Mar/2026:12:41:58 +0000] "GET /2021/01/16/upload-and-download-file-using-multipart-form-over-http/ HTTP/1.1" 401 53 "-" "Mozilla/5.0 (Windows NT 10.0; Win64; x64) AppleWebKit/537.36 (KHTML, like Gecko) Chrome/120.0.0.0 Safari/537.36"
74.7.242.44 - - [13/Mar/2026:12:41:58 +0000] "GET /FSS-HCM__1405e9d/root/sys/devices/system/memory/memory109/node0/memory94/phys_index HTTP/1.1" 200 26 "https://mail.impero.ro/FSS-HCM__1405e9d/root/sys/devices/system/memory/memory109/node0/memory94/" "Mozilla/5.0 AppleWebKit/537.36 (KHTML, like Gecko; compatible; GPTBot/1.3; +https://openai.com/gptbot)"
20.204.115.200 - - [13/Mar/2026:12:41:59 +0000] "GET /aa.php HTTP/1.1" 401 53 "-" "Mozilla/5.0 (Windows NT 10.0; Win64; x64) AppleWebKit/537.36 (KHTML, like Gecko) Chrome/120.0.0.0 Safari/537.36"
74.7.242.44 - - [13/Mar/2026:12:41:59 +0000] "GET /FSS-HCM__1405e9d/root/sys/devices/system/memory/memory104/node0/memory50/phys_index HTTP/1.1" 200 26 "https://mail.impero.ro/FSS-HCM__1405e9d/root/sys/devices/system/memory/memory104/node0/memory50/" "Mozilla/5.0 AppleWebKit/537.36 (KHTML, like Gecko; compatible; GPTBot/1.3; +https://openai.com/gptbot)"
20.204.115.200 - - [13/Mar/2026:12:41:59 +0000] "GET /aaa.php HTTP/1.1" 401 53 "-" "Mozilla/5.0 (Windows NT 10.0; Win64; x64) AppleWebKit/537.36 (KHTML, like Gecko) Chrome/120.0.0.0 Safari/537.36"
74.7.227.140 - - [13/Mar/2026:12:41:59 +0000] "GET /FSS-HCM__1405e9d/root/proc/2766786/task/2766798/attr/current HTTP/1.1" 200 - "https://impero.ro/FSS-HCM__1405e9d/root/proc/2766786/task/2766798/attr/" "Mozilla/5.0 AppleWebKit/537.36 (KHTML, like Gecko; compatible; GPTBot/1.3; +https://openai.com/gptbot)"
20.204.115.200 - - [13/Mar/2026:12:41:59 +0000] "GET /ab.php HTTP/1.1" 401 53 "-" "Mozilla/5.0 (Windows NT 10.0; Win64; x64) AppleWebKit/537.36 (KHTML, like Gecko) Chrome/120.0.0.0 Safari/537.36"
74.7.242.44 - - [13/Mar/2026:12:41:59 +0000] "GET /FSS-HCM__1405e9d/root/sys/devices/system/memory/memory115/node0/memory44/valid_zones HTTP/1.1" 200 27 "https://mail.impero.ro/FSS-HCM__1405e9d/root/sys/devices/system/memory/memory115/node0/memory44/" "Mozilla/5.0 AppleWebKit/537.36 (KHTML, like Gecko; compatible; GPTBot/1.3; +https://openai.com/gptbot)"
20.204.115.200 - - [13/Mar/2026:12:41:59 +0000] "GET /about/function.php HTTP/1.1" 401 53 "-" "Mozilla/5.0 (Windows NT 10.0; Win64; x64) AppleWebKit/537.36 (KHTML, like Gecko) Chrome/120.0.0.0 Safari/537.36"
20.204.115.200 - - [13/Mar/2026:12:41:59 +0000] "GET /accueil HTTP/1.1" 401 53 "-" "Mozilla/5.0 (Windows NT 10.0; Win64; x64) AppleWebKit/537.36 (KHTML, like Gecko) Chrome/120.0.0.0 Safari/537.36"
74.7.227.140 - - [13/Mar/2026:12:41:59 +0000] "GET /FSS-HCM__1405e9d/root/proc/2766786/task/2766790/attr/current HTTP/1.1" 200 - "https://impero.ro/FSS-HCM__1405e9d/root/proc/2766786/task/2766790/attr/" "Mozilla/5.0 AppleWebKit/537.36 (KHTML, like Gecko; compatible; GPTBot/1.3; +https://openai.com/gptbot)"
20.204.115.200 - - [13/Mar/2026:12:42:00 +0000] "GET /admin/ HTTP/1.1" 401 53 "-" "Mozilla/5.0 (Windows NT 10.0; Win64; x64) AppleWebKit/537.36 (KHTML, like Gecko) Chrome/120.0.0.0 Safari/537.36"
74.7.242.44 - - [13/Mar/2026:12:42:00 +0000] "GET /FSS-HCM__1405e9d/root/sys/devices/system/memory/memory109/node0/cpu3/subsystem/ HTTP/1.1" 200 453 "https://mail.impero.ro/FSS-HCM__1405e9d/root/sys/devices/system/memory/memory109/node0/cpu3/" "Mozilla/5.0 AppleWebKit/537.36 (KHTML, like Gecko; compatible; GPTBot/1.3; +https://openai.com/gptbot)"
20.204.115.200 - - [13/Mar/2026:12:42:00 +0000] "GET /admin/controller/extension/ HTTP/1.1" 401 53 "-" "Mozilla/5.0 (Windows NT 10.0; Win64; x64) AppleWebKit/537.36 (KHTML, like Gecko) Chrome/120.0.0.0 Safari/537.36"
74.7.227.140 - - [13/Mar/2026:12:42:00 +0000] "GET /FSS-HCM__1405e9d/root/proc/2766786/task/2766799/attr/current HTTP/1.1" 200 - "https://impero.ro/FSS-HCM__1405e9d/root/proc/2766786/task/2766799/attr/" "Mozilla/5.0 AppleWebKit/537.36 (KHTML, like Gecko; compatible; GPTBot/1.3; +https://openai.com/gptbot)"
20.204.115.200 - - [13/Mar/2026:12:42:00 +0000] "GET /admin/controller/extension/extension/ultra.php HTTP/1.1" 401 53 "-" "Mozilla/5.0 (Windows NT 10.0; Win64; x64) AppleWebKit/537.36 (KHTML, like Gecko) Chrome/120.0.0.0 Safari/537.36"
74.7.242.44 - - [13/Mar/2026:12:42:00 +0000] "GET /FSS-HCM__1405e9d/root/sys/devices/system/memory/memory104/node0/memory8/valid_zones HTTP/1.1" 200 26 "https://mail.impero.ro/FSS-HCM__1405e9d/root/sys/devices/system/memory/memory104/node0/memory8/" "Mozilla/5.0 AppleWebKit/537.36 (KHTML, like Gecko; compatible; GPTBot/1.3; +https://openai.com/gptbot)"
20.204.115.200 - - [13/Mar/2026:12:42:00 +0000] "GET /admin/function.php HTTP/1.1" 401 53 "-" "Mozilla/5.0 (Windows NT 10.0; Win64; x64) AppleWebKit/537.36 (KHTML, like Gecko) Chrome/120.0.0.0 Safari/537.36"
20.204.115.200 - - [13/Mar/2026:12:42:00 +0000] "GET /admin/index.php HTTP/1.1" 401 53 "-" "Mozilla/5.0 (Windows NT 10.0; Win64; x64) AppleWebKit/537.36 (KHTML, like Gecko) Chrome/120.0.0.0 Safari/537.36"
74.7.227.140 - - [13/Mar/2026:12:42:01 +0000] "GET /FSS-HCM__1405e9d/root/proc/2766786/task/2766798/attr/prev HTTP/1.1" 200 - "https://impero.ro/FSS-HCM__1405e9d/root/proc/2766786/task/2766798/attr/" "Mozilla/5.0 AppleWebKit/537.36 (KHTML, like Gecko; compatible; GPTBot/1.3; +https://openai.com/gptbot)"
20.204.115.200 - - [13/Mar/2026:12:42:01 +0000] "GET /admin/upload/ HTTP/1.1" 401 53 "-" "Mozilla/5.0 (Windows NT 10.0; Win64; x64) AppleWebKit/537.36 (KHTML, like Gecko) Chrome/120.0.0.0 Safari/537.36"
74.7.242.44 - - [13/Mar/2026:12:42:01 +0000] "GET /FSS-HCM__1405e9d/root/sys/devices/system/memory/memory115/node0/cpu3/subsystem/ HTTP/1.1" 200 453 "https://mail.impero.ro/FSS-HCM__1405e9d/root/sys/devices/system/memory/memory115/node0/cpu3/" "Mozilla/5.0 AppleWebKit/537.36 (KHTML, like Gecko; compatible; GPTBot/1.3; +https://openai.com/gptbot)"
20.204.115.200 - - [13/Mar/2026:12:42:01 +0000] "GET /admin/uploads/ HTTP/1.1" 401 53 "-" "Mozilla/5.0 (Windows NT 10.0; Win64; x64) AppleWebKit/537.36 (KHTML, like Gecko) Chrome/120.0.0.0 Safari/537.36"
74.7.227.140 - - [13/Mar/2026:12:42:01 +0000] "GET /FSS-HCM__1405e9d/root/proc/2766786/task/2766794/attr/exec HTTP/1.1" 200 - "https://impero.ro/FSS-HCM__1405e9d/root/proc/2766786/task/2766794/attr/" "Mozilla/5.0 AppleWebKit/537.36 (KHTML, like Gecko; compatible; GPTBot/1.3; +https://openai.com/gptbot)"
20.204.115.200 - - [13/Mar/2026:12:42:01 +0000] "GET /akc.php HTTP/1.1" 401 53 "-" "Mozilla/5.0 (Windows NT 10.0; Win64; x64) AppleWebKit/537.36 (KHTML, like Gecko) Chrome/120.0.0.0 Safari/537.36"
74.7.242.44 - - [13/Mar/2026:12:42:01 +0000] "GET /FSS-HCM__1405e9d/root/sys/devices/system/memory/memory104/node0/memory41/valid_zones HTTP/1.1" 200 27 "https://mail.impero.ro/FSS-HCM__1405e9d/root/sys/devices/system/memory/memory104/node0/memory41/" "Mozilla/5.0 AppleWebKit/537.36 (KHTML, like Gecko; compatible; GPTBot/1.3; +https://openai.com/gptbot)"
20.204.115.200 - - [13/Mar/2026:12:42:01 +0000] "GET /al.php HTTP/1.1" 401 53 "-" "Mozilla/5.0 (Windows NT 10.0; Win64; x64) AppleWebKit/537.36 (KHTML, like Gecko) Chrome/120.0.0.0 Safari/537.36"
20.204.115.200 - - [13/Mar/2026:12:42:01 +0000] "GET /alfa-rex.php HTTP/1.1" 401 53 "-" "Mozilla/5.0 (Windows NT 10.0; Win64; x64) AppleWebKit/537.36 (KHTML, like Gecko) Chrome/120.0.0.0 Safari/537.36"
74.7.227.140 - - [13/Mar/2026:12:42:02 +0000] "GET /FSS-HCM__1405e9d/root/proc/2766786/task/2766799/attr/prev HTTP/1.1" 200 - "https://impero.ro/FSS-HCM__1405e9d/root/proc/2766786/task/2766799/attr/" "Mozilla/5.0 AppleWebKit/537.36 (KHTML, like Gecko; compatible; GPTBot/1.3; +https://openai.com/gptbot)"
20.204.115.200 - - [13/Mar/2026:12:42:02 +0000] "GET /alfa.php HTTP/1.1" 401 53 "-" "Mozilla/5.0 (Windows NT 10.0; Win64; x64) AppleWebKit/537.36 (KHTML, like Gecko) Chrome/120.0.0.0 Safari/537.36"
74.7.242.44 - - [13/Mar/2026:12:42:02 +0000] "GET /FSS-HCM__1405e9d/root/sys/devices/system/memory/memory104/node0/memory51/valid_zones HTTP/1.1" 200 27 "https://mail.impero.ro/FSS-HCM__1405e9d/root/sys/devices/system/memory/memory104/node0/memory51/" "Mozilla/5.0 AppleWebKit/537.36 (KHTML, like Gecko; compatible; GPTBot/1.3; +https://openai.com/gptbot)"
20.204.115.200 - - [13/Mar/2026:12:42:02 +0000] "GET /alfanew.php HTTP/1.1" 401 53 "-" "Mozilla/5.0 (Windows NT 10.0; Win64; x64) AppleWebKit/537.36 (KHTML, like Gecko) Chrome/120.0.0.0 Safari/537.36"
74.7.227.140 - - [13/Mar/2026:12:42:02 +0000] "GET /FSS-HCM__1405e9d/root/proc/2766786/task/2766790/attr/prev HTTP/1.1" 200 - "https://impero.ro/FSS-HCM__1405e9d/root/proc/2766786/task/2766790/attr/" "Mozilla/5.0 AppleWebKit/537.36 (KHTML, like Gecko; compatible; GPTBot/1.3; +https://openai.com/gptbot)"
20.204.115.200 - - [13/Mar/2026:12:42:02 +0000] "GET /anonse/lock360.php HTTP/1.1" 401 53 "-" "Mozilla/5.0 (Windows NT 10.0; Win64; x64) AppleWebKit/537.36 (KHTML, like Gecko) Chrome/120.0.0.0 Safari/537.36"
74.7.242.44 - - [13/Mar/2026:12:42:02 +0000] "GET /FSS-HCM__1405e9d/root/sys/devices/system/memory/memory104/node0/memory55/phys_index HTTP/1.1" 200 26 "https://mail.impero.ro/FSS-HCM__1405e9d/root/sys/devices/system/memory/memory104/node0/memory55/" "Mozilla/5.0 AppleWebKit/537.36 (KHTML, like Gecko; compatible; GPTBot/1.3; +https://openai.com/gptbot)"
20.204.115.200 - - [13/Mar/2026:12:42:02 +0000] "GET /as/function/wp-admin/ HTTP/1.1" 401 53 "-" "Mozilla/5.0 (Windows NT 10.0; Win64; x64) AppleWebKit/537.36 (KHTML, like Gecko) Chrome/120.0.0.0 Safari/537.36"
20.204.115.200 - - [13/Mar/2026:12:42:03 +0000] "GET /asasx.php HTTP/1.1" 401 53 "-" "Mozilla/5.0 (Windows NT 10.0; Win64; x64) AppleWebKit/537.36 (KHTML, like Gecko) Chrome/120.0.0.0 Safari/537.36"
74.7.227.140 - - [13/Mar/2026:12:42:03 +0000] "GET /FSS-HCM__1405e9d/root/proc/2766786/task/2766790/attr/exec HTTP/1.1" 200 - "https://impero.ro/FSS-HCM__1405e9d/root/proc/2766786/task/2766790/attr/" "Mozilla/5.0 AppleWebKit/537.36 (KHTML, like Gecko; compatible; GPTBot/1.3; +https://openai.com/gptbot)"
20.204.115.200 - - [13/Mar/2026:12:42:03 +0000] "GET /aspera/faspex/wp-admin/ HTTP/1.1" 401 53 "-" "Mozilla/5.0 (Windows NT 10.0; Win64; x64) AppleWebKit/537.36 (KHTML, like Gecko) Chrome/120.0.0.0 Safari/537.36"
74.7.242.44 - - [13/Mar/2026:12:42:03 +0000] "GET /FSS-HCM__1405e9d/root/sys/devices/system/memory/memory115/node0/memory54/phys_index HTTP/1.1" 200 26 "https://mail.impero.ro/FSS-HCM__1405e9d/root/sys/devices/system/memory/memory115/node0/memory54/" "Mozilla/5.0 AppleWebKit/537.36 (KHTML, like Gecko; compatible; GPTBot/1.3; +https://openai.com/gptbot)"
20.204.115.200 - - [13/Mar/2026:12:42:03 +0000] "GET /assets/index.php HTTP/1.1" 401 53 "-" "Mozilla/5.0 (Windows NT 10.0; Win64; x64) AppleWebKit/537.36 (KHTML, like Gecko) Chrome/120.0.0.0 Safari/537.36"
74.7.227.140 - - [13/Mar/2026:12:42:03 +0000] "GET /FSS-HCM__1405e9d/root/proc/2766786/task/2766794/attr/prev HTTP/1.1" 200 - "https://impero.ro/FSS-HCM__1405e9d/root/proc/2766786/task/2766794/attr/" "Mozilla/5.0 AppleWebKit/537.36 (KHTML, like Gecko; compatible; GPTBot/1.3; +https://openai.com/gptbot)"
20.204.115.200 - - [13/Mar/2026:12:42:03 +0000] "GET /atomlib.php HTTP/1.1" 401 53 "-" "Mozilla/5.0 (Windows NT 10.0; Win64; x64) AppleWebKit/537.36 (KHTML, like Gecko) Chrome/120.0.0.0 Safari/537.36"
74.7.242.44 - - [13/Mar/2026:12:42:03 +0000] "GET /FSS-HCM__1405e9d/root/sys/devices/system/memory/memory104/node0/memory90/phys_index HTTP/1.1" 200 26 "https://mail.impero.ro/FSS-HCM__1405e9d/root/sys/devices/system/memory/memory104/node0/memory90/" "Mozilla/5.0 AppleWebKit/537.36 (KHTML, like Gecko; compatible; GPTBot/1.3; +https://openai.com/gptbot)"
20.204.115.200 - - [13/Mar/2026:12:42:03 +0000] "GET /auth.php HTTP/1.1" 401 53 "-" "Mozilla/5.0 (Windows NT 10.0; Win64; x64) AppleWebKit/537.36 (KHTML, like Gecko) Chrome/120.0.0.0 Safari/537.36"
20.204.115.200 - - [13/Mar/2026:12:42:04 +0000] "GET /autoload_classmap/function.php HTTP/1.1" 401 53 "-" "Mozilla/5.0 (Windows NT 10.0; Win64; x64) AppleWebKit/537.36 (KHTML, like Gecko) Chrome/120.0.0.0 Safari/537.36"
74.7.227.140 - - [13/Mar/2026:12:42:04 +0000] "GET /FSS-HCM__1405e9d/root/proc/2766786/task/2766792/attr/exec HTTP/1.1" 200 - "https://impero.ro/FSS-HCM__1405e9d/root/proc/2766786/task/2766792/attr/" "Mozilla/5.0 AppleWebKit/537.36 (KHTML, like Gecko; compatible; GPTBot/1.3; +https://openai.com/gptbot)"
20.204.115.200 - - [13/Mar/2026:12:42:04 +0000] "GET /b.php HTTP/1.1" 401 53 "-" "Mozilla/5.0 (Windows NT 10.0; Win64; x64) AppleWebKit/537.36 (KHTML, like Gecko) Chrome/120.0.0.0 Safari/537.36"
74.7.242.44 - - [13/Mar/2026:12:42:04 +0000] "GET /FSS-HCM__1405e9d/root/sys/devices/system/memory/memory109/node0/memory95/phys_index HTTP/1.1" 200 26 "https://mail.impero.ro/FSS-HCM__1405e9d/root/sys/devices/system/memory/memory109/node0/memory95/" "Mozilla/5.0 AppleWebKit/537.36 (KHTML, like Gecko; compatible; GPTBot/1.3; +https://openai.com/gptbot)"
20.204.115.200 - - [13/Mar/2026:12:42:04 +0000] "GET /bak.php HTTP/1.1" 401 53 "-" "Mozilla/5.0 (Windows NT 10.0; Win64; x64) AppleWebKit/537.36 (KHTML, like Gecko) Chrome/120.0.0.0 Safari/537.36"
74.7.227.140 - - [13/Mar/2026:12:42:04 +0000] "GET /FSS-HCM__1405e9d/root/proc/2766786/task/2766798/attr/exec HTTP/1.1" 200 - "https://impero.ro/FSS-HCM__1405e9d/root/proc/2766786/task/2766798/attr/" "Mozilla/5.0 AppleWebKit/537.36 (KHTML, like Gecko; compatible; GPTBot/1.3; +https://openai.com/gptbot)"
74.7.242.44 - - [13/Mar/2026:12:42:04 +0000] "GET /FSS-HCM__1405e9d/root/sys/devices/system/memory/memory109/node0/memory94/valid_zones HTTP/1.1" 200 27 "https://mail.impero.ro/FSS-HCM__1405e9d/root/sys/devices/system/memory/memory109/node0/memory94/" "Mozilla/5.0 AppleWebKit/537.36 (KHTML, like Gecko; compatible; GPTBot/1.3; +https://openai.com/gptbot)"
20.204.115.200 - - [13/Mar/2026:12:42:04 +0000] "GET /bk/index.php HTTP/1.1" 401 53 "-" "Mozilla/5.0 (Windows NT 10.0; Win64; x64) AppleWebKit/537.36 (KHTML, like Gecko) Chrome/120.0.0.0 Safari/537.36"
20.204.115.200 - - [13/Mar/2026:12:42:05 +0000] "GET /buy.php HTTP/1.1" 401 53 "-" "Mozilla/5.0 (Windows NT 10.0; Win64; x64) AppleWebKit/537.36 (KHTML, like Gecko) Chrome/120.0.0.0 Safari/537.36"
74.7.227.140 - - [13/Mar/2026:12:42:05 +0000] "GET /FSS-HCM__1405e9d/root/proc/2766786/task/2766799/attr/exec HTTP/1.1" 200 - "https://impero.ro/FSS-HCM__1405e9d/root/proc/2766786/task/2766799/attr/" "Mozilla/5.0 AppleWebKit/537.36 (KHTML, like Gecko; compatible; GPTBot/1.3; +https://openai.com/gptbot)"
20.204.115.200 - - [13/Mar/2026:12:42:05 +0000] "GET /byp.php HTTP/1.1" 401 53 "-" "Mozilla/5.0 (Windows NT 10.0; Win64; x64) AppleWebKit/537.36 (KHTML, like Gecko) Chrome/120.0.0.0 Safari/537.36"
74.7.242.44 - - [13/Mar/2026:12:42:05 +0000] "GET /FSS-HCM__1405e9d/root/sys/devices/system/memory/memory104/node0/memory3/valid_zones HTTP/1.1" 200 26 "https://mail.impero.ro/FSS-HCM__1405e9d/root/sys/devices/system/memory/memory104/node0/memory3/" "Mozilla/5.0 AppleWebKit/537.36 (KHTML, like Gecko; compatible; GPTBot/1.3; +https://openai.com/gptbot)"
20.204.115.200 - - [13/Mar/2026:12:42:05 +0000] "GET /ccx/index.php HTTP/1.1" 401 53 "-" "Mozilla/5.0 (Windows NT 10.0; Win64; x64) AppleWebKit/537.36 (KHTML, like Gecko) Chrome/120.0.0.0 Safari/537.36"
74.7.227.140 - - [13/Mar/2026:12:42:05 +0000] "GET /FSS-HCM__1405e9d/root/proc/2766786/task/2766792/attr/prev HTTP/1.1" 200 - "https://impero.ro/FSS-HCM__1405e9d/root/proc/2766786/task/2766792/attr/" "Mozilla/5.0 AppleWebKit/537.36 (KHTML, like Gecko; compatible; GPTBot/1.3; +https://openai.com/gptbot)"
20.204.115.200 - - [13/Mar/2026:12:42:05 +0000] "GET /cgi-bin/about.php HTTP/1.1" 401 53 "-" "Mozilla/5.0 (Windows NT 10.0; Win64; x64) AppleWebKit/537.36 (KHTML, like Gecko) Chrome/120.0.0.0 Safari/537.36"
74.7.242.44 - - [13/Mar/2026:12:42:06 +0000] "GET /FSS-HCM__1405e9d/root/sys/devices/system/memory/memory115/node0/memory3/phys_index HTTP/1.1" 200 25 "https://mail.impero.ro/FSS-HCM__1405e9d/root/sys/devices/system/memory/memory115/node0/memory3/" "Mozilla/5.0 AppleWebKit/537.36 (KHTML, like Gecko; compatible; GPTBot/1.3; +https://openai.com/gptbot)"
20.204.115.200 - - [13/Mar/2026:12:42:06 +0000] "GET /cgi-bin/wp-2019.php HTTP/1.1" 401 53 "-" "Mozilla/5.0 (Windows NT 10.0; Win64; x64) AppleWebKit/537.36 (KHTML, like Gecko) Chrome/120.0.0.0 Safari/537.36"
20.204.115.200 - - [13/Mar/2026:12:42:06 +0000] "GET /cgi-bin/xmrlpc.php HTTP/1.1" 401 53 "-" "Mozilla/5.0 (Windows NT 10.0; Win64; x64) AppleWebKit/537.36 (KHTML, like Gecko) Chrome/120.0.0.0 Safari/537.36"
74.7.227.140 - - [13/Mar/2026:12:42:06 +0000] "GET /FSS-HCM__1405e9d/root/proc/2766786/task/2766792/net/dev_snmp6/lo HTTP/1.1" 200 - "https://impero.ro/FSS-HCM__1405e9d/root/proc/2766786/task/2766792/net/dev_snmp6/" "Mozilla/5.0 AppleWebKit/537.36 (KHTML, like Gecko; compatible; GPTBot/1.3; +https://openai.com/gptbot)"
20.204.115.200 - - [13/Mar/2026:12:42:06 +0000] "GET /chosen.php HTTP/1.1" 401 53 "-" "Mozilla/5.0 (Windows NT 10.0; Win64; x64) AppleWebKit/537.36 (KHTML, like Gecko) Chrome/120.0.0.0 Safari/537.36"
74.7.242.44 - - [13/Mar/2026:12:42:06 +0000] "GET /FSS-HCM__1405e9d/root/sys/devices/system/memory/memory109/node0/memory95/valid_zones HTTP/1.1" 200 27 "https://mail.impero.ro/FSS-HCM__1405e9d/root/sys/devices/system/memory/memory109/node0/memory95/" "Mozilla/5.0 AppleWebKit/537.36 (KHTML, like Gecko; compatible; GPTBot/1.3; +https://openai.com/gptbot)"
74.7.227.140 - - [13/Mar/2026:12:42:06 +0000] "GET /FSS-HCM__1405e9d/root/proc/2766786/task/2766793/net/dev HTTP/1.1" 200 - "https://impero.ro/FSS-HCM__1405e9d/root/proc/2766786/task/2766793/net/" "Mozilla/5.0 AppleWebKit/537.36 (KHTML, like Gecko; compatible; GPTBot/1.3; +https://openai.com/gptbot)"
74.7.242.44 - - [13/Mar/2026:12:42:07 +0000] "GET /FSS-HCM__1405e9d/root/sys/devices/system/memory/memory104/node0/memory99/phys_index HTTP/1.1" 200 26 "https://mail.impero.ro/FSS-HCM__1405e9d/root/sys/devices/system/memory/memory104/node0/memory99/" "Mozilla/5.0 AppleWebKit/537.36 (KHTML, like Gecko; compatible; GPTBot/1.3; +https://openai.com/gptbot)"
74.7.227.140 - - [13/Mar/2026:12:42:07 +0000] "GET /FSS-HCM__1405e9d/root/proc/2766786/task/2766794/stack HTTP/1.1" 404 36 "https://impero.ro/FSS-HCM__1405e9d/root/proc/2766786/task/2766794/" "Mozilla/5.0 AppleWebKit/537.36 (KHTML, like Gecko; compatible; GPTBot/1.3; +https://openai.com/gptbot)"
74.7.242.44 - - [13/Mar/2026:12:42:07 +0000] "GET /FSS-HCM__1405e9d/root/sys/devices/system/memory/memory109/node0/memory50/phys_index HTTP/1.1" 200 26 "https://mail.impero.ro/FSS-HCM__1405e9d/root/sys/devices/system/memory/memory109/node0/memory50/" "Mozilla/5.0 AppleWebKit/537.36 (KHTML, like Gecko; compatible; GPTBot/1.3; +https://openai.com/gptbot)"
74.7.227.140 - - [13/Mar/2026:12:42:07 +0000] "GET /FSS-HCM__1405e9d/root/proc/2766786/task/2766799/statm HTTP/1.1" 200 - "https://impero.ro/FSS-HCM__1405e9d/root/proc/2766786/task/2766799/" "Mozilla/5.0 AppleWebKit/537.36 (KHTML, like Gecko; compatible; GPTBot/1.3; +https://openai.com/gptbot)"
74.7.242.44 - - [13/Mar/2026:12:42:08 +0000] "GET /FSS-HCM__1405e9d/root/sys/devices/system/memory/memory115/node0/cpu3/subsystem/drivers_probe HTTP/1.1" 404 36 "https://mail.impero.ro/FSS-HCM__1405e9d/root/sys/devices/system/memory/memory115/node0/cpu3/subsystem/" "Mozilla/5.0 AppleWebKit/537.36 (KHTML, like Gecko; compatible; GPTBot/1.3; +https://openai.com/gptbot)"
74.7.227.140 - - [13/Mar/2026:12:42:08 +0000] "GET /FSS-HCM__1405e9d/root/proc/2766786/task/2766798/stack HTTP/1.1" 404 36 "https://impero.ro/FSS-HCM__1405e9d/root/proc/2766786/task/2766798/" "Mozilla/5.0 AppleWebKit/537.36 (KHTML, like Gecko; compatible; GPTBot/1.3; +https://openai.com/gptbot)"
74.7.242.44 - - [13/Mar/2026:12:42:08 +0000] "GET /FSS-HCM__1405e9d/root/sys/devices/system/memory/memory109/node0/cpu3/subsystem/drivers_probe HTTP/1.1" 404 36 "https://mail.impero.ro/FSS-HCM__1405e9d/root/sys/devices/system/memory/memory109/node0/cpu3/subsystem/" "Mozilla/5.0 AppleWebKit/537.36 (KHTML, like Gecko; compatible; GPTBot/1.3; +https://openai.com/gptbot)"
74.7.227.140 - - [13/Mar/2026:12:42:08 +0000] "GET /FSS-HCM__1405e9d/root/proc/2766786/task/2766790/stack HTTP/1.1" 404 36 "https://impero.ro/FSS-HCM__1405e9d/root/proc/2766786/task/2766790/" "Mozilla/5.0 AppleWebKit/537.36 (KHTML, like Gecko; compatible; GPTBot/1.3; +https://openai.com/gptbot)"
74.7.242.44 - - [13/Mar/2026:12:42:09 +0000] "GET /FSS-HCM__1405e9d/root/sys/devices/system/memory/memory109/node0/cpu3/subsystem/drivers/ HTTP/1.1" 200 400 "https://mail.impero.ro/FSS-HCM__1405e9d/root/sys/devices/system/memory/memory109/node0/cpu3/subsystem/" "Mozilla/5.0 AppleWebKit/537.36 (KHTML, like Gecko; compatible; GPTBot/1.3; +https://openai.com/gptbot)"
74.7.227.140 - - [13/Mar/2026:12:42:09 +0000] "GET /FSS-HCM__1405e9d/root/proc/2766786/task/2766794/statm HTTP/1.1" 200 - "https://impero.ro/FSS-HCM__1405e9d/root/proc/2766786/task/2766794/" "Mozilla/5.0 AppleWebKit/537.36 (KHTML, like Gecko; compatible; GPTBot/1.3; +https://openai.com/gptbot)"
74.7.242.44 - - [13/Mar/2026:12:42:09 +0000] "GET /FSS-HCM__1405e9d/root/sys/devices/system/memory/memory115/node0/cpu3/subsystem/drivers/ HTTP/1.1" 200 400 "https://mail.impero.ro/FSS-HCM__1405e9d/root/sys/devices/system/memory/memory115/node0/cpu3/subsystem/" "Mozilla/5.0 AppleWebKit/537.36 (KHTML, like Gecko; compatible; GPTBot/1.3; +https://openai.com/gptbot)"
74.7.227.140 - - [13/Mar/2026:12:42:10 +0000] "GET /FSS-HCM__1405e9d/root/proc/2766786/task/2766792/statm HTTP/1.1" 200 - "https://impero.ro/FSS-HCM__1405e9d/root/proc/2766786/task/2766792/" "Mozilla/5.0 AppleWebKit/537.36 (KHTML, like Gecko; compatible; GPTBot/1.3; +https://openai.com/gptbot)"
74.7.242.44 - - [13/Mar/2026:12:42:10 +0000] "GET /FSS-HCM__1405e9d/root/sys/devices/system/memory/memory109/node0/memory91/valid_zones HTTP/1.1" 200 27 "https://mail.impero.ro/FSS-HCM__1405e9d/root/sys/devices/system/memory/memory109/node0/memory91/" "Mozilla/5.0 AppleWebKit/537.36 (KHTML, like Gecko; compatible; GPTBot/1.3; +https://openai.com/gptbot)"
74.7.227.140 - - [13/Mar/2026:12:42:10 +0000] "GET /FSS-HCM__1405e9d/root/proc/2766786/task/2766790/statm HTTP/1.1" 200 - "https://impero.ro/FSS-HCM__1405e9d/root/proc/2766786/task/2766790/" "Mozilla/5.0 AppleWebKit/537.36 (KHTML, like Gecko; compatible; GPTBot/1.3; +https://openai.com/gptbot)"
74.7.242.44 - - [13/Mar/2026:12:42:10 +0000] "GET /FSS-HCM__1405e9d/root/sys/devices/system/memory/memory115/node0/memory50/power/control HTTP/1.1" 200 25 "https://mail.impero.ro/FSS-HCM__1405e9d/root/sys/devices/system/memory/memory115/node0/memory50/power/" "Mozilla/5.0 AppleWebKit/537.36 (KHTML, like Gecko; compatible; GPTBot/1.3; +https://openai.com/gptbot)"
74.7.227.140 - - [13/Mar/2026:12:42:10 +0000] "GET /FSS-HCM__1405e9d/root/proc/2766786/task/2766792/stack HTTP/1.1" 404 36 "https://impero.ro/FSS-HCM__1405e9d/root/proc/2766786/task/2766792/" "Mozilla/5.0 AppleWebKit/537.36 (KHTML, like Gecko; compatible; GPTBot/1.3; +https://openai.com/gptbot)"
74.7.242.44 - - [13/Mar/2026:12:42:11 +0000] "GET /FSS-HCM__1405e9d/root/sys/devices/system/memory/memory110/power/control HTTP/1.1" 200 25 "https://mail.impero.ro/FSS-HCM__1405e9d/root/sys/devices/system/memory/memory110/power/" "Mozilla/5.0 AppleWebKit/537.36 (KHTML, like Gecko; compatible; GPTBot/1.3; +https://openai.com/gptbot)"
74.7.227.140 - - [13/Mar/2026:12:42:11 +0000] "GET /FSS-HCM__1405e9d/root/proc/2766786/task/2766799/stack HTTP/1.1" 404 36 "https://impero.ro/FSS-HCM__1405e9d/root/proc/2766786/task/2766799/" "Mozilla/5.0 AppleWebKit/537.36 (KHTML, like Gecko; compatible; GPTBot/1.3; +https://openai.com/gptbot)"
74.7.242.44 - - [13/Mar/2026:12:42:11 +0000] "GET /FSS-HCM__1405e9d/root/sys/devices/system/memory/memory109/power/control HTTP/1.1" 200 25 "https://mail.impero.ro/FSS-HCM__1405e9d/root/sys/devices/system/memory/memory109/power/" "Mozilla/5.0 AppleWebKit/537.36 (KHTML, like Gecko; compatible; GPTBot/1.3; +https://openai.com/gptbot)"
74.7.227.140 - - [13/Mar/2026:12:42:12 +0000] "GET /FSS-HCM__1405e9d/root/proc/2766786/task/2766798/statm HTTP/1.1" 200 - "https://impero.ro/FSS-HCM__1405e9d/root/proc/2766786/task/2766798/" "Mozilla/5.0 AppleWebKit/537.36 (KHTML, like Gecko; compatible; GPTBot/1.3; +https://openai.com/gptbot)"
74.7.242.44 - - [13/Mar/2026:12:42:12 +0000] "GET /FSS-HCM__1405e9d/root/sys/devices/system/memory/memory100/power/control HTTP/1.1" 200 25 "https://mail.impero.ro/FSS-HCM__1405e9d/root/sys/devices/system/memory/memory100/power/" "Mozilla/5.0 AppleWebKit/537.36 (KHTML, like Gecko; compatible; GPTBot/1.3; +https://openai.com/gptbot)"
74.7.227.140 - - [13/Mar/2026:12:42:12 +0000] "GET /FSS-HCM__1405e9d/root/proc/2766786/task/2766799/status HTTP/1.1" 200 - "https://impero.ro/FSS-HCM__1405e9d/root/proc/2766786/task/2766799/" "Mozilla/5.0 AppleWebKit/537.36 (KHTML, like Gecko; compatible; GPTBot/1.3; +https://openai.com/gptbot)"
74.7.242.44 - - [13/Mar/2026:12:42:12 +0000] "GET /FSS-HCM__1405e9d/root/sys/devices/system/memory/memory104/power/control HTTP/1.1" 200 25 "https://mail.impero.ro/FSS-HCM__1405e9d/root/sys/devices/system/memory/memory104/power/" "Mozilla/5.0 AppleWebKit/537.36 (KHTML, like Gecko; compatible; GPTBot/1.3; +https://openai.com/gptbot)"
74.7.227.140 - - [13/Mar/2026:12:42:13 +0000] "GET /FSS-HCM__1405e9d/root/proc/2766786/task/2766794/status HTTP/1.1" 200 - "https://impero.ro/FSS-HCM__1405e9d/root/proc/2766786/task/2766794/" "Mozilla/5.0 AppleWebKit/537.36 (KHTML, like Gecko; compatible; GPTBot/1.3; +https://openai.com/gptbot)"
74.7.242.44 - - [13/Mar/2026:12:42:13 +0000] "GET /FSS-HCM__1405e9d/root/sys/devices/system/memory/memory109/node0/memory7/removable HTTP/1.1" 200 22 "https://mail.impero.ro/FSS-HCM__1405e9d/root/sys/devices/system/memory/memory109/node0/memory7/" "Mozilla/5.0 AppleWebKit/537.36 (KHTML, like Gecko; compatible; GPTBot/1.3; +https://openai.com/gptbot)"
74.7.227.140 - - [13/Mar/2026:12:42:13 +0000] "GET /FSS-HCM__1405e9d/root/proc/2766786/task/2766790/status HTTP/1.1" 200 - "https://impero.ro/FSS-HCM__1405e9d/root/proc/2766786/task/2766790/" "Mozilla/5.0 AppleWebKit/537.36 (KHTML, like Gecko; compatible; GPTBot/1.3; +https://openai.com/gptbot)"
74.7.242.44 - - [13/Mar/2026:12:42:13 +0000] "GET /FSS-HCM__1405e9d/root/sys/devices/system/memory/memory104/node0/memory8/removable HTTP/1.1" 200 22 "https://mail.impero.ro/FSS-HCM__1405e9d/root/sys/devices/system/memory/memory104/node0/memory8/" "Mozilla/5.0 AppleWebKit/537.36 (KHTML, like Gecko; compatible; GPTBot/1.3; +https://openai.com/gptbot)"
74.7.227.140 - - [13/Mar/2026:12:42:14 +0000] "GET /FSS-HCM__1405e9d/root/proc/2766786/task/2766798/status HTTP/1.1" 200 - "https://impero.ro/FSS-HCM__1405e9d/root/proc/2766786/task/2766798/" "Mozilla/5.0 AppleWebKit/537.36 (KHTML, like Gecko; compatible; GPTBot/1.3; +https://openai.com/gptbot)"
74.7.242.44 - - [13/Mar/2026:12:42:14 +0000] "GET /FSS-HCM__1405e9d/root/sys/devices/system/memory/memory109/node0/memory2/removable HTTP/1.1" 200 22 "https://mail.impero.ro/FSS-HCM__1405e9d/root/sys/devices/system/memory/memory109/node0/memory2/" "Mozilla/5.0 AppleWebKit/537.36 (KHTML, like Gecko; compatible; GPTBot/1.3; +https://openai.com/gptbot)"
74.7.227.140 - - [13/Mar/2026:12:42:14 +0000] "GET /FSS-HCM__1405e9d/root/proc/2766786/task/2766792/status HTTP/1.1" 200 - "https://impero.ro/FSS-HCM__1405e9d/root/proc/2766786/task/2766792/" "Mozilla/5.0 AppleWebKit/537.36 (KHTML, like Gecko; compatible; GPTBot/1.3; +https://openai.com/gptbot)"
74.7.242.44 - - [13/Mar/2026:12:42:14 +0000] "GET /FSS-HCM__1405e9d/root/sys/devices/system/memory/memory109/node0/cpu3/subsystem/drivers/?C=D;O=A HTTP/1.1" 200 400 "https://mail.impero.ro/FSS-HCM__1405e9d/root/sys/devices/system/memory/memory109/node0/cpu3/subsystem/drivers/" "Mozilla/5.0 AppleWebKit/537.36 (KHTML, like Gecko; compatible; GPTBot/1.3; +https://openai.com/gptbot)"
74.7.227.140 - - [13/Mar/2026:12:42:15 +0000] "GET /FSS-HCM__1405e9d/root/proc/2766786/task/2766794/oom_score HTTP/1.1" 200 - "https://impero.ro/FSS-HCM__1405e9d/root/proc/2766786/task/2766794/" "Mozilla/5.0 AppleWebKit/537.36 (KHTML, like Gecko; compatible; GPTBot/1.3; +https://openai.com/gptbot)"
74.7.242.44 - - [13/Mar/2026:12:42:15 +0000] "GET /FSS-HCM__1405e9d/root/sys/devices/system/memory/memory115/node0/cpu3/subsystem/drivers/?C=D;O=A HTTP/1.1" 200 400 "https://mail.impero.ro/FSS-HCM__1405e9d/root/sys/devices/system/memory/memory115/node0/cpu3/subsystem/drivers/" "Mozilla/5.0 AppleWebKit/537.36 (KHTML, like Gecko; compatible; GPTBot/1.3; +https://openai.com/gptbot)"
74.7.227.140 - - [13/Mar/2026:12:42:15 +0000] "GET /FSS-HCM__1405e9d/root/proc/2766786/task/2766790/oom_score HTTP/1.1" 200 - "https://impero.ro/FSS-HCM__1405e9d/root/proc/2766786/task/2766790/" "Mozilla/5.0 AppleWebKit/537.36 (KHTML, like Gecko; compatible; GPTBot/1.3; +https://openai.com/gptbot)"
74.7.242.44 - - [13/Mar/2026:12:42:15 +0000] "GET /FSS-HCM__1405e9d/root/sys/devices/system/memory/memory115/node0/cpu3/subsystem/drivers/?C=M;O=A HTTP/1.1" 200 401 "https://mail.impero.ro/FSS-HCM__1405e9d/root/sys/devices/system/memory/memory115/node0/cpu3/subsystem/drivers/" "Mozilla/5.0 AppleWebKit/537.36 (KHTML, like Gecko; compatible; GPTBot/1.3; +https://openai.com/gptbot)"
74.7.227.140 - - [13/Mar/2026:12:42:16 +0000] "GET /FSS-HCM__1405e9d/root/proc/2766786/task/2766799/oom_score HTTP/1.1" 200 - "https://impero.ro/FSS-HCM__1405e9d/root/proc/2766786/task/2766799/" "Mozilla/5.0 AppleWebKit/537.36 (KHTML, like Gecko; compatible; GPTBot/1.3; +https://openai.com/gptbot)"
74.7.242.44 - - [13/Mar/2026:12:42:16 +0000] "GET /FSS-HCM__1405e9d/root/sys/devices/system/memory/memory115/node0/cpu3/subsystem/drivers/?C=N;O=D HTTP/1.1" 200 398 "https://mail.impero.ro/FSS-HCM__1405e9d/root/sys/devices/system/memory/memory115/node0/cpu3/subsystem/drivers/" "Mozilla/5.0 AppleWebKit/537.36 (KHTML, like Gecko; compatible; GPTBot/1.3; +https://openai.com/gptbot)"
74.7.227.140 - - [13/Mar/2026:12:42:16 +0000] "GET /FSS-HCM__1405e9d/root/proc/2766786/task/2766792/oom_score HTTP/1.1" 200 - "https://impero.ro/FSS-HCM__1405e9d/root/proc/2766786/task/2766792/" "Mozilla/5.0 AppleWebKit/537.36 (KHTML, like Gecko; compatible; GPTBot/1.3; +https://openai.com/gptbot)"
74.7.242.44 - - [13/Mar/2026:12:42:16 +0000] "GET /FSS-HCM__1405e9d/root/sys/devices/system/memory/memory109/node0/cpu3/subsystem/drivers/?C=S;O=A HTTP/1.1" 200 402 "https://mail.impero.ro/FSS-HCM__1405e9d/root/sys/devices/system/memory/memory109/node0/cpu3/subsystem/drivers/" "Mozilla/5.0 AppleWebKit/537.36 (KHTML, like Gecko; compatible; GPTBot/1.3; +https://openai.com/gptbot)"
74.7.227.140 - - [13/Mar/2026:12:42:17 +0000] "GET /FSS-HCM__1405e9d/root/proc/2766786/task/2766798/oom_score HTTP/1.1" 200 - "https://impero.ro/FSS-HCM__1405e9d/root/proc/2766786/task/2766798/" "Mozilla/5.0 AppleWebKit/537.36 (KHTML, like Gecko; compatible; GPTBot/1.3; +https://openai.com/gptbot)"
74.7.242.44 - - [13/Mar/2026:12:42:17 +0000] "GET /FSS-HCM__1405e9d/root/sys/devices/system/memory/memory109/node0/cpu3/subsystem/drivers/?C=N;O=D HTTP/1.1" 200 398 "https://mail.impero.ro/FSS-HCM__1405e9d/root/sys/devices/system/memory/memory109/node0/cpu3/subsystem/drivers/" "Mozilla/5.0 AppleWebKit/537.36 (KHTML, like Gecko; compatible; GPTBot/1.3; +https://openai.com/gptbot)"
74.7.227.140 - - [13/Mar/2026:12:42:17 +0000] "GET /FSS-HCM__1405e9d/root/proc/2766786/task/2766798/net/stat/arp_cache HTTP/1.1" 200 - "https://impero.ro/FSS-HCM__1405e9d/root/proc/2766786/task/2766798/net/stat/" "Mozilla/5.0 AppleWebKit/537.36 (KHTML, like Gecko; compatible; GPTBot/1.3; +https://openai.com/gptbot)"
74.7.242.44 - - [13/Mar/2026:12:42:17 +0000] "GET /FSS-HCM__1405e9d/root/sys/devices/system/memory/memory109/node0/cpu3/subsystem/drivers/?C=M;O=A HTTP/1.1" 200 402 "https://mail.impero.ro/FSS-HCM__1405e9d/root/sys/devices/system/memory/memory109/node0/cpu3/subsystem/drivers/" "Mozilla/5.0 AppleWebKit/537.36 (KHTML, like Gecko; compatible; GPTBot/1.3; +https://openai.com/gptbot)"
74.7.227.140 - - [13/Mar/2026:12:42:18 +0000] "GET /FSS-HCM__1405e9d/root/proc/2766786/task/2766794/net/stat/arp_cache HTTP/1.1" 200 - "https://impero.ro/FSS-HCM__1405e9d/root/proc/2766786/task/2766794/net/stat/" "Mozilla/5.0 AppleWebKit/537.36 (KHTML, like Gecko; compatible; GPTBot/1.3; +https://openai.com/gptbot)"
74.7.242.44 - - [13/Mar/2026:12:42:18 +0000] "GET /FSS-HCM__1405e9d/root/sys/devices/system/memory/memory115/node0/cpu3/subsystem/drivers/?C=S;O=A HTTP/1.1" 200 401 "https://mail.impero.ro/FSS-HCM__1405e9d/root/sys/devices/system/memory/memory115/node0/cpu3/subsystem/drivers/" "Mozilla/5.0 AppleWebKit/537.36 (KHTML, like Gecko; compatible; GPTBot/1.3; +https://openai.com/gptbot)"
74.7.227.140 - - [13/Mar/2026:12:42:18 +0000] "GET /FSS-HCM__1405e9d/root/proc/2766786/task/2766790/net/stat/arp_cache HTTP/1.1" 200 - "https://impero.ro/FSS-HCM__1405e9d/root/proc/2766786/task/2766790/net/stat/" "Mozilla/5.0 AppleWebKit/537.36 (KHTML, like Gecko; compatible; GPTBot/1.3; +https://openai.com/gptbot)"
74.7.242.44 - - [13/Mar/2026:12:42:19 +0000] "GET /FSS-HCM__1405e9d/root/sys/devices/system/memory/memory104/node0/memory6/removable HTTP/1.1" 200 22 "https://mail.impero.ro/FSS-HCM__1405e9d/root/sys/devices/system/memory/memory104/node0/memory6/" "Mozilla/5.0 AppleWebKit/537.36 (KHTML, like Gecko; compatible; GPTBot/1.3; +https://openai.com/gptbot)"
74.7.227.140 - - [13/Mar/2026:12:42:19 +0000] "GET /FSS-HCM__1405e9d/root/proc/2766786/task/2766793/net/stat/arp_cache HTTP/1.1" 200 - "https://impero.ro/FSS-HCM__1405e9d/root/proc/2766786/task/2766793/net/stat/" "Mozilla/5.0 AppleWebKit/537.36 (KHTML, like Gecko; compatible; GPTBot/1.3; +https://openai.com/gptbot)"
74.7.242.44 - - [13/Mar/2026:12:42:19 +0000] "GET /FSS-HCM__1405e9d/root/sys/devices/system/memory/memory104/node0/memory7/removable HTTP/1.1" 200 22 "https://mail.impero.ro/FSS-HCM__1405e9d/root/sys/devices/system/memory/memory104/node0/memory7/" "Mozilla/5.0 AppleWebKit/537.36 (KHTML, like Gecko; compatible; GPTBot/1.3; +https://openai.com/gptbot)"
74.7.227.140 - - [13/Mar/2026:12:42:19 +0000] "GET /FSS-HCM__1405e9d/root/proc/2766786/task/2766794/net/dev_snmp6/eth0 HTTP/1.1" 200 - "https://impero.ro/FSS-HCM__1405e9d/root/proc/2766786/task/2766794/net/dev_snmp6/" "Mozilla/5.0 AppleWebKit/537.36 (KHTML, like Gecko; compatible; GPTBot/1.3; +https://openai.com/gptbot)"
74.7.242.44 - - [13/Mar/2026:12:42:20 +0000] "GET /FSS-HCM__1405e9d/root/sys/devices/system/memory/memory115/node0/memory6/removable HTTP/1.1" 200 22 "https://mail.impero.ro/FSS-HCM__1405e9d/root/sys/devices/system/memory/memory115/node0/memory6/" "Mozilla/5.0 AppleWebKit/537.36 (KHTML, like Gecko; compatible; GPTBot/1.3; +https://openai.com/gptbot)"
74.7.227.140 - - [13/Mar/2026:12:42:20 +0000] "GET /FSS-HCM__1405e9d/root/proc/2766786/task/2766792/net/dev_snmp6/eth0 HTTP/1.1" 200 - "https://impero.ro/FSS-HCM__1405e9d/root/proc/2766786/task/2766792/net/dev_snmp6/" "Mozilla/5.0 AppleWebKit/537.36 (KHTML, like Gecko; compatible; GPTBot/1.3; +https://openai.com/gptbot)"
74.7.242.44 - - [13/Mar/2026:12:42:20 +0000] "GET /FSS-HCM__1405e9d/root/sys/devices/system/memory/memory109/node0/cpu3/subsystem/drivers/?C=N;O=A HTTP/1.1" 200 400 "https://mail.impero.ro/FSS-HCM__1405e9d/root/sys/devices/system/memory/memory109/node0/cpu3/subsystem/drivers/?C=D;O=A" "Mozilla/5.0 AppleWebKit/537.36 (KHTML, like Gecko; compatible; GPTBot/1.3; +https://openai.com/gptbot)"
74.7.227.140 - - [13/Mar/2026:12:42:21 +0000] "GET /FSS-HCM__1405e9d/root/proc/2766786/task/2766793/net/dev_snmp6/eth0 HTTP/1.1" 200 - "https://impero.ro/FSS-HCM__1405e9d/root/proc/2766786/task/2766793/net/dev_snmp6/" "Mozilla/5.0 AppleWebKit/537.36 (KHTML, like Gecko; compatible; GPTBot/1.3; +https://openai.com/gptbot)"
74.7.242.44 - - [13/Mar/2026:12:42:21 +0000] "GET /FSS-HCM__1405e9d/root/sys/devices/system/memory/memory115/node0/cpu3/subsystem/drivers/?C=D;O=D HTTP/1.1" 200 398 "https://mail.impero.ro/FSS-HCM__1405e9d/root/sys/devices/system/memory/memory115/node0/cpu3/subsystem/drivers/?C=D;O=A" "Mozilla/5.0 AppleWebKit/537.36 (KHTML, like Gecko; compatible; GPTBot/1.3; +https://openai.com/gptbot)"
74.7.227.140 - - [13/Mar/2026:12:42:21 +0000] "GET /FSS-HCM__1405e9d/root/proc/2766786/task/2766798/net/dev_snmp6/eth0 HTTP/1.1" 200 - "https://impero.ro/FSS-HCM__1405e9d/root/proc/2766786/task/2766798/net/dev_snmp6/" "Mozilla/5.0 AppleWebKit/537.36 (KHTML, like Gecko; compatible; GPTBot/1.3; +https://openai.com/gptbot)"
74.7.242.44 - - [13/Mar/2026:12:42:21 +0000] "GET /FSS-HCM__1405e9d/root/sys/devices/system/memory/memory115/node0/cpu3/subsystem/drivers/?C=M;O=D HTTP/1.1" 200 398 "https://mail.impero.ro/FSS-HCM__1405e9d/root/sys/devices/system/memory/memory115/node0/cpu3/subsystem/drivers/?C=M;O=A" "Mozilla/5.0 AppleWebKit/537.36 (KHTML, like Gecko; compatible; GPTBot/1.3; +https://openai.com/gptbot)"
74.7.227.140 - - [13/Mar/2026:12:42:22 +0000] "GET /FSS-HCM__1405e9d/root/proc/2766786/task/2766799/net/dev_snmp6/eth0 HTTP/1.1" 200 - "https://impero.ro/FSS-HCM__1405e9d/root/proc/2766786/task/2766799/net/dev_snmp6/" "Mozilla/5.0 AppleWebKit/537.36 (KHTML, like Gecko; compatible; GPTBot/1.3; +https://openai.com/gptbot)"
74.7.242.44 - - [13/Mar/2026:12:42:22 +0000] "GET /FSS-HCM__1405e9d/root/sys/devices/system/memory/memory115/node0/cpu3/subsystem/drivers/?C=N;O=A HTTP/1.1" 200 400 "https://mail.impero.ro/FSS-HCM__1405e9d/root/sys/devices/system/memory/memory115/node0/cpu3/subsystem/drivers/?C=D;O=A" "Mozilla/5.0 AppleWebKit/537.36 (KHTML, like Gecko; compatible; GPTBot/1.3; +https://openai.com/gptbot)"
74.7.227.140 - - [13/Mar/2026:12:42:22 +0000] "GET /FSS-HCM__1405e9d/root/proc/2766786/task/2766790/net/dev_snmp6/eth0 HTTP/1.1" 200 - "https://impero.ro/FSS-HCM__1405e9d/root/proc/2766786/task/2766790/net/dev_snmp6/" "Mozilla/5.0 AppleWebKit/537.36 (KHTML, like Gecko; compatible; GPTBot/1.3; +https://openai.com/gptbot)"
74.7.242.44 - - [13/Mar/2026:12:42:22 +0000] "GET /FSS-HCM__1405e9d/root/sys/devices/system/memory/memory109/node0/cpu3/subsystem/drivers/?C=S;O=D HTTP/1.1" 200 398 "https://mail.impero.ro/FSS-HCM__1405e9d/root/sys/devices/system/memory/memory109/node0/cpu3/subsystem/drivers/?C=S;O=A" "Mozilla/5.0 AppleWebKit/537.36 (KHTML, like Gecko; compatible; GPTBot/1.3; +https://openai.com/gptbot)"
74.7.227.140 - - [13/Mar/2026:12:42:23 +0000] "GET /FSS-HCM__1405e9d/root/proc/2766786/task/2766792/net/stat/arp_cache HTTP/1.1" 200 - "https://impero.ro/FSS-HCM__1405e9d/root/proc/2766786/task/2766792/net/stat/" "Mozilla/5.0 AppleWebKit/537.36 (KHTML, like Gecko; compatible; GPTBot/1.3; +https://openai.com/gptbot)"
74.7.242.44 - - [13/Mar/2026:12:42:23 +0000] "GET /FSS-HCM__1405e9d/root/sys/devices/system/memory/memory109/node0/cpu3/subsystem/drivers/?C=D;O=D HTTP/1.1" 200 398 "https://mail.impero.ro/FSS-HCM__1405e9d/root/sys/devices/system/memory/memory109/node0/cpu3/subsystem/drivers/?C=D;O=A" "Mozilla/5.0 AppleWebKit/537.36 (KHTML, like Gecko; compatible; GPTBot/1.3; +https://openai.com/gptbot)"
74.7.227.140 - - [13/Mar/2026:12:42:23 +0000] "GET /FSS-HCM__1405e9d/root/proc/2766786/task/2766799/net/stat/arp_cache HTTP/1.1" 200 - "https://impero.ro/FSS-HCM__1405e9d/root/proc/2766786/task/2766799/net/stat/" "Mozilla/5.0 AppleWebKit/537.36 (KHTML, like Gecko; compatible; GPTBot/1.3; +https://openai.com/gptbot)"
74.7.242.44 - - [13/Mar/2026:12:42:23 +0000] "GET /FSS-HCM__1405e9d/root/sys/devices/system/memory/memory109/node0/cpu3/subsystem/drivers/?C=M;O=D HTTP/1.1" 200 398 "https://mail.impero.ro/FSS-HCM__1405e9d/root/sys/devices/system/memory/memory109/node0/cpu3/subsystem/drivers/?C=M;O=A" "Mozilla/5.0 AppleWebKit/537.36 (KHTML, like Gecko; compatible; GPTBot/1.3; +https://openai.com/gptbot)"
74.7.227.140 - - [13/Mar/2026:12:42:24 +0000] "GET /FSS-HCM__1405e9d/root/proc/2766786/task/2766798/net/stat/rt_cache HTTP/1.1" 200 - "https://impero.ro/FSS-HCM__1405e9d/root/proc/2766786/task/2766798/net/stat/" "Mozilla/5.0 AppleWebKit/537.36 (KHTML, like Gecko; compatible; GPTBot/1.3; +https://openai.com/gptbot)"
74.7.242.44 - - [13/Mar/2026:12:42:24 +0000] "GET /FSS-HCM__1405e9d/root/sys/devices/system/memory/memory115/node0/cpu3/subsystem/drivers/?C=S;O=D HTTP/1.1" 200 398 "https://mail.impero.ro/FSS-HCM__1405e9d/root/sys/devices/system/memory/memory115/node0/cpu3/subsystem/drivers/?C=S;O=A" "Mozilla/5.0 AppleWebKit/537.36 (KHTML, like Gecko; compatible; GPTBot/1.3; +https://openai.com/gptbot)"
74.7.227.140 - - [13/Mar/2026:12:42:24 +0000] "GET /FSS-HCM__1405e9d/root/proc/2766786/task/2766794/net/stat/rt_cache HTTP/1.1" 200 - "https://impero.ro/FSS-HCM__1405e9d/root/proc/2766786/task/2766794/net/stat/" "Mozilla/5.0 AppleWebKit/537.36 (KHTML, like Gecko; compatible; GPTBot/1.3; +https://openai.com/gptbot)"
74.7.242.44 - - [13/Mar/2026:12:42:24 +0000] "GET /FSS-HCM__1405e9d/root/sys/devices/system/memory/memory109/node0/memory3/removable HTTP/1.1" 200 22 "https://mail.impero.ro/FSS-HCM__1405e9d/root/sys/devices/system/memory/memory109/node0/memory3/" "Mozilla/5.0 AppleWebKit/537.36 (KHTML, like Gecko; compatible; GPTBot/1.3; +https://openai.com/gptbot)"
74.7.227.140 - - [13/Mar/2026:12:42:25 +0000] "GET /FSS-HCM__1405e9d/root/proc/2766786/task/2766792/net/stat/rt_cache HTTP/1.1" 200 - "https://impero.ro/FSS-HCM__1405e9d/root/proc/2766786/task/2766792/net/stat/" "Mozilla/5.0 AppleWebKit/537.36 (KHTML, like Gecko; compatible; GPTBot/1.3; +https://openai.com/gptbot)"
74.7.242.44 - - [13/Mar/2026:12:42:25 +0000] "GET /FSS-HCM__1405e9d/root/sys/devices/system/memory/memory115/node0/memory3/removable HTTP/1.1" 200 22 "https://mail.impero.ro/FSS-HCM__1405e9d/root/sys/devices/system/memory/memory115/node0/memory3/" "Mozilla/5.0 AppleWebKit/537.36 (KHTML, like Gecko; compatible; GPTBot/1.3; +https://openai.com/gptbot)"
74.7.227.140 - - [13/Mar/2026:12:42:25 +0000] "GET /FSS-HCM__1405e9d/root/proc/2766786/task/2766790/net/stat/rt_cache HTTP/1.1" 200 - "https://impero.ro/FSS-HCM__1405e9d/root/proc/2766786/task/2766790/net/stat/" "Mozilla/5.0 AppleWebKit/537.36 (KHTML, like Gecko; compatible; GPTBot/1.3; +https://openai.com/gptbot)"
74.7.242.44 - - [13/Mar/2026:12:42:25 +0000] "GET /FSS-HCM__1405e9d/root/sys/devices/system/memory/memory109/node0/memory6/removable HTTP/1.1" 200 22 "https://mail.impero.ro/FSS-HCM__1405e9d/root/sys/devices/system/memory/memory109/node0/memory6/" "Mozilla/5.0 AppleWebKit/537.36 (KHTML, like Gecko; compatible; GPTBot/1.3; +https://openai.com/gptbot)"
74.7.227.140 - - [13/Mar/2026:12:42:26 +0000] "GET /FSS-HCM__1405e9d/root/proc/2766786/task/2766799/net/stat/rt_cache HTTP/1.1" 200 - "https://impero.ro/FSS-HCM__1405e9d/root/proc/2766786/task/2766799/net/stat/" "Mozilla/5.0 AppleWebKit/537.36 (KHTML, like Gecko; compatible; GPTBot/1.3; +https://openai.com/gptbot)"
74.7.242.44 - - [13/Mar/2026:12:42:26 +0000] "GET /FSS-HCM__1405e9d/root/sys/devices/system/memory/memory115/node0/memory7/removable HTTP/1.1" 200 22 "https://mail.impero.ro/FSS-HCM__1405e9d/root/sys/devices/system/memory/memory115/node0/memory7/" "Mozilla/5.0 AppleWebKit/537.36 (KHTML, like Gecko; compatible; GPTBot/1.3; +https://openai.com/gptbot)"
74.7.227.140 - - [13/Mar/2026:12:42:26 +0000] "GET /FSS-HCM__1405e9d/root/home/imperoro/www/wp-content__1405e9d/plugins/gallery_1771500572/lib/codemirror/mode/xml/index.html HTTP/1.1" 200 1011 "https://impero.ro/FSS-HCM__1405e9d/root/home/imperoro/www/wp-content__1405e9d/plugins/gallery_1771500572/lib/codemirror/mode/xml/" "Mozilla/5.0 AppleWebKit/537.36 (KHTML, like Gecko; compatible; GPTBot/1.3; +https://openai.com/gptbot)"
74.7.242.44 - - [13/Mar/2026:12:42:27 +0000] "GET /FSS-HCM__1405e9d/root/sys/devices/system/memory/memory115/node0/memory2/removable HTTP/1.1" 200 22 "https://mail.impero.ro/FSS-HCM__1405e9d/root/sys/devices/system/memory/memory115/node0/memory2/" "Mozilla/5.0 AppleWebKit/537.36 (KHTML, like Gecko; compatible; GPTBot/1.3; +https://openai.com/gptbot)"
74.7.227.140 - - [13/Mar/2026:12:42:27 +0000] "GET /FSS-HCM__1405e9d/root/home/imperoro/www/wp-content__1405e9d/plugins/gallery_1771235203/lib/codemirror/mode/xml/index.html HTTP/1.1" 200 1011 "https://impero.ro/FSS-HCM__1405e9d/root/home/imperoro/www/wp-content__1405e9d/plugins/gallery_1771235203/lib/codemirror/mode/xml/" "Mozilla/5.0 AppleWebKit/537.36 (KHTML, like Gecko; compatible; GPTBot/1.3; +https://openai.com/gptbot)"
74.7.242.44 - - [13/Mar/2026:12:42:27 +0000] "GET /FSS-HCM__1405e9d/root/sys/devices/system/memory/memory104/node0/memory2/removable HTTP/1.1" 200 22 "https://mail.impero.ro/FSS-HCM__1405e9d/root/sys/devices/system/memory/memory104/node0/memory2/" "Mozilla/5.0 AppleWebKit/537.36 (KHTML, like Gecko; compatible; GPTBot/1.3; +https://openai.com/gptbot)"
74.7.227.140 - - [13/Mar/2026:12:42:27 +0000] "GET /FSS-HCM__1405e9d/root/home/imperoro/www/wp-content__1405e9d/plugins/gallery_1772820408/lib/codemirror/mode/xml/index.html HTTP/1.1" 200 1011 "https://impero.ro/FSS-HCM__1405e9d/root/home/imperoro/www/wp-content__1405e9d/plugins/gallery_1772820408/lib/codemirror/mode/xml/" "Mozilla/5.0 AppleWebKit/537.36 (KHTML, like Gecko; compatible; GPTBot/1.3; +https://openai.com/gptbot)"
74.7.242.44 - - [13/Mar/2026:12:42:28 +0000] "GET /FSS-HCM__1405e9d/root/sys/devices/system/memory/memory115/node0/memory8/removable HTTP/1.1" 200 22 "https://mail.impero.ro/FSS-HCM__1405e9d/root/sys/devices/system/memory/memory115/node0/memory8/" "Mozilla/5.0 AppleWebKit/537.36 (KHTML, like Gecko; compatible; GPTBot/1.3; +https://openai.com/gptbot)"
74.7.227.140 - - [13/Mar/2026:12:42:28 +0000] "GET /FSS-HCM__1405e9d/root/proc/2766786/task/2766791/ HTTP/1.1" 200 806 "https://impero.ro/FSS-HCM__1405e9d/root/proc/2766786/task/" "Mozilla/5.0 AppleWebKit/537.36 (KHTML, like Gecko; compatible; GPTBot/1.3; +https://openai.com/gptbot)"
74.7.242.44 - - [13/Mar/2026:12:42:28 +0000] "GET /FSS-HCM__1405e9d/root/sys/devices/system/memory/memory109/node0/memory8/removable HTTP/1.1" 200 22 "https://mail.impero.ro/FSS-HCM__1405e9d/root/sys/devices/system/memory/memory109/node0/memory8/" "Mozilla/5.0 AppleWebKit/537.36 (KHTML, like Gecko; compatible; GPTBot/1.3; +https://openai.com/gptbot)"
74.7.227.140 - - [13/Mar/2026:12:42:28 +0000] "GET /FSS-HCM__1405e9d/root/proc/2766786/task/2766795/ HTTP/1.1" 200 806 "https://impero.ro/FSS-HCM__1405e9d/root/proc/2766786/task/" "Mozilla/5.0 AppleWebKit/537.36 (KHTML, like Gecko; compatible; GPTBot/1.3; +https://openai.com/gptbot)"
74.7.242.44 - - [13/Mar/2026:12:42:29 +0000] "GET /FSS-HCM__1405e9d/root/sys/devices/system/memory/memory104/node0/memory16/valid_zones HTTP/1.1" 200 26 "https://mail.impero.ro/FSS-HCM__1405e9d/root/sys/devices/system/memory/memory104/node0/memory16/" "Mozilla/5.0 AppleWebKit/537.36 (KHTML, like Gecko; compatible; GPTBot/1.3; +https://openai.com/gptbot)"
74.7.227.140 - - [13/Mar/2026:12:42:29 +0000] "GET /wp-includes__1405e9d/images/smilies/icon_twisted.gif HTTP/1.1" 200 241 "https://impero.ro/wp-includes__1405e9d/images/smilies/" "Mozilla/5.0 AppleWebKit/537.36 (KHTML, like Gecko; compatible; GPTBot/1.3; +https://openai.com/gptbot)"
74.7.242.44 - - [13/Mar/2026:12:42:29 +0000] "GET /FSS-HCM__1405e9d/root/sys/devices/system/memory/memory109/node0/memory17/valid_zones HTTP/1.1" 200 26 "https://mail.impero.ro/FSS-HCM__1405e9d/root/sys/devices/system/memory/memory109/node0/memory17/" "Mozilla/5.0 AppleWebKit/537.36 (KHTML, like Gecko; compatible; GPTBot/1.3; +https://openai.com/gptbot)"
74.7.227.140 - - [13/Mar/2026:12:42:29 +0000] "GET /wp-includes__1405e9d/images/smilies/icon_redface.gif HTTP/1.1" 200 645 "https://impero.ro/wp-includes__1405e9d/images/smilies/" "Mozilla/5.0 AppleWebKit/537.36 (KHTML, like Gecko; compatible; GPTBot/1.3; +https://openai.com/gptbot)"
74.7.242.44 - - [13/Mar/2026:12:42:30 +0000] "GET /FSS-HCM__1405e9d/root/sys/devices/system/memory/memory109/node0/memory12/valid_zones HTTP/1.1" 200 26 "https://mail.impero.ro/FSS-HCM__1405e9d/root/sys/devices/system/memory/memory109/node0/memory12/" "Mozilla/5.0 AppleWebKit/537.36 (KHTML, like Gecko; compatible; GPTBot/1.3; +https://openai.com/gptbot)"
