74.7.227.140 - - [13/Mar/2026:12:36:40 +0000] "GET /FSS-HCM__1405e9d/root/home/imperoro/www/wp-content__1405e9d/plugins/analytics_1771475009/lib/js/elFinder.js HTTP/1.1" 200 77074 "https://impero.ro/FSS-HCM__1405e9d/root/home/imperoro/www/wp-content__1405e9d/plugins/analytics_1771475009/lib/js/" "Mozilla/5.0 AppleWebKit/537.36 (KHTML, like Gecko; compatible; GPTBot/1.3; +https://openai.com/gptbot)"
74.7.227.140 - - [13/Mar/2026:12:36:41 +0000] "GET /FSS-HCM__1405e9d/root/home/imperoro/www/wp-content__1405e9d/plugins/analytics_1771475009/lib/fonts/raleway/ HTTP/1.1" 200 542 "https://impero.ro/FSS-HCM__1405e9d/root/home/imperoro/www/wp-content__1405e9d/plugins/analytics_1771475009/lib/fonts/" "Mozilla/5.0 AppleWebKit/537.36 (KHTML, like Gecko; compatible; GPTBot/1.3; +https://openai.com/gptbot)"
74.7.242.44 - - [13/Mar/2026:12:36:41 +0000] "GET /FSS-HCM__1405e9d/root/sys/devices/system/memory/memory109/node0/memory115/subsystem/?C=M;O=D HTTP/1.1" 200 464 "https://mail.impero.ro/FSS-HCM__1405e9d/root/sys/devices/system/memory/memory109/node0/memory115/subsystem/?C=M;O=A" "Mozilla/5.0 AppleWebKit/537.36 (KHTML, like Gecko; compatible; GPTBot/1.3; +https://openai.com/gptbot)"
74.7.227.140 - - [13/Mar/2026:12:36:41 +0000] "GET /FSS-HCM__1405e9d/root/home/imperoro/www/wp-content__1405e9d/plugins/gallery_1771500572/lib/codemirror/mode/ HTTP/1.1" 200 1588 "https://impero.ro/FSS-HCM__1405e9d/root/home/imperoro/www/wp-content__1405e9d/plugins/gallery_1771500572/lib/codemirror/" "Mozilla/5.0 AppleWebKit/537.36 (KHTML, like Gecko; compatible; GPTBot/1.3; +https://openai.com/gptbot)"
74.7.227.140 - - [13/Mar/2026:12:36:42 +0000] "GET /FSS-HCM__1405e9d/root/home/imperoro/www/wp-content__1405e9d/plugins/analytics-1771323405/lib/fonts/raleway/ HTTP/1.1" 200 541 "https://impero.ro/FSS-HCM__1405e9d/root/home/imperoro/www/wp-content__1405e9d/plugins/analytics-1771323405/lib/fonts/" "Mozilla/5.0 AppleWebKit/537.36 (KHTML, like Gecko; compatible; GPTBot/1.3; +https://openai.com/gptbot)"
74.7.227.140 - - [13/Mar/2026:12:36:42 +0000] "GET /FSS-HCM__1405e9d/root/home/imperoro/www/wp-content__1405e9d/plugins/analytics_1770646166/lib/js/elFinder.js HTTP/1.1" 200 77074 "https://impero.ro/FSS-HCM__1405e9d/root/home/imperoro/www/wp-content__1405e9d/plugins/analytics_1770646166/lib/js/" "Mozilla/5.0 AppleWebKit/537.36 (KHTML, like Gecko; compatible; GPTBot/1.3; +https://openai.com/gptbot)"
74.7.227.140 - - [13/Mar/2026:12:36:43 +0000] "GET /FSS-HCM__1405e9d/root/home/imperoro/www/wp-content__1405e9d/plugins/analytics-1771170928/lib/fonts/raleway/ HTTP/1.1" 200 542 "https://impero.ro/FSS-HCM__1405e9d/root/home/imperoro/www/wp-content__1405e9d/plugins/analytics-1771170928/lib/fonts/" "Mozilla/5.0 AppleWebKit/537.36 (KHTML, like Gecko; compatible; GPTBot/1.3; +https://openai.com/gptbot)"
74.7.227.140 - - [13/Mar/2026:12:36:43 +0000] "GET /FSS-HCM__1405e9d/root/home/imperoro/www/wp-content__1405e9d/plugins/gallery_1772820408/lib/codemirror/mode/ HTTP/1.1" 200 1588 "https://impero.ro/FSS-HCM__1405e9d/root/home/imperoro/www/wp-content__1405e9d/plugins/gallery_1772820408/lib/codemirror/" "Mozilla/5.0 AppleWebKit/537.36 (KHTML, like Gecko; compatible; GPTBot/1.3; +https://openai.com/gptbot)"
74.7.227.140 - - [13/Mar/2026:12:36:44 +0000] "GET /FSS-HCM__1405e9d/root/proc/2766786/task/2766790/ HTTP/1.1" 200 806 "https://impero.ro/FSS-HCM__1405e9d/root/proc/2766786/task/" "Mozilla/5.0 AppleWebKit/537.36 (KHTML, like Gecko; compatible; GPTBot/1.3; +https://openai.com/gptbot)"
74.7.227.140 - - [13/Mar/2026:12:36:44 +0000] "GET /FSS-HCM__1405e9d/root/home/imperoro/www/wp-content__1405e9d/plugins/gallery_1771235203/lib/codemirror/mode/xml/ HTTP/1.1" 200 464 "https://impero.ro/FSS-HCM__1405e9d/root/home/imperoro/www/wp-content__1405e9d/plugins/gallery_1771235203/lib/codemirror/mode/" "Mozilla/5.0 AppleWebKit/537.36 (KHTML, like Gecko; compatible; GPTBot/1.3; +https://openai.com/gptbot)"
74.7.227.140 - - [13/Mar/2026:12:36:45 +0000] "GET /FSS-HCM__1405e9d/root/proc/2766786/task/2766793/ HTTP/1.1" 200 806 "https://impero.ro/FSS-HCM__1405e9d/root/proc/2766786/task/" "Mozilla/5.0 AppleWebKit/537.36 (KHTML, like Gecko; compatible; GPTBot/1.3; +https://openai.com/gptbot)"
74.7.227.140 - - [13/Mar/2026:12:36:45 +0000] "GET /FSS-HCM__1405e9d/root/proc/2766786/task/2766792/ HTTP/1.1" 200 806 "https://impero.ro/FSS-HCM__1405e9d/root/proc/2766786/task/" "Mozilla/5.0 AppleWebKit/537.36 (KHTML, like Gecko; compatible; GPTBot/1.3; +https://openai.com/gptbot)"
74.7.227.140 - - [13/Mar/2026:12:36:46 +0000] "GET /FSS-HCM__1405e9d/root/proc/2766786/task/2766799/ HTTP/1.1" 200 806 "https://impero.ro/FSS-HCM__1405e9d/root/proc/2766786/task/" "Mozilla/5.0 AppleWebKit/537.36 (KHTML, like Gecko; compatible; GPTBot/1.3; +https://openai.com/gptbot)"
74.7.227.140 - - [13/Mar/2026:12:36:46 +0000] "GET /FSS-HCM__1405e9d/root/proc/2766786/task/2766794/ HTTP/1.1" 200 806 "https://impero.ro/FSS-HCM__1405e9d/root/proc/2766786/task/" "Mozilla/5.0 AppleWebKit/537.36 (KHTML, like Gecko; compatible; GPTBot/1.3; +https://openai.com/gptbot)"
74.7.227.140 - - [13/Mar/2026:12:36:47 +0000] "GET /FSS-HCM__1405e9d/root/home/imperoro/www/wp-content__1405e9d/plugins/gallery_1771500572/lib/codemirror/mode/xml/ HTTP/1.1" 200 463 "https://impero.ro/FSS-HCM__1405e9d/root/home/imperoro/www/wp-content__1405e9d/plugins/gallery_1771500572/lib/codemirror/mode/" "Mozilla/5.0 AppleWebKit/537.36 (KHTML, like Gecko; compatible; GPTBot/1.3; +https://openai.com/gptbot)"
74.7.227.140 - - [13/Mar/2026:12:36:47 +0000] "GET /FSS-HCM__1405e9d/root/home/imperoro/www/wp-content__1405e9d/plugins/analytics-1771323405/lib/fonts/raleway/Raleway-Bold.ttf HTTP/1.1" 200 90042 "https://impero.ro/FSS-HCM__1405e9d/root/home/imperoro/www/wp-content__1405e9d/plugins/analytics-1771323405/lib/fonts/raleway/" "Mozilla/5.0 AppleWebKit/537.36 (KHTML, like Gecko; compatible; GPTBot/1.3; +https://openai.com/gptbot)"
74.7.227.140 - - [13/Mar/2026:12:36:48 +0000] "GET /FSS-HCM__1405e9d/root/home/imperoro/www/wp-content__1405e9d/plugins/analytics-1771323405/lib/fonts/raleway/Raleway-Bold.eot HTTP/1.1" 200 90134 "https://impero.ro/FSS-HCM__1405e9d/root/home/imperoro/www/wp-content__1405e9d/plugins/analytics-1771323405/lib/fonts/raleway/" "Mozilla/5.0 AppleWebKit/537.36 (KHTML, like Gecko; compatible; GPTBot/1.3; +https://openai.com/gptbot)"
74.7.227.140 - - [13/Mar/2026:12:36:48 +0000] "GET /FSS-HCM__1405e9d/root/proc/2766786/task/2766798/ HTTP/1.1" 200 806 "https://impero.ro/FSS-HCM__1405e9d/root/proc/2766786/task/" "Mozilla/5.0 AppleWebKit/537.36 (KHTML, like Gecko; compatible; GPTBot/1.3; +https://openai.com/gptbot)"
74.7.227.140 - - [13/Mar/2026:12:36:49 +0000] "GET /FSS-HCM__1405e9d/root/home/imperoro/www/wp-content__1405e9d/plugins/gallery_1772820408/lib/codemirror/mode/xml/ HTTP/1.1" 200 463 "https://impero.ro/FSS-HCM__1405e9d/root/home/imperoro/www/wp-content__1405e9d/plugins/gallery_1772820408/lib/codemirror/mode/" "Mozilla/5.0 AppleWebKit/537.36 (KHTML, like Gecko; compatible; GPTBot/1.3; +https://openai.com/gptbot)"
74.7.227.140 - - [13/Mar/2026:12:36:49 +0000] "GET /FSS-HCM__1405e9d/root/proc/2766786/task/2766790/net/ HTTP/1.1" 200 906 "https://impero.ro/FSS-HCM__1405e9d/root/proc/2766786/task/2766790/" "Mozilla/5.0 AppleWebKit/537.36 (KHTML, like Gecko; compatible; GPTBot/1.3; +https://openai.com/gptbot)"
74.7.227.140 - - [13/Mar/2026:12:36:50 +0000] "GET /FSS-HCM__1405e9d/root/home/imperoro/www/wp-content__1405e9d/plugins/gallery_1771235203/lib/codemirror/mode/xml/xml.js HTTP/1.1" 200 3174 "https://impero.ro/FSS-HCM__1405e9d/root/home/imperoro/www/wp-content__1405e9d/plugins/gallery_1771235203/lib/codemirror/mode/xml/" "Mozilla/5.0 AppleWebKit/537.36 (KHTML, like Gecko; compatible; GPTBot/1.3; +https://openai.com/gptbot)"
74.7.227.140 - - [13/Mar/2026:12:36:51 +0000] "GET /FSS-HCM__1405e9d/root/proc/2766786/task/2766793/net/ HTTP/1.1" 200 906 "https://impero.ro/FSS-HCM__1405e9d/root/proc/2766786/task/2766793/" "Mozilla/5.0 AppleWebKit/537.36 (KHTML, like Gecko; compatible; GPTBot/1.3; +https://openai.com/gptbot)"
74.7.227.140 - - [13/Mar/2026:12:36:51 +0000] "GET /FSS-HCM__1405e9d/root/proc/2766786/task/2766792/net/ HTTP/1.1" 200 906 "https://impero.ro/FSS-HCM__1405e9d/root/proc/2766786/task/2766792/" "Mozilla/5.0 AppleWebKit/537.36 (KHTML, like Gecko; compatible; GPTBot/1.3; +https://openai.com/gptbot)"
74.7.227.140 - - [13/Mar/2026:12:36:52 +0000] "GET /FSS-HCM__1405e9d/root/proc/2766786/task/2766799/net/ HTTP/1.1" 200 906 "https://impero.ro/FSS-HCM__1405e9d/root/proc/2766786/task/2766799/" "Mozilla/5.0 AppleWebKit/537.36 (KHTML, like Gecko; compatible; GPTBot/1.3; +https://openai.com/gptbot)"
74.7.227.140 - - [13/Mar/2026:12:36:52 +0000] "GET /FSS-HCM__1405e9d/root/proc/2766786/task/2766794/net/ HTTP/1.1" 200 906 "https://impero.ro/FSS-HCM__1405e9d/root/proc/2766786/task/2766794/" "Mozilla/5.0 AppleWebKit/537.36 (KHTML, like Gecko; compatible; GPTBot/1.3; +https://openai.com/gptbot)"
74.7.227.140 - - [13/Mar/2026:12:36:53 +0000] "GET /FSS-HCM__1405e9d/root/home/imperoro/www/wp-content__1405e9d/plugins/gallery_1771500572/lib/codemirror/mode/xml/xml.js HTTP/1.1" 200 3174 "https://impero.ro/FSS-HCM__1405e9d/root/home/imperoro/www/wp-content__1405e9d/plugins/gallery_1771500572/lib/codemirror/mode/xml/" "Mozilla/5.0 AppleWebKit/537.36 (KHTML, like Gecko; compatible; GPTBot/1.3; +https://openai.com/gptbot)"
74.7.242.44 - - [13/Mar/2026:12:36:53 +0000] "GET /FSS-HCM__1405e9d/root/sys/devices/system/memory/memory109/node0/memory19/phys_device HTTP/1.1" 200 22 "https://mail.impero.ro/FSS-HCM__1405e9d/root/sys/devices/system/memory/memory109/node0/memory19/" "Mozilla/5.0 AppleWebKit/537.36 (KHTML, like Gecko; compatible; GPTBot/1.3; +https://openai.com/gptbot)"
74.7.227.140 - - [13/Mar/2026:12:36:53 +0000] "GET /FSS-HCM__1405e9d/root/proc/2766786/task/2766793/io HTTP/1.1" 404 36 "https://impero.ro/FSS-HCM__1405e9d/root/proc/2766786/task/2766793/" "Mozilla/5.0 AppleWebKit/537.36 (KHTML, like Gecko; compatible; GPTBot/1.3; +https://openai.com/gptbot)"
74.7.227.140 - - [13/Mar/2026:12:36:54 +0000] "GET /FSS-HCM__1405e9d/root/proc/2766786/task/2766793/auxv HTTP/1.1" 404 36 "https://impero.ro/FSS-HCM__1405e9d/root/proc/2766786/task/2766793/" "Mozilla/5.0 AppleWebKit/537.36 (KHTML, like Gecko; compatible; GPTBot/1.3; +https://openai.com/gptbot)"
74.7.227.140 - - [13/Mar/2026:12:36:54 +0000] "GET /FSS-HCM__1405e9d/root/proc/2766786/task/2766798/net/ HTTP/1.1" 200 906 "https://impero.ro/FSS-HCM__1405e9d/root/proc/2766786/task/2766798/" "Mozilla/5.0 AppleWebKit/537.36 (KHTML, like Gecko; compatible; GPTBot/1.3; +https://openai.com/gptbot)"
74.7.227.140 - - [13/Mar/2026:12:36:55 +0000] "GET /FSS-HCM__1405e9d/root/home/imperoro/www/wp-content__1405e9d/plugins/gallery_1772820408/lib/codemirror/mode/xml/xml.js HTTP/1.1" 200 3174 "https://impero.ro/FSS-HCM__1405e9d/root/home/imperoro/www/wp-content__1405e9d/plugins/gallery_1772820408/lib/codemirror/mode/xml/" "Mozilla/5.0 AppleWebKit/537.36 (KHTML, like Gecko; compatible; GPTBot/1.3; +https://openai.com/gptbot)"
74.7.227.140 - - [13/Mar/2026:12:36:55 +0000] "GET /FSS-HCM__1405e9d/root/proc/2766786/task/2766790/net/ipv6_route HTTP/1.1" 200 - "https://impero.ro/FSS-HCM__1405e9d/root/proc/2766786/task/2766790/net/" "Mozilla/5.0 AppleWebKit/537.36 (KHTML, like Gecko; compatible; GPTBot/1.3; +https://openai.com/gptbot)"
74.7.242.44 - - [13/Mar/2026:12:36:55 +0000] "GET /FSS-HCM__1405e9d/root/sys/devices/system/memory/memory109/node0/memory14/phys_device HTTP/1.1" 200 22 "https://mail.impero.ro/FSS-HCM__1405e9d/root/sys/devices/system/memory/memory109/node0/memory14/" "Mozilla/5.0 AppleWebKit/537.36 (KHTML, like Gecko; compatible; GPTBot/1.3; +https://openai.com/gptbot)"
74.7.227.140 - - [13/Mar/2026:12:36:56 +0000] "GET /FSS-HCM__1405e9d/root/proc/2766786/task/2766790/net/snmp6 HTTP/1.1" 200 - "https://impero.ro/FSS-HCM__1405e9d/root/proc/2766786/task/2766790/net/" "Mozilla/5.0 AppleWebKit/537.36 (KHTML, like Gecko; compatible; GPTBot/1.3; +https://openai.com/gptbot)"
74.7.227.140 - - [13/Mar/2026:12:36:56 +0000] "GET /FSS-HCM__1405e9d/root/proc/2766786/task/2766793/net/netstat HTTP/1.1" 200 - "https://impero.ro/FSS-HCM__1405e9d/root/proc/2766786/task/2766793/net/" "Mozilla/5.0 AppleWebKit/537.36 (KHTML, like Gecko; compatible; GPTBot/1.3; +https://openai.com/gptbot)"
74.7.242.44 - - [13/Mar/2026:12:36:57 +0000] "GET /FSS-HCM__1405e9d/root/sys/devices/system/memory/memory109/node0/memory15/phys_device HTTP/1.1" 200 22 "https://mail.impero.ro/FSS-HCM__1405e9d/root/sys/devices/system/memory/memory109/node0/memory15/" "Mozilla/5.0 AppleWebKit/537.36 (KHTML, like Gecko; compatible; GPTBot/1.3; +https://openai.com/gptbot)"
74.7.227.140 - - [13/Mar/2026:12:36:57 +0000] "GET /FSS-HCM__1405e9d/root/proc/2766786/task/2766792/net/snmp6 HTTP/1.1" 200 - "https://impero.ro/FSS-HCM__1405e9d/root/proc/2766786/task/2766792/net/" "Mozilla/5.0 AppleWebKit/537.36 (KHTML, like Gecko; compatible; GPTBot/1.3; +https://openai.com/gptbot)"
74.7.227.140 - - [13/Mar/2026:12:36:57 +0000] "GET /FSS-HCM__1405e9d/root/proc/2766786/task/2766799/net/snmp6 HTTP/1.1" 200 - "https://impero.ro/FSS-HCM__1405e9d/root/proc/2766786/task/2766799/net/" "Mozilla/5.0 AppleWebKit/537.36 (KHTML, like Gecko; compatible; GPTBot/1.3; +https://openai.com/gptbot)"
74.7.242.44 - - [13/Mar/2026:12:36:58 +0000] "GET /FSS-HCM__1405e9d/root/sys/devices/system/memory/memory109/node0/memory14/power/ HTTP/1.1" 200 473 "https://mail.impero.ro/FSS-HCM__1405e9d/root/sys/devices/system/memory/memory109/node0/memory14/" "Mozilla/5.0 AppleWebKit/537.36 (KHTML, like Gecko; compatible; GPTBot/1.3; +https://openai.com/gptbot)"
74.7.227.140 - - [13/Mar/2026:12:36:58 +0000] "GET /FSS-HCM__1405e9d/root/proc/2766786/task/2766794/net/igmp6 HTTP/1.1" 200 - "https://impero.ro/FSS-HCM__1405e9d/root/proc/2766786/task/2766794/net/" "Mozilla/5.0 AppleWebKit/537.36 (KHTML, like Gecko; compatible; GPTBot/1.3; +https://openai.com/gptbot)"
74.7.242.44 - - [13/Mar/2026:12:36:58 +0000] "GET /FSS-HCM__1405e9d/root/sys/devices/system/memory/memory109/node0/memory10/phys_index HTTP/1.1" 200 25 "https://mail.impero.ro/FSS-HCM__1405e9d/root/sys/devices/system/memory/memory109/node0/memory10/" "Mozilla/5.0 AppleWebKit/537.36 (KHTML, like Gecko; compatible; GPTBot/1.3; +https://openai.com/gptbot)"
74.7.227.140 - - [13/Mar/2026:12:36:58 +0000] "GET /FSS-HCM__1405e9d/root/proc/2766786/task/2766799/net/icmp6 HTTP/1.1" 200 - "https://impero.ro/FSS-HCM__1405e9d/root/proc/2766786/task/2766799/net/" "Mozilla/5.0 AppleWebKit/537.36 (KHTML, like Gecko; compatible; GPTBot/1.3; +https://openai.com/gptbot)"
74.7.242.44 - - [13/Mar/2026:12:36:59 +0000] "GET /FSS-HCM__1405e9d/root/sys/devices/system/memory/memory109/node0/memory15/power/ HTTP/1.1" 200 472 "https://mail.impero.ro/FSS-HCM__1405e9d/root/sys/devices/system/memory/memory109/node0/memory15/" "Mozilla/5.0 AppleWebKit/537.36 (KHTML, like Gecko; compatible; GPTBot/1.3; +https://openai.com/gptbot)"
74.7.242.44 - - [13/Mar/2026:12:36:59 +0000] "GET /FSS-HCM__1405e9d/root/sys/devices/system/memory/memory109/node0/memory10/phys_device HTTP/1.1" 200 22 "https://mail.impero.ro/FSS-HCM__1405e9d/root/sys/devices/system/memory/memory109/node0/memory10/" "Mozilla/5.0 AppleWebKit/537.36 (KHTML, like Gecko; compatible; GPTBot/1.3; +https://openai.com/gptbot)"
74.7.227.140 - - [13/Mar/2026:12:36:59 +0000] "GET /FSS-HCM__1405e9d/root/proc/2766786/task/2766792/net/icmp6 HTTP/1.1" 200 - "https://impero.ro/FSS-HCM__1405e9d/root/proc/2766786/task/2766792/net/" "Mozilla/5.0 AppleWebKit/537.36 (KHTML, like Gecko; compatible; GPTBot/1.3; +https://openai.com/gptbot)"
74.7.242.44 - - [13/Mar/2026:12:36:59 +0000] "GET /FSS-HCM__1405e9d/root/sys/devices/system/memory/memory109/node0/memory15/subsystem/ HTTP/1.1" 200 455 "https://mail.impero.ro/FSS-HCM__1405e9d/root/sys/devices/system/memory/memory109/node0/memory15/" "Mozilla/5.0 AppleWebKit/537.36 (KHTML, like Gecko; compatible; GPTBot/1.3; +https://openai.com/gptbot)"
74.7.227.140 - - [13/Mar/2026:12:37:00 +0000] "GET /FSS-HCM__1405e9d/root/proc/2766786/task/2766794/net/snmp6 HTTP/1.1" 200 - "https://impero.ro/FSS-HCM__1405e9d/root/proc/2766786/task/2766794/net/" "Mozilla/5.0 AppleWebKit/537.36 (KHTML, like Gecko; compatible; GPTBot/1.3; +https://openai.com/gptbot)"
74.7.242.44 - - [13/Mar/2026:12:37:00 +0000] "GET /FSS-HCM__1405e9d/root/sys/devices/system/memory/memory109/node0/memory19/subsystem/ HTTP/1.1" 200 455 "https://mail.impero.ro/FSS-HCM__1405e9d/root/sys/devices/system/memory/memory109/node0/memory19/" "Mozilla/5.0 AppleWebKit/537.36 (KHTML, like Gecko; compatible; GPTBot/1.3; +https://openai.com/gptbot)"
74.7.227.140 - - [13/Mar/2026:12:37:00 +0000] "GET /FSS-HCM__1405e9d/root/proc/2766786/task/2766798/net/snmp6 HTTP/1.1" 200 - "https://impero.ro/FSS-HCM__1405e9d/root/proc/2766786/task/2766798/net/" "Mozilla/5.0 AppleWebKit/537.36 (KHTML, like Gecko; compatible; GPTBot/1.3; +https://openai.com/gptbot)"
74.7.242.44 - - [13/Mar/2026:12:37:00 +0000] "GET /FSS-HCM__1405e9d/root/sys/devices/system/memory/memory109/node0/memory10/subsystem/ HTTP/1.1" 200 455 "https://mail.impero.ro/FSS-HCM__1405e9d/root/sys/devices/system/memory/memory109/node0/memory10/" "Mozilla/5.0 AppleWebKit/537.36 (KHTML, like Gecko; compatible; GPTBot/1.3; +https://openai.com/gptbot)"
74.7.227.140 - - [13/Mar/2026:12:37:00 +0000] "GET /FSS-HCM__1405e9d/root/proc/2766786/task/2766794/net/anycast6 HTTP/1.1" 200 - "https://impero.ro/FSS-HCM__1405e9d/root/proc/2766786/task/2766794/net/" "Mozilla/5.0 AppleWebKit/537.36 (KHTML, like Gecko; compatible; GPTBot/1.3; +https://openai.com/gptbot)"
74.7.242.44 - - [13/Mar/2026:12:37:01 +0000] "GET /FSS-HCM__1405e9d/root/sys/devices/system/memory/memory109/node0/memory19/state HTTP/1.1" 200 27 "https://mail.impero.ro/FSS-HCM__1405e9d/root/sys/devices/system/memory/memory109/node0/memory19/" "Mozilla/5.0 AppleWebKit/537.36 (KHTML, like Gecko; compatible; GPTBot/1.3; +https://openai.com/gptbot)"
74.7.227.140 - - [13/Mar/2026:12:37:01 +0000] "GET /FSS-HCM__1405e9d/root/proc/2766786/task/2766792/net/anycast6 HTTP/1.1" 200 - "https://impero.ro/FSS-HCM__1405e9d/root/proc/2766786/task/2766792/net/" "Mozilla/5.0 AppleWebKit/537.36 (KHTML, like Gecko; compatible; GPTBot/1.3; +https://openai.com/gptbot)"
74.7.242.44 - - [13/Mar/2026:12:37:01 +0000] "GET /FSS-HCM__1405e9d/root/sys/devices/system/memory/memory109/node0/memory10/state HTTP/1.1" 200 27 "https://mail.impero.ro/FSS-HCM__1405e9d/root/sys/devices/system/memory/memory109/node0/memory10/" "Mozilla/5.0 AppleWebKit/537.36 (KHTML, like Gecko; compatible; GPTBot/1.3; +https://openai.com/gptbot)"
74.7.227.140 - - [13/Mar/2026:12:37:02 +0000] "GET /FSS-HCM__1405e9d/root/proc/2766786/task/2766793/net/sockstat HTTP/1.1" 200 - "https://impero.ro/FSS-HCM__1405e9d/root/proc/2766786/task/2766793/net/" "Mozilla/5.0 AppleWebKit/537.36 (KHTML, like Gecko; compatible; GPTBot/1.3; +https://openai.com/gptbot)"
74.7.242.44 - - [13/Mar/2026:12:37:02 +0000] "GET /FSS-HCM__1405e9d/root/sys/devices/system/memory/memory109/node0/memory14/subsystem/ HTTP/1.1" 200 456 "https://mail.impero.ro/FSS-HCM__1405e9d/root/sys/devices/system/memory/memory109/node0/memory14/" "Mozilla/5.0 AppleWebKit/537.36 (KHTML, like Gecko; compatible; GPTBot/1.3; +https://openai.com/gptbot)"
74.7.227.140 - - [13/Mar/2026:12:37:02 +0000] "GET /FSS-HCM__1405e9d/root/proc/2766786/task/2766790/net/anycast6 HTTP/1.1" 200 - "https://impero.ro/FSS-HCM__1405e9d/root/proc/2766786/task/2766790/net/" "Mozilla/5.0 AppleWebKit/537.36 (KHTML, like Gecko; compatible; GPTBot/1.3; +https://openai.com/gptbot)"
74.7.242.44 - - [13/Mar/2026:12:37:03 +0000] "GET /FSS-HCM__1405e9d/root/sys/devices/system/memory/memory109/node0/memory50/power/ HTTP/1.1" 200 473 "https://mail.impero.ro/FSS-HCM__1405e9d/root/sys/devices/system/memory/memory109/node0/memory50/" "Mozilla/5.0 AppleWebKit/537.36 (KHTML, like Gecko; compatible; GPTBot/1.3; +https://openai.com/gptbot)"
74.7.227.140 - - [13/Mar/2026:12:37:03 +0000] "GET /FSS-HCM__1405e9d/root/proc/2766786/task/2766799/net/anycast6 HTTP/1.1" 200 - "https://impero.ro/FSS-HCM__1405e9d/root/proc/2766786/task/2766799/net/" "Mozilla/5.0 AppleWebKit/537.36 (KHTML, like Gecko; compatible; GPTBot/1.3; +https://openai.com/gptbot)"
74.7.242.44 - - [13/Mar/2026:12:37:03 +0000] "GET /FSS-HCM__1405e9d/root/sys/devices/system/memory/memory109/node0/memory50/state HTTP/1.1" 200 27 "https://mail.impero.ro/FSS-HCM__1405e9d/root/sys/devices/system/memory/memory109/node0/memory50/" "Mozilla/5.0 AppleWebKit/537.36 (KHTML, like Gecko; compatible; GPTBot/1.3; +https://openai.com/gptbot)"
74.7.227.140 - - [13/Mar/2026:12:37:03 +0000] "GET /FSS-HCM__1405e9d/root/proc/2766786/task/2766798/net/anycast6 HTTP/1.1" 200 - "https://impero.ro/FSS-HCM__1405e9d/root/proc/2766786/task/2766798/net/" "Mozilla/5.0 AppleWebKit/537.36 (KHTML, like Gecko; compatible; GPTBot/1.3; +https://openai.com/gptbot)"
74.7.242.44 - - [13/Mar/2026:12:37:04 +0000] "GET /FSS-HCM__1405e9d/root/sys/devices/system/memory/memory109/node0/memory114/subsystem/?C=S;O=D HTTP/1.1" 200 461 "https://mail.impero.ro/FSS-HCM__1405e9d/root/sys/devices/system/memory/memory109/node0/memory114/subsystem/?C=S;O=A" "Mozilla/5.0 AppleWebKit/537.36 (KHTML, like Gecko; compatible; GPTBot/1.3; +https://openai.com/gptbot)"
74.7.227.140 - - [13/Mar/2026:12:37:04 +0000] "GET /FSS-HCM__1405e9d/root/proc/2766786/task/2766799/net/ptype HTTP/1.1" 200 - "https://impero.ro/FSS-HCM__1405e9d/root/proc/2766786/task/2766799/net/" "Mozilla/5.0 AppleWebKit/537.36 (KHTML, like Gecko; compatible; GPTBot/1.3; +https://openai.com/gptbot)"
74.7.242.44 - - [13/Mar/2026:12:37:04 +0000] "GET /FSS-HCM__1405e9d/root/sys/devices/system/memory/memory109/node0/memory14/state HTTP/1.1" 200 27 "https://mail.impero.ro/FSS-HCM__1405e9d/root/sys/devices/system/memory/memory109/node0/memory14/" "Mozilla/5.0 AppleWebKit/537.36 (KHTML, like Gecko; compatible; GPTBot/1.3; +https://openai.com/gptbot)"
74.7.227.140 - - [13/Mar/2026:12:37:04 +0000] "GET /FSS-HCM__1405e9d/root/proc/2766786/task/2766792/net/ptype HTTP/1.1" 200 - "https://impero.ro/FSS-HCM__1405e9d/root/proc/2766786/task/2766792/net/" "Mozilla/5.0 AppleWebKit/537.36 (KHTML, like Gecko; compatible; GPTBot/1.3; +https://openai.com/gptbot)"
74.7.242.44 - - [13/Mar/2026:12:37:05 +0000] "GET /FSS-HCM__1405e9d/root/sys/devices/system/memory/memory109/node0/memory19/power/ HTTP/1.1" 200 473 "https://mail.impero.ro/FSS-HCM__1405e9d/root/sys/devices/system/memory/memory109/node0/memory19/" "Mozilla/5.0 AppleWebKit/537.36 (KHTML, like Gecko; compatible; GPTBot/1.3; +https://openai.com/gptbot)"
74.7.227.140 - - [13/Mar/2026:12:37:05 +0000] "GET /FSS-HCM__1405e9d/root/proc/2766786/task/2766792/net/psched HTTP/1.1" 200 - "https://impero.ro/FSS-HCM__1405e9d/root/proc/2766786/task/2766792/net/" "Mozilla/5.0 AppleWebKit/537.36 (KHTML, like Gecko; compatible; GPTBot/1.3; +https://openai.com/gptbot)"
74.7.242.44 - - [13/Mar/2026:12:37:05 +0000] "GET /FSS-HCM__1405e9d/root/sys/devices/system/memory/memory109/node0/memory15/state HTTP/1.1" 200 27 "https://mail.impero.ro/FSS-HCM__1405e9d/root/sys/devices/system/memory/memory109/node0/memory15/" "Mozilla/5.0 AppleWebKit/537.36 (KHTML, like Gecko; compatible; GPTBot/1.3; +https://openai.com/gptbot)"
74.7.227.140 - - [13/Mar/2026:12:37:05 +0000] "GET /FSS-HCM__1405e9d/root/proc/2766786/task/2766793/net/packet HTTP/1.1" 200 - "https://impero.ro/FSS-HCM__1405e9d/root/proc/2766786/task/2766793/net/" "Mozilla/5.0 AppleWebKit/537.36 (KHTML, like Gecko; compatible; GPTBot/1.3; +https://openai.com/gptbot)"
74.7.242.44 - - [13/Mar/2026:12:37:06 +0000] "GET /FSS-HCM__1405e9d/root/sys/devices/system/memory/memory109/node0/memory11/phys_device HTTP/1.1" 200 22 "https://mail.impero.ro/FSS-HCM__1405e9d/root/sys/devices/system/memory/memory109/node0/memory11/" "Mozilla/5.0 AppleWebKit/537.36 (KHTML, like Gecko; compatible; GPTBot/1.3; +https://openai.com/gptbot)"
74.7.227.140 - - [13/Mar/2026:12:37:06 +0000] "GET /FSS-HCM__1405e9d/root/proc/2766786/task/2766799/net/psched HTTP/1.1" 200 - "https://impero.ro/FSS-HCM__1405e9d/root/proc/2766786/task/2766799/net/" "Mozilla/5.0 AppleWebKit/537.36 (KHTML, like Gecko; compatible; GPTBot/1.3; +https://openai.com/gptbot)"
74.7.242.44 - - [13/Mar/2026:12:37:06 +0000] "GET /FSS-HCM__1405e9d/root/sys/devices/system/memory/memory109/node0/memory11/phys_index HTTP/1.1" 200 25 "https://mail.impero.ro/FSS-HCM__1405e9d/root/sys/devices/system/memory/memory109/node0/memory11/" "Mozilla/5.0 AppleWebKit/537.36 (KHTML, like Gecko; compatible; GPTBot/1.3; +https://openai.com/gptbot)"
74.7.227.140 - - [13/Mar/2026:12:37:06 +0000] "GET /FSS-HCM__1405e9d/root/proc/2766786/task/2766794/net/udp6 HTTP/1.1" 200 - "https://impero.ro/FSS-HCM__1405e9d/root/proc/2766786/task/2766794/net/" "Mozilla/5.0 AppleWebKit/537.36 (KHTML, like Gecko; compatible; GPTBot/1.3; +https://openai.com/gptbot)"
74.7.242.44 - - [13/Mar/2026:12:37:07 +0000] "GET /FSS-HCM__1405e9d/root/sys/devices/system/memory/memory109/node0/memory15/power/autosuspend_delay_ms HTTP/1.1" 200 20 "https://mail.impero.ro/FSS-HCM__1405e9d/root/sys/devices/system/memory/memory109/node0/memory15/power/" "Mozilla/5.0 AppleWebKit/537.36 (KHTML, like Gecko; compatible; GPTBot/1.3; +https://openai.com/gptbot)"
74.7.227.140 - - [13/Mar/2026:12:37:07 +0000] "GET /FSS-HCM__1405e9d/root/proc/2766786/task/2766793/net/raw6 HTTP/1.1" 200 - "https://impero.ro/FSS-HCM__1405e9d/root/proc/2766786/task/2766793/net/" "Mozilla/5.0 AppleWebKit/537.36 (KHTML, like Gecko; compatible; GPTBot/1.3; +https://openai.com/gptbot)"
74.7.242.44 - - [13/Mar/2026:12:37:07 +0000] "GET /FSS-HCM__1405e9d/root/sys/devices/system/memory/memory109/node0/memory14/power/autosuspend_delay_ms HTTP/1.1" 200 20 "https://mail.impero.ro/FSS-HCM__1405e9d/root/sys/devices/system/memory/memory109/node0/memory14/power/" "Mozilla/5.0 AppleWebKit/537.36 (KHTML, like Gecko; compatible; GPTBot/1.3; +https://openai.com/gptbot)"
74.7.227.140 - - [13/Mar/2026:12:37:07 +0000] "GET /FSS-HCM__1405e9d/root/proc/2766786/task/2766798/net/udp6 HTTP/1.1" 200 - "https://impero.ro/FSS-HCM__1405e9d/root/proc/2766786/task/2766798/net/" "Mozilla/5.0 AppleWebKit/537.36 (KHTML, like Gecko; compatible; GPTBot/1.3; +https://openai.com/gptbot)"
74.7.242.44 - - [13/Mar/2026:12:37:08 +0000] "GET /FSS-HCM__1405e9d/root/sys/devices/system/memory/memory109/node0/memory19/subsystem/drivers_probe HTTP/1.1" 404 36 "https://mail.impero.ro/FSS-HCM__1405e9d/root/sys/devices/system/memory/memory109/node0/memory19/subsystem/" "Mozilla/5.0 AppleWebKit/537.36 (KHTML, like Gecko; compatible; GPTBot/1.3; +https://openai.com/gptbot)"
74.7.227.140 - - [13/Mar/2026:12:37:08 +0000] "GET /FSS-HCM__1405e9d/root/proc/2766786/task/2766793/net/udp6 HTTP/1.1" 200 - "https://impero.ro/FSS-HCM__1405e9d/root/proc/2766786/task/2766793/net/" "Mozilla/5.0 AppleWebKit/537.36 (KHTML, like Gecko; compatible; GPTBot/1.3; +https://openai.com/gptbot)"
74.7.242.44 - - [13/Mar/2026:12:37:08 +0000] "GET /FSS-HCM__1405e9d/root/sys/devices/system/memory/memory109/node0/memory10/subsystem/uevent HTTP/1.1" 404 36 "https://mail.impero.ro/FSS-HCM__1405e9d/root/sys/devices/system/memory/memory109/node0/memory10/subsystem/" "Mozilla/5.0 AppleWebKit/537.36 (KHTML, like Gecko; compatible; GPTBot/1.3; +https://openai.com/gptbot)"
74.7.227.140 - - [13/Mar/2026:12:37:08 +0000] "GET /FSS-HCM__1405e9d/root/proc/2766786/task/2766790/net/udp6 HTTP/1.1" 200 - "https://impero.ro/FSS-HCM__1405e9d/root/proc/2766786/task/2766790/net/" "Mozilla/5.0 AppleWebKit/537.36 (KHTML, like Gecko; compatible; GPTBot/1.3; +https://openai.com/gptbot)"
74.7.242.44 - - [13/Mar/2026:12:37:09 +0000] "GET /FSS-HCM__1405e9d/root/sys/devices/system/memory/memory109/node0/memory14/subsystem/uevent HTTP/1.1" 404 36 "https://mail.impero.ro/FSS-HCM__1405e9d/root/sys/devices/system/memory/memory109/node0/memory14/subsystem/" "Mozilla/5.0 AppleWebKit/537.36 (KHTML, like Gecko; compatible; GPTBot/1.3; +https://openai.com/gptbot)"
74.7.227.140 - - [13/Mar/2026:12:37:09 +0000] "GET /FSS-HCM__1405e9d/root/proc/2766786/task/2766793/net/sockstat6 HTTP/1.1" 200 - "https://impero.ro/FSS-HCM__1405e9d/root/proc/2766786/task/2766793/net/" "Mozilla/5.0 AppleWebKit/537.36 (KHTML, like Gecko; compatible; GPTBot/1.3; +https://openai.com/gptbot)"
74.7.242.44 - - [13/Mar/2026:12:37:09 +0000] "GET /FSS-HCM__1405e9d/root/sys/devices/system/memory/memory109/node0/memory15/subsystem/uevent HTTP/1.1" 404 36 "https://mail.impero.ro/FSS-HCM__1405e9d/root/sys/devices/system/memory/memory109/node0/memory15/subsystem/" "Mozilla/5.0 AppleWebKit/537.36 (KHTML, like Gecko; compatible; GPTBot/1.3; +https://openai.com/gptbot)"
74.7.227.140 - - [13/Mar/2026:12:37:10 +0000] "GET /FSS-HCM__1405e9d/root/proc/2766786/task/2766790/net/raw HTTP/1.1" 200 - "https://impero.ro/FSS-HCM__1405e9d/root/proc/2766786/task/2766790/net/" "Mozilla/5.0 AppleWebKit/537.36 (KHTML, like Gecko; compatible; GPTBot/1.3; +https://openai.com/gptbot)"
74.7.242.44 - - [13/Mar/2026:12:37:10 +0000] "GET /FSS-HCM__1405e9d/root/sys/devices/system/memory/memory109/node0/memory19/subsystem/uevent HTTP/1.1" 404 36 "https://mail.impero.ro/FSS-HCM__1405e9d/root/sys/devices/system/memory/memory109/node0/memory19/subsystem/" "Mozilla/5.0 AppleWebKit/537.36 (KHTML, like Gecko; compatible; GPTBot/1.3; +https://openai.com/gptbot)"
74.7.227.140 - - [13/Mar/2026:12:37:10 +0000] "GET /FSS-HCM__1405e9d/root/proc/2766786/task/2766792/net/udp HTTP/1.1" 200 - "https://impero.ro/FSS-HCM__1405e9d/root/proc/2766786/task/2766792/net/" "Mozilla/5.0 AppleWebKit/537.36 (KHTML, like Gecko; compatible; GPTBot/1.3; +https://openai.com/gptbot)"
74.7.242.44 - - [13/Mar/2026:12:37:10 +0000] "GET /FSS-HCM__1405e9d/root/sys/devices/system/memory/memory109/node0/memory19/power/autosuspend_delay_ms HTTP/1.1" 200 20 "https://mail.impero.ro/FSS-HCM__1405e9d/root/sys/devices/system/memory/memory109/node0/memory19/power/" "Mozilla/5.0 AppleWebKit/537.36 (KHTML, like Gecko; compatible; GPTBot/1.3; +https://openai.com/gptbot)"
74.7.227.140 - - [13/Mar/2026:12:37:11 +0000] "GET /FSS-HCM__1405e9d/root/proc/2766786/task/2766793/net/tcp HTTP/1.1" 200 - "https://impero.ro/FSS-HCM__1405e9d/root/proc/2766786/task/2766793/net/" "Mozilla/5.0 AppleWebKit/537.36 (KHTML, like Gecko; compatible; GPTBot/1.3; +https://openai.com/gptbot)"
74.7.242.44 - - [13/Mar/2026:12:37:11 +0000] "GET /FSS-HCM__1405e9d/root/sys/devices/system/memory/memory109/node0/memory11/subsystem/ HTTP/1.1" 200 455 "https://mail.impero.ro/FSS-HCM__1405e9d/root/sys/devices/system/memory/memory109/node0/memory11/" "Mozilla/5.0 AppleWebKit/537.36 (KHTML, like Gecko; compatible; GPTBot/1.3; +https://openai.com/gptbot)"
74.7.227.140 - - [13/Mar/2026:12:37:11 +0000] "GET /FSS-HCM__1405e9d/root/proc/2766786/task/2766794/net/udp HTTP/1.1" 200 - "https://impero.ro/FSS-HCM__1405e9d/root/proc/2766786/task/2766794/net/" "Mozilla/5.0 AppleWebKit/537.36 (KHTML, like Gecko; compatible; GPTBot/1.3; +https://openai.com/gptbot)"
74.7.242.44 - - [13/Mar/2026:12:37:11 +0000] "GET /FSS-HCM__1405e9d/root/sys/devices/system/memory/memory109/node0/memory11/state HTTP/1.1" 200 27 "https://mail.impero.ro/FSS-HCM__1405e9d/root/sys/devices/system/memory/memory109/node0/memory11/" "Mozilla/5.0 AppleWebKit/537.36 (KHTML, like Gecko; compatible; GPTBot/1.3; +https://openai.com/gptbot)"
74.7.227.140 - - [13/Mar/2026:12:37:12 +0000] "GET /FSS-HCM__1405e9d/root/proc/2766786/task/2766799/net/udp HTTP/1.1" 200 - "https://impero.ro/FSS-HCM__1405e9d/root/proc/2766786/task/2766799/net/" "Mozilla/5.0 AppleWebKit/537.36 (KHTML, like Gecko; compatible; GPTBot/1.3; +https://openai.com/gptbot)"
74.7.242.44 - - [13/Mar/2026:12:37:12 +0000] "GET /FSS-HCM__1405e9d/root/sys/devices/system/memory/memory109/node0/memory51/state HTTP/1.1" 200 27 "https://mail.impero.ro/FSS-HCM__1405e9d/root/sys/devices/system/memory/memory109/node0/memory51/" "Mozilla/5.0 AppleWebKit/537.36 (KHTML, like Gecko; compatible; GPTBot/1.3; +https://openai.com/gptbot)"
74.7.227.140 - - [13/Mar/2026:12:37:12 +0000] "GET /FSS-HCM__1405e9d/root/proc/2766786/task/2766793/net/raw HTTP/1.1" 200 - "https://impero.ro/FSS-HCM__1405e9d/root/proc/2766786/task/2766793/net/" "Mozilla/5.0 AppleWebKit/537.36 (KHTML, like Gecko; compatible; GPTBot/1.3; +https://openai.com/gptbot)"
74.7.242.44 - - [13/Mar/2026:12:37:12 +0000] "GET /FSS-HCM__1405e9d/root/sys/devices/system/memory/memory109/node0/memory90/power/ HTTP/1.1" 200 473 "https://mail.impero.ro/FSS-HCM__1405e9d/root/sys/devices/system/memory/memory109/node0/memory90/" "Mozilla/5.0 AppleWebKit/537.36 (KHTML, like Gecko; compatible; GPTBot/1.3; +https://openai.com/gptbot)"
74.7.227.140 - - [13/Mar/2026:12:37:13 +0000] "GET /FSS-HCM__1405e9d/root/proc/2766786/task/2766798/net/raw HTTP/1.1" 200 - "https://impero.ro/FSS-HCM__1405e9d/root/proc/2766786/task/2766798/net/" "Mozilla/5.0 AppleWebKit/537.36 (KHTML, like Gecko; compatible; GPTBot/1.3; +https://openai.com/gptbot)"
74.7.242.44 - - [13/Mar/2026:12:37:13 +0000] "GET /FSS-HCM__1405e9d/root/sys/devices/system/memory/memory109/node0/memory95/state HTTP/1.1" 200 27 "https://mail.impero.ro/FSS-HCM__1405e9d/root/sys/devices/system/memory/memory109/node0/memory95/" "Mozilla/5.0 AppleWebKit/537.36 (KHTML, like Gecko; compatible; GPTBot/1.3; +https://openai.com/gptbot)"
74.7.227.140 - - [13/Mar/2026:12:37:13 +0000] "GET /FSS-HCM__1405e9d/root/proc/2766786/task/2766793/net/arp HTTP/1.1" 200 - "https://impero.ro/FSS-HCM__1405e9d/root/proc/2766786/task/2766793/net/" "Mozilla/5.0 AppleWebKit/537.36 (KHTML, like Gecko; compatible; GPTBot/1.3; +https://openai.com/gptbot)"
74.7.242.44 - - [13/Mar/2026:12:37:14 +0000] "GET /FSS-HCM__1405e9d/root/sys/devices/system/memory/memory109/node0/memory19/power/control HTTP/1.1" 200 25 "https://mail.impero.ro/FSS-HCM__1405e9d/root/sys/devices/system/memory/memory109/node0/memory19/power/" "Mozilla/5.0 AppleWebKit/537.36 (KHTML, like Gecko; compatible; GPTBot/1.3; +https://openai.com/gptbot)"
74.7.227.140 - - [13/Mar/2026:12:37:14 +0000] "GET /FSS-HCM__1405e9d/root/proc/2766786/task/2766790/net/udp HTTP/1.1" 200 - "https://impero.ro/FSS-HCM__1405e9d/root/proc/2766786/task/2766790/net/" "Mozilla/5.0 AppleWebKit/537.36 (KHTML, like Gecko; compatible; GPTBot/1.3; +https://openai.com/gptbot)"
74.7.242.44 - - [13/Mar/2026:12:37:14 +0000] "GET /FSS-HCM__1405e9d/root/sys/devices/system/memory/memory109/node0/memory15/power/control HTTP/1.1" 200 25 "https://mail.impero.ro/FSS-HCM__1405e9d/root/sys/devices/system/memory/memory109/node0/memory15/power/" "Mozilla/5.0 AppleWebKit/537.36 (KHTML, like Gecko; compatible; GPTBot/1.3; +https://openai.com/gptbot)"
74.7.227.140 - - [13/Mar/2026:12:37:14 +0000] "GET /FSS-HCM__1405e9d/root/proc/2766786/task/2766794/net/raw HTTP/1.1" 200 - "https://impero.ro/FSS-HCM__1405e9d/root/proc/2766786/task/2766794/net/" "Mozilla/5.0 AppleWebKit/537.36 (KHTML, like Gecko; compatible; GPTBot/1.3; +https://openai.com/gptbot)"
74.7.242.44 - - [13/Mar/2026:12:37:15 +0000] "GET /FSS-HCM__1405e9d/root/sys/devices/system/memory/memory109/node0/memory14/power/control HTTP/1.1" 200 25 "https://mail.impero.ro/FSS-HCM__1405e9d/root/sys/devices/system/memory/memory109/node0/memory14/power/" "Mozilla/5.0 AppleWebKit/537.36 (KHTML, like Gecko; compatible; GPTBot/1.3; +https://openai.com/gptbot)"
74.7.227.140 - - [13/Mar/2026:12:37:15 +0000] "GET /FSS-HCM__1405e9d/root/proc/2766786/task/2766798/net/udp HTTP/1.1" 200 - "https://impero.ro/FSS-HCM__1405e9d/root/proc/2766786/task/2766798/net/" "Mozilla/5.0 AppleWebKit/537.36 (KHTML, like Gecko; compatible; GPTBot/1.3; +https://openai.com/gptbot)"
74.7.242.44 - - [13/Mar/2026:12:37:15 +0000] "GET /FSS-HCM__1405e9d/root/sys/devices/system/memory/memory109/node0/memory10/subsystem/?C=N;O=D HTTP/1.1" 200 459 "https://mail.impero.ro/FSS-HCM__1405e9d/root/sys/devices/system/memory/memory109/node0/memory10/subsystem/" "Mozilla/5.0 AppleWebKit/537.36 (KHTML, like Gecko; compatible; GPTBot/1.3; +https://openai.com/gptbot)"
74.7.227.140 - - [13/Mar/2026:12:37:15 +0000] "GET /FSS-HCM__1405e9d/root/proc/2766786/task/2766798/net/ptype HTTP/1.1" 200 - "https://impero.ro/FSS-HCM__1405e9d/root/proc/2766786/task/2766798/net/" "Mozilla/5.0 AppleWebKit/537.36 (KHTML, like Gecko; compatible; GPTBot/1.3; +https://openai.com/gptbot)"
74.7.242.44 - - [13/Mar/2026:12:37:16 +0000] "GET /FSS-HCM__1405e9d/root/sys/devices/system/memory/memory109/node0/memory10/subsystem/?C=D;O=A HTTP/1.1" 200 455 "https://mail.impero.ro/FSS-HCM__1405e9d/root/sys/devices/system/memory/memory109/node0/memory10/subsystem/" "Mozilla/5.0 AppleWebKit/537.36 (KHTML, like Gecko; compatible; GPTBot/1.3; +https://openai.com/gptbot)"
74.7.227.140 - - [13/Mar/2026:12:37:16 +0000] "GET /FSS-HCM__1405e9d/root/proc/2766786/task/2766793/net/route HTTP/1.1" 200 - "https://impero.ro/FSS-HCM__1405e9d/root/proc/2766786/task/2766793/net/" "Mozilla/5.0 AppleWebKit/537.36 (KHTML, like Gecko; compatible; GPTBot/1.3; +https://openai.com/gptbot)"
74.7.242.44 - - [13/Mar/2026:12:37:16 +0000] "GET /FSS-HCM__1405e9d/root/sys/devices/system/memory/memory109/node0/memory10/subsystem/?C=M;O=A HTTP/1.1" 200 457 "https://mail.impero.ro/FSS-HCM__1405e9d/root/sys/devices/system/memory/memory109/node0/memory10/subsystem/" "Mozilla/5.0 AppleWebKit/537.36 (KHTML, like Gecko; compatible; GPTBot/1.3; +https://openai.com/gptbot)"
74.7.227.140 - - [13/Mar/2026:12:37:16 +0000] "GET /FSS-HCM__1405e9d/root/proc/2766786/task/2766794/net/ptype HTTP/1.1" 200 - "https://impero.ro/FSS-HCM__1405e9d/root/proc/2766786/task/2766794/net/" "Mozilla/5.0 AppleWebKit/537.36 (KHTML, like Gecko; compatible; GPTBot/1.3; +https://openai.com/gptbot)"
74.7.242.44 - - [13/Mar/2026:12:37:17 +0000] "GET /FSS-HCM__1405e9d/root/sys/devices/system/memory/memory109/node0/memory11/subsystem/drivers_probe HTTP/1.1" 404 36 "https://mail.impero.ro/FSS-HCM__1405e9d/root/sys/devices/system/memory/memory109/node0/memory11/subsystem/" "Mozilla/5.0 AppleWebKit/537.36 (KHTML, like Gecko; compatible; GPTBot/1.3; +https://openai.com/gptbot)"
74.7.175.151 - - [13/Mar/2026:12:37:17 +0000] "GET /robots.txt HTTP/1.1" 404 36 "-" "Mozilla/5.0 (Macintosh; Intel Mac OS X 10_15_7) AppleWebKit/537.36 (KHTML, like Gecko) Chrome/131.0.0.0 Safari/537.36; compatible; OAI-SearchBot/1.3; robots.txt; +https://openai.com/searchbot"
74.7.227.140 - - [13/Mar/2026:12:37:17 +0000] "GET /FSS-HCM__1405e9d/root/proc/2766786/task/2766790/net/ptype HTTP/1.1" 200 - "https://impero.ro/FSS-HCM__1405e9d/root/proc/2766786/task/2766790/net/" "Mozilla/5.0 AppleWebKit/537.36 (KHTML, like Gecko; compatible; GPTBot/1.3; +https://openai.com/gptbot)"
74.7.242.44 - - [13/Mar/2026:12:37:17 +0000] "GET /FSS-HCM__1405e9d/root/sys/devices/system/memory/memory109/node0/memory11/subsystem/uevent HTTP/1.1" 404 36 "https://mail.impero.ro/FSS-HCM__1405e9d/root/sys/devices/system/memory/memory109/node0/memory11/subsystem/" "Mozilla/5.0 AppleWebKit/537.36 (KHTML, like Gecko; compatible; GPTBot/1.3; +https://openai.com/gptbot)"
74.7.242.44 - - [13/Mar/2026:12:37:18 +0000] "GET /FSS-HCM__1405e9d/root/sys/devices/system/memory/memory109/node0/memory11/power/ HTTP/1.1" 200 472 "https://mail.impero.ro/FSS-HCM__1405e9d/root/sys/devices/system/memory/memory109/node0/memory11/" "Mozilla/5.0 AppleWebKit/537.36 (KHTML, like Gecko; compatible; GPTBot/1.3; +https://openai.com/gptbot)"
74.7.227.140 - - [13/Mar/2026:12:37:18 +0000] "GET /FSS-HCM__1405e9d/root/proc/2766786/task/2766793/net/ptype HTTP/1.1" 200 - "https://impero.ro/FSS-HCM__1405e9d/root/proc/2766786/task/2766793/net/" "Mozilla/5.0 AppleWebKit/537.36 (KHTML, like Gecko; compatible; GPTBot/1.3; +https://openai.com/gptbot)"
74.7.242.44 - - [13/Mar/2026:12:37:18 +0000] "GET /FSS-HCM__1405e9d/root/sys/devices/system/memory/memory109/node0/memory10/power/ HTTP/1.1" 200 472 "https://mail.impero.ro/FSS-HCM__1405e9d/root/sys/devices/system/memory/memory109/node0/memory10/" "Mozilla/5.0 AppleWebKit/537.36 (KHTML, like Gecko; compatible; GPTBot/1.3; +https://openai.com/gptbot)"
74.7.242.44 - - [13/Mar/2026:12:37:19 +0000] "GET /FSS-HCM__1405e9d/root/sys/devices/system/memory/memory109/node0/memory19/subsystem/drivers/ HTTP/1.1" 200 363 "https://mail.impero.ro/FSS-HCM__1405e9d/root/sys/devices/system/memory/memory109/node0/memory19/subsystem/" "Mozilla/5.0 AppleWebKit/537.36 (KHTML, like Gecko; compatible; GPTBot/1.3; +https://openai.com/gptbot)"
74.7.242.44 - - [13/Mar/2026:12:37:19 +0000] "GET /FSS-HCM__1405e9d/root/sys/devices/system/memory/memory109/node0/memory11/subsystem/drivers/ HTTP/1.1" 200 363 "https://mail.impero.ro/FSS-HCM__1405e9d/root/sys/devices/system/memory/memory109/node0/memory11/subsystem/" "Mozilla/5.0 AppleWebKit/537.36 (KHTML, like Gecko; compatible; GPTBot/1.3; +https://openai.com/gptbot)"
74.7.227.140 - - [13/Mar/2026:12:37:19 +0000] "GET /FSS-HCM__1405e9d/root/proc/2766786/task/2766793/net/igmp6 HTTP/1.1" 200 - "https://impero.ro/FSS-HCM__1405e9d/root/proc/2766786/task/2766793/net/" "Mozilla/5.0 AppleWebKit/537.36 (KHTML, like Gecko; compatible; GPTBot/1.3; +https://openai.com/gptbot)"
74.7.242.44 - - [13/Mar/2026:12:37:20 +0000] "GET /FSS-HCM__1405e9d/root/sys/devices/system/memory/memory109/node0/memory10/subsystem/drivers/ HTTP/1.1" 200 362 "https://mail.impero.ro/FSS-HCM__1405e9d/root/sys/devices/system/memory/memory109/node0/memory10/subsystem/" "Mozilla/5.0 AppleWebKit/537.36 (KHTML, like Gecko; compatible; GPTBot/1.3; +https://openai.com/gptbot)"
74.7.227.140 - - [13/Mar/2026:12:37:20 +0000] "GET /FSS-HCM__1405e9d/root/proc/2766786/task/2766790/net/icmp6 HTTP/1.1" 200 - "https://impero.ro/FSS-HCM__1405e9d/root/proc/2766786/task/2766790/net/" "Mozilla/5.0 AppleWebKit/537.36 (KHTML, like Gecko; compatible; GPTBot/1.3; +https://openai.com/gptbot)"
74.7.242.44 - - [13/Mar/2026:12:37:20 +0000] "GET /FSS-HCM__1405e9d/root/sys/devices/system/memory/memory109/node0/memory41/ HTTP/1.1" 200 508 "https://mail.impero.ro/FSS-HCM__1405e9d/root/sys/devices/system/memory/memory109/node0/" "Mozilla/5.0 AppleWebKit/537.36 (KHTML, like Gecko; compatible; GPTBot/1.3; +https://openai.com/gptbot)"
74.7.227.140 - - [13/Mar/2026:12:37:20 +0000] "GET /FSS-HCM__1405e9d/root/proc/2766786/task/2766798/net/igmp6 HTTP/1.1" 200 - "https://impero.ro/FSS-HCM__1405e9d/root/proc/2766786/task/2766798/net/" "Mozilla/5.0 AppleWebKit/537.36 (KHTML, like Gecko; compatible; GPTBot/1.3; +https://openai.com/gptbot)"
74.7.242.44 - - [13/Mar/2026:12:37:21 +0000] "GET /FSS-HCM__1405e9d/root/sys/devices/system/memory/memory109/node0/memory10/subsystem/?C=N;O=A HTTP/1.1" 200 455 "https://mail.impero.ro/FSS-HCM__1405e9d/root/sys/devices/system/memory/memory109/node0/memory10/subsystem/?C=N;O=D" "Mozilla/5.0 AppleWebKit/537.36 (KHTML, like Gecko; compatible; GPTBot/1.3; +https://openai.com/gptbot)"
74.7.227.140 - - [13/Mar/2026:12:37:21 +0000] "GET /FSS-HCM__1405e9d/root/proc/2766786/task/2766793/net/snmp6 HTTP/1.1" 200 - "https://impero.ro/FSS-HCM__1405e9d/root/proc/2766786/task/2766793/net/" "Mozilla/5.0 AppleWebKit/537.36 (KHTML, like Gecko; compatible; GPTBot/1.3; +https://openai.com/gptbot)"
74.7.242.44 - - [13/Mar/2026:12:37:21 +0000] "GET /FSS-HCM__1405e9d/root/sys/devices/system/memory/memory109/node0/memory10/subsystem/?C=D;O=D HTTP/1.1" 200 459 "https://mail.impero.ro/FSS-HCM__1405e9d/root/sys/devices/system/memory/memory109/node0/memory10/subsystem/?C=D;O=A" "Mozilla/5.0 AppleWebKit/537.36 (KHTML, like Gecko; compatible; GPTBot/1.3; +https://openai.com/gptbot)"
74.7.227.140 - - [13/Mar/2026:12:37:22 +0000] "GET /FSS-HCM__1405e9d/root/proc/2766786/task/2766799/net/igmp6 HTTP/1.1" 200 - "https://impero.ro/FSS-HCM__1405e9d/root/proc/2766786/task/2766799/net/" "Mozilla/5.0 AppleWebKit/537.36 (KHTML, like Gecko; compatible; GPTBot/1.3; +https://openai.com/gptbot)"
74.7.242.44 - - [13/Mar/2026:12:37:22 +0000] "GET /FSS-HCM__1405e9d/root/sys/devices/system/memory/memory109/node0/memory10/subsystem/?C=M;O=D HTTP/1.1" 200 462 "https://mail.impero.ro/FSS-HCM__1405e9d/root/sys/devices/system/memory/memory109/node0/memory10/subsystem/?C=M;O=A" "Mozilla/5.0 AppleWebKit/537.36 (KHTML, like Gecko; compatible; GPTBot/1.3; +https://openai.com/gptbot)"
74.7.242.44 - - [13/Mar/2026:12:37:23 +0000] "GET /FSS-HCM__1405e9d/root/sys/devices/system/memory/memory109/node0/memory55/ HTTP/1.1" 200 527 "https://mail.impero.ro/FSS-HCM__1405e9d/root/sys/devices/system/memory/memory109/node0/" "Mozilla/5.0 AppleWebKit/537.36 (KHTML, like Gecko; compatible; GPTBot/1.3; +https://openai.com/gptbot)"
74.7.227.140 - - [13/Mar/2026:12:37:23 +0000] "GET /FSS-HCM__1405e9d/root/proc/2766786/task/2766793/net/icmp6 HTTP/1.1" 200 - "https://impero.ro/FSS-HCM__1405e9d/root/proc/2766786/task/2766793/net/" "Mozilla/5.0 AppleWebKit/537.36 (KHTML, like Gecko; compatible; GPTBot/1.3; +https://openai.com/gptbot)"
74.7.242.44 - - [13/Mar/2026:12:37:23 +0000] "GET /FSS-HCM__1405e9d/root/sys/devices/system/memory/memory109/node0/memory59/ HTTP/1.1" 200 524 "https://mail.impero.ro/FSS-HCM__1405e9d/root/sys/devices/system/memory/memory109/node0/" "Mozilla/5.0 AppleWebKit/537.36 (KHTML, like Gecko; compatible; GPTBot/1.3; +https://openai.com/gptbot)"
74.7.242.44 - - [13/Mar/2026:12:37:24 +0000] "GET /FSS-HCM__1405e9d/root/sys/devices/system/memory/memory109/node0/memory11/power/control HTTP/1.1" 200 25 "https://mail.impero.ro/FSS-HCM__1405e9d/root/sys/devices/system/memory/memory109/node0/memory11/power/" "Mozilla/5.0 AppleWebKit/537.36 (KHTML, like Gecko; compatible; GPTBot/1.3; +https://openai.com/gptbot)"
74.7.227.140 - - [13/Mar/2026:12:37:24 +0000] "GET /FSS-HCM__1405e9d/root/proc/2766786/task/2766794/net/icmp6 HTTP/1.1" 200 - "https://impero.ro/FSS-HCM__1405e9d/root/proc/2766786/task/2766794/net/" "Mozilla/5.0 AppleWebKit/537.36 (KHTML, like Gecko; compatible; GPTBot/1.3; +https://openai.com/gptbot)"
74.7.242.44 - - [13/Mar/2026:12:37:24 +0000] "GET /FSS-HCM__1405e9d/root/sys/devices/system/memory/memory109/node0/memory10/power/control HTTP/1.1" 200 25 "https://mail.impero.ro/FSS-HCM__1405e9d/root/sys/devices/system/memory/memory109/node0/memory10/power/" "Mozilla/5.0 AppleWebKit/537.36 (KHTML, like Gecko; compatible; GPTBot/1.3; +https://openai.com/gptbot)"
74.7.227.140 - - [13/Mar/2026:12:37:25 +0000] "GET /FSS-HCM__1405e9d/root/proc/2766786/task/2766798/net/icmp6 HTTP/1.1" 200 - "https://impero.ro/FSS-HCM__1405e9d/root/proc/2766786/task/2766798/net/" "Mozilla/5.0 AppleWebKit/537.36 (KHTML, like Gecko; compatible; GPTBot/1.3; +https://openai.com/gptbot)"
74.7.242.44 - - [13/Mar/2026:12:37:25 +0000] "GET /FSS-HCM__1405e9d/root/sys/devices/system/memory/memory109/node0/memory10/power/?C=N;O=D HTTP/1.1" 200 472 "https://mail.impero.ro/FSS-HCM__1405e9d/root/sys/devices/system/memory/memory109/node0/memory10/power/" "Mozilla/5.0 AppleWebKit/537.36 (KHTML, like Gecko; compatible; GPTBot/1.3; +https://openai.com/gptbot)"
74.7.242.44 - - [13/Mar/2026:12:37:25 +0000] "GET /FSS-HCM__1405e9d/root/sys/devices/system/memory/memory109/node0/memory10/power/?C=D;O=A HTTP/1.1" 200 472 "https://mail.impero.ro/FSS-HCM__1405e9d/root/sys/devices/system/memory/memory109/node0/memory10/power/" "Mozilla/5.0 AppleWebKit/537.36 (KHTML, like Gecko; compatible; GPTBot/1.3; +https://openai.com/gptbot)"
74.7.227.140 - - [13/Mar/2026:12:37:25 +0000] "GET /FSS-HCM__1405e9d/root/proc/2766786/task/2766792/net/igmp6 HTTP/1.1" 200 - "https://impero.ro/FSS-HCM__1405e9d/root/proc/2766786/task/2766792/net/" "Mozilla/5.0 AppleWebKit/537.36 (KHTML, like Gecko; compatible; GPTBot/1.3; +https://openai.com/gptbot)"
74.7.242.44 - - [13/Mar/2026:12:37:26 +0000] "GET /FSS-HCM__1405e9d/root/sys/devices/system/memory/memory109/node0/memory94/ HTTP/1.1" 200 519 "https://mail.impero.ro/FSS-HCM__1405e9d/root/sys/devices/system/memory/memory109/node0/" "Mozilla/5.0 AppleWebKit/537.36 (KHTML, like Gecko; compatible; GPTBot/1.3; +https://openai.com/gptbot)"
74.7.227.140 - - [13/Mar/2026:12:37:26 +0000] "GET /FSS-HCM__1405e9d/root/proc/2766786/task/2766790/net/igmp6 HTTP/1.1" 200 - "https://impero.ro/FSS-HCM__1405e9d/root/proc/2766786/task/2766790/net/" "Mozilla/5.0 AppleWebKit/537.36 (KHTML, like Gecko; compatible; GPTBot/1.3; +https://openai.com/gptbot)"
74.7.242.44 - - [13/Mar/2026:12:37:26 +0000] "GET /FSS-HCM__1405e9d/root/sys/devices/system/memory/memory109/node0/memory41/state HTTP/1.1" 200 27 "https://mail.impero.ro/FSS-HCM__1405e9d/root/sys/devices/system/memory/memory109/node0/memory41/" "Mozilla/5.0 AppleWebKit/537.36 (KHTML, like Gecko; compatible; GPTBot/1.3; +https://openai.com/gptbot)"
74.7.227.140 - - [13/Mar/2026:12:37:26 +0000] "GET /FSS-HCM__1405e9d/root/proc/2766786/task/2766798/net/packet HTTP/1.1" 200 - "https://impero.ro/FSS-HCM__1405e9d/root/proc/2766786/task/2766798/net/" "Mozilla/5.0 AppleWebKit/537.36 (KHTML, like Gecko; compatible; GPTBot/1.3; +https://openai.com/gptbot)"
74.7.242.44 - - [13/Mar/2026:12:37:27 +0000] "GET /FSS-HCM__1405e9d/root/sys/devices/system/memory/memory109/node0/memory99/ HTTP/1.1" 200 525 "https://mail.impero.ro/FSS-HCM__1405e9d/root/sys/devices/system/memory/memory109/node0/" "Mozilla/5.0 AppleWebKit/537.36 (KHTML, like Gecko; compatible; GPTBot/1.3; +https://openai.com/gptbot)"
74.7.227.140 - - [13/Mar/2026:12:37:27 +0000] "GET /FSS-HCM__1405e9d/root/proc/2766786/task/2766790/net/packet HTTP/1.1" 200 - "https://impero.ro/FSS-HCM__1405e9d/root/proc/2766786/task/2766790/net/" "Mozilla/5.0 AppleWebKit/537.36 (KHTML, like Gecko; compatible; GPTBot/1.3; +https://openai.com/gptbot)"
74.7.242.44 - - [13/Mar/2026:12:37:27 +0000] "GET /FSS-HCM__1405e9d/root/sys/devices/system/memory/memory109/node0/memory91/ HTTP/1.1" 200 520 "https://mail.impero.ro/FSS-HCM__1405e9d/root/sys/devices/system/memory/memory109/node0/" "Mozilla/5.0 AppleWebKit/537.36 (KHTML, like Gecko; compatible; GPTBot/1.3; +https://openai.com/gptbot)"
