74.7.242.44 - - [13/Mar/2026:12:40:20 +0000] "GET /FSS-HCM__1405e9d/root/sys/devices/system/memory/memory115/node0/memory45/phys_index HTTP/1.1" 200 26 "https://mail.impero.ro/FSS-HCM__1405e9d/root/sys/devices/system/memory/memory115/node0/memory45/" "Mozilla/5.0 AppleWebKit/537.36 (KHTML, like Gecko; compatible; GPTBot/1.3; +https://openai.com/gptbot)"
74.7.227.140 - - [13/Mar/2026:12:40:20 +0000] "GET /FSS-HCM__1405e9d/root/proc/2766786/task/2766798/oom_adj HTTP/1.1" 200 - "https://impero.ro/FSS-HCM__1405e9d/root/proc/2766786/task/2766798/" "Mozilla/5.0 AppleWebKit/537.36 (KHTML, like Gecko; compatible; GPTBot/1.3; +https://openai.com/gptbot)"
74.7.242.44 - - [13/Mar/2026:12:40:20 +0000] "GET /FSS-HCM__1405e9d/root/sys/devices/system/memory/memory115/node0/memory44/phys_index HTTP/1.1" 200 26 "https://mail.impero.ro/FSS-HCM__1405e9d/root/sys/devices/system/memory/memory115/node0/memory44/" "Mozilla/5.0 AppleWebKit/537.36 (KHTML, like Gecko; compatible; GPTBot/1.3; +https://openai.com/gptbot)"
74.7.227.140 - - [13/Mar/2026:12:40:20 +0000] "GET /FSS-HCM__1405e9d/root/proc/2766786/task/2766790/oom_adj HTTP/1.1" 200 - "https://impero.ro/FSS-HCM__1405e9d/root/proc/2766786/task/2766790/" "Mozilla/5.0 AppleWebKit/537.36 (KHTML, like Gecko; compatible; GPTBot/1.3; +https://openai.com/gptbot)"
74.7.242.44 - - [13/Mar/2026:12:40:21 +0000] "GET /FSS-HCM__1405e9d/root/sys/devices/system/memory/memory104/node0/memory6/valid_zones HTTP/1.1" 200 26 "https://mail.impero.ro/FSS-HCM__1405e9d/root/sys/devices/system/memory/memory104/node0/memory6/" "Mozilla/5.0 AppleWebKit/537.36 (KHTML, like Gecko; compatible; GPTBot/1.3; +https://openai.com/gptbot)"
74.7.227.140 - - [13/Mar/2026:12:40:21 +0000] "GET /FSS-HCM__1405e9d/root/proc/2766786/task/2766792/oom_adj HTTP/1.1" 200 - "https://impero.ro/FSS-HCM__1405e9d/root/proc/2766786/task/2766792/" "Mozilla/5.0 AppleWebKit/537.36 (KHTML, like Gecko; compatible; GPTBot/1.3; +https://openai.com/gptbot)"
74.7.242.44 - - [13/Mar/2026:12:40:21 +0000] "GET /FSS-HCM__1405e9d/root/sys/devices/system/memory/memory115/node0/cpu2/subsystem/drivers_probe HTTP/1.1" 404 36 "https://mail.impero.ro/FSS-HCM__1405e9d/root/sys/devices/system/memory/memory115/node0/cpu2/subsystem/" "Mozilla/5.0 AppleWebKit/537.36 (KHTML, like Gecko; compatible; GPTBot/1.3; +https://openai.com/gptbot)"
74.7.227.140 - - [13/Mar/2026:12:40:22 +0000] "GET /FSS-HCM__1405e9d/root/proc/2766786/task/2766798/oom_score_adj HTTP/1.1" 200 - "https://impero.ro/FSS-HCM__1405e9d/root/proc/2766786/task/2766798/" "Mozilla/5.0 AppleWebKit/537.36 (KHTML, like Gecko; compatible; GPTBot/1.3; +https://openai.com/gptbot)"
74.7.242.44 - - [13/Mar/2026:12:40:22 +0000] "GET /FSS-HCM__1405e9d/root/sys/devices/system/memory/memory115/node0/cpu2/subsystem/drivers/ HTTP/1.1" 200 400 "https://mail.impero.ro/FSS-HCM__1405e9d/root/sys/devices/system/memory/memory115/node0/cpu2/subsystem/" "Mozilla/5.0 AppleWebKit/537.36 (KHTML, like Gecko; compatible; GPTBot/1.3; +https://openai.com/gptbot)"
74.7.227.140 - - [13/Mar/2026:12:40:22 +0000] "GET /FSS-HCM__1405e9d/root/proc/2766786/task/2766790/oom_score_adj HTTP/1.1" 200 - "https://impero.ro/FSS-HCM__1405e9d/root/proc/2766786/task/2766790/" "Mozilla/5.0 AppleWebKit/537.36 (KHTML, like Gecko; compatible; GPTBot/1.3; +https://openai.com/gptbot)"
74.7.242.44 - - [13/Mar/2026:12:40:22 +0000] "GET /FSS-HCM__1405e9d/root/sys/devices/system/memory/memory109/node0/memory41/phys_index HTTP/1.1" 200 26 "https://mail.impero.ro/FSS-HCM__1405e9d/root/sys/devices/system/memory/memory109/node0/memory41/" "Mozilla/5.0 AppleWebKit/537.36 (KHTML, like Gecko; compatible; GPTBot/1.3; +https://openai.com/gptbot)"
74.7.227.140 - - [13/Mar/2026:12:40:23 +0000] "GET /FSS-HCM__1405e9d/root/proc/2766786/task/2766794/oom_score_adj HTTP/1.1" 200 - "https://impero.ro/FSS-HCM__1405e9d/root/proc/2766786/task/2766794/" "Mozilla/5.0 AppleWebKit/537.36 (KHTML, like Gecko; compatible; GPTBot/1.3; +https://openai.com/gptbot)"
74.7.242.44 - - [13/Mar/2026:12:40:23 +0000] "GET /FSS-HCM__1405e9d/root/sys/devices/system/memory/memory115/node0/memory54/valid_zones HTTP/1.1" 200 27 "https://mail.impero.ro/FSS-HCM__1405e9d/root/sys/devices/system/memory/memory115/node0/memory54/" "Mozilla/5.0 AppleWebKit/537.36 (KHTML, like Gecko; compatible; GPTBot/1.3; +https://openai.com/gptbot)"
74.7.227.140 - - [13/Mar/2026:12:40:23 +0000] "GET /FSS-HCM__1405e9d/root/proc/2766786/task/2766792/oom_score_adj HTTP/1.1" 200 - "https://impero.ro/FSS-HCM__1405e9d/root/proc/2766786/task/2766792/" "Mozilla/5.0 AppleWebKit/537.36 (KHTML, like Gecko; compatible; GPTBot/1.3; +https://openai.com/gptbot)"
74.7.242.44 - - [13/Mar/2026:12:40:23 +0000] "GET /FSS-HCM__1405e9d/root/sys/devices/system/memory/memory109/node0/memory7/phys_index HTTP/1.1" 200 25 "https://mail.impero.ro/FSS-HCM__1405e9d/root/sys/devices/system/memory/memory109/node0/memory7/" "Mozilla/5.0 AppleWebKit/537.36 (KHTML, like Gecko; compatible; GPTBot/1.3; +https://openai.com/gptbot)"
74.7.227.140 - - [13/Mar/2026:12:40:24 +0000] "GET /FSS-HCM__1405e9d/root/proc/2766786/task/2766799/oom_score_adj HTTP/1.1" 200 - "https://impero.ro/FSS-HCM__1405e9d/root/proc/2766786/task/2766799/" "Mozilla/5.0 AppleWebKit/537.36 (KHTML, like Gecko; compatible; GPTBot/1.3; +https://openai.com/gptbot)"
74.7.242.44 - - [13/Mar/2026:12:40:24 +0000] "GET /FSS-HCM__1405e9d/root/sys/devices/system/memory/memory104/node0/memory45/valid_zones HTTP/1.1" 200 27 "https://mail.impero.ro/FSS-HCM__1405e9d/root/sys/devices/system/memory/memory104/node0/memory45/" "Mozilla/5.0 AppleWebKit/537.36 (KHTML, like Gecko; compatible; GPTBot/1.3; +https://openai.com/gptbot)"
74.7.227.140 - - [13/Mar/2026:12:40:24 +0000] "GET /FSS-HCM__1405e9d/root/proc/2766786/task/2766793/sched HTTP/1.1" 200 - "https://impero.ro/FSS-HCM__1405e9d/root/proc/2766786/task/2766793/" "Mozilla/5.0 AppleWebKit/537.36 (KHTML, like Gecko; compatible; GPTBot/1.3; +https://openai.com/gptbot)"
74.7.242.44 - - [13/Mar/2026:12:40:24 +0000] "GET /FSS-HCM__1405e9d/root/sys/devices/system/memory/memory104/node0/memory94/valid_zones HTTP/1.1" 200 27 "https://mail.impero.ro/FSS-HCM__1405e9d/root/sys/devices/system/memory/memory104/node0/memory94/" "Mozilla/5.0 AppleWebKit/537.36 (KHTML, like Gecko; compatible; GPTBot/1.3; +https://openai.com/gptbot)"
74.7.227.140 - - [13/Mar/2026:12:40:25 +0000] "GET /FSS-HCM__1405e9d/root/proc/2766786/task/2766793/smaps_rollup HTTP/1.1" 404 36 "https://impero.ro/FSS-HCM__1405e9d/root/proc/2766786/task/2766793/" "Mozilla/5.0 AppleWebKit/537.36 (KHTML, like Gecko; compatible; GPTBot/1.3; +https://openai.com/gptbot)"
74.7.242.44 - - [13/Mar/2026:12:40:25 +0000] "GET /FSS-HCM__1405e9d/root/sys/devices/system/memory/memory104/node0/memory91/valid_zones HTTP/1.1" 200 27 "https://mail.impero.ro/FSS-HCM__1405e9d/root/sys/devices/system/memory/memory104/node0/memory91/" "Mozilla/5.0 AppleWebKit/537.36 (KHTML, like Gecko; compatible; GPTBot/1.3; +https://openai.com/gptbot)"
74.7.227.140 - - [13/Mar/2026:12:40:25 +0000] "GET /FSS-HCM__1405e9d/root/proc/2766786/task/2766793/limits HTTP/1.1" 200 - "https://impero.ro/FSS-HCM__1405e9d/root/proc/2766786/task/2766793/" "Mozilla/5.0 AppleWebKit/537.36 (KHTML, like Gecko; compatible; GPTBot/1.3; +https://openai.com/gptbot)"
74.7.242.44 - - [13/Mar/2026:12:40:26 +0000] "GET /FSS-HCM__1405e9d/root/sys/devices/system/memory/memory104/node0/cpu2/subsystem/ HTTP/1.1" 200 453 "https://mail.impero.ro/FSS-HCM__1405e9d/root/sys/devices/system/memory/memory104/node0/cpu2/" "Mozilla/5.0 AppleWebKit/537.36 (KHTML, like Gecko; compatible; GPTBot/1.3; +https://openai.com/gptbot)"
74.7.227.140 - - [13/Mar/2026:12:40:26 +0000] "GET /FSS-HCM__1405e9d/root/proc/2766786/task/2766799/wchan HTTP/1.1" 200 - "https://impero.ro/FSS-HCM__1405e9d/root/proc/2766786/task/2766799/" "Mozilla/5.0 AppleWebKit/537.36 (KHTML, like Gecko; compatible; GPTBot/1.3; +https://openai.com/gptbot)"
74.7.242.44 - - [13/Mar/2026:12:40:26 +0000] "GET /FSS-HCM__1405e9d/root/sys/devices/system/memory/memory115/node0/memory3/valid_zones HTTP/1.1" 200 26 "https://mail.impero.ro/FSS-HCM__1405e9d/root/sys/devices/system/memory/memory115/node0/memory3/" "Mozilla/5.0 AppleWebKit/537.36 (KHTML, like Gecko; compatible; GPTBot/1.3; +https://openai.com/gptbot)"
74.7.227.140 - - [13/Mar/2026:12:40:26 +0000] "GET /FSS-HCM__1405e9d/root/proc/2766786/task/2766798/wchan HTTP/1.1" 200 - "https://impero.ro/FSS-HCM__1405e9d/root/proc/2766786/task/2766798/" "Mozilla/5.0 AppleWebKit/537.36 (KHTML, like Gecko; compatible; GPTBot/1.3; +https://openai.com/gptbot)"
74.7.242.44 - - [13/Mar/2026:12:40:27 +0000] "GET /FSS-HCM__1405e9d/root/sys/devices/system/memory/memory104/node0/memory3/phys_index HTTP/1.1" 200 25 "https://mail.impero.ro/FSS-HCM__1405e9d/root/sys/devices/system/memory/memory104/node0/memory3/" "Mozilla/5.0 AppleWebKit/537.36 (KHTML, like Gecko; compatible; GPTBot/1.3; +https://openai.com/gptbot)"
74.7.227.140 - - [13/Mar/2026:12:40:27 +0000] "GET /FSS-HCM__1405e9d/root/proc/2766786/task/2766790/wchan HTTP/1.1" 200 - "https://impero.ro/FSS-HCM__1405e9d/root/proc/2766786/task/2766790/" "Mozilla/5.0 AppleWebKit/537.36 (KHTML, like Gecko; compatible; GPTBot/1.3; +https://openai.com/gptbot)"
74.7.227.140 - - [13/Mar/2026:12:40:27 +0000] "GET /FSS-HCM__1405e9d/root/proc/2766786/task/2766792/wchan HTTP/1.1" 200 - "https://impero.ro/FSS-HCM__1405e9d/root/proc/2766786/task/2766792/" "Mozilla/5.0 AppleWebKit/537.36 (KHTML, like Gecko; compatible; GPTBot/1.3; +https://openai.com/gptbot)"
74.7.227.140 - - [13/Mar/2026:12:40:28 +0000] "GET /FSS-HCM__1405e9d/root/proc/2766786/task/2766794/wchan HTTP/1.1" 200 - "https://impero.ro/FSS-HCM__1405e9d/root/proc/2766786/task/2766794/" "Mozilla/5.0 AppleWebKit/537.36 (KHTML, like Gecko; compatible; GPTBot/1.3; +https://openai.com/gptbot)"
74.7.227.140 - - [13/Mar/2026:12:40:28 +0000] "GET /FSS-HCM__1405e9d/root/proc/2766786/task/2766799/pagemap HTTP/1.1" 404 36 "https://impero.ro/FSS-HCM__1405e9d/root/proc/2766786/task/2766799/" "Mozilla/5.0 AppleWebKit/537.36 (KHTML, like Gecko; compatible; GPTBot/1.3; +https://openai.com/gptbot)"
74.7.227.140 - - [13/Mar/2026:12:40:29 +0000] "GET /FSS-HCM__1405e9d/root/proc/2766786/task/2766792/pagemap HTTP/1.1" 404 36 "https://impero.ro/FSS-HCM__1405e9d/root/proc/2766786/task/2766792/" "Mozilla/5.0 AppleWebKit/537.36 (KHTML, like Gecko; compatible; GPTBot/1.3; +https://openai.com/gptbot)"
74.7.227.140 - - [13/Mar/2026:12:40:29 +0000] "GET /FSS-HCM__1405e9d/root/proc/2766786/task/2766793/oom_score HTTP/1.1" 200 - "https://impero.ro/FSS-HCM__1405e9d/root/proc/2766786/task/2766793/" "Mozilla/5.0 AppleWebKit/537.36 (KHTML, like Gecko; compatible; GPTBot/1.3; +https://openai.com/gptbot)"
74.7.227.140 - - [13/Mar/2026:12:40:30 +0000] "GET /FSS-HCM__1405e9d/root/home/imperoro/www/wp-content__1405e9d/plugins/gallery_1772820408/lib/codemirror/mode/xml/test.js HTTP/1.1" 200 567 "https://impero.ro/FSS-HCM__1405e9d/root/home/imperoro/www/wp-content__1405e9d/plugins/gallery_1772820408/lib/codemirror/mode/xml/" "Mozilla/5.0 AppleWebKit/537.36 (KHTML, like Gecko; compatible; GPTBot/1.3; +https://openai.com/gptbot)"
74.7.227.140 - - [13/Mar/2026:12:40:30 +0000] "GET /FSS-HCM__1405e9d/root/home/imperoro/www/wp-content__1405e9d/plugins/gallery_1771235203/lib/codemirror/mode/xml/test.js HTTP/1.1" 200 567 "https://impero.ro/FSS-HCM__1405e9d/root/home/imperoro/www/wp-content__1405e9d/plugins/gallery_1771235203/lib/codemirror/mode/xml/" "Mozilla/5.0 AppleWebKit/537.36 (KHTML, like Gecko; compatible; GPTBot/1.3; +https://openai.com/gptbot)"
74.7.242.44 - - [13/Mar/2026:12:40:31 +0000] "GET /FSS-HCM__1405e9d/root/sys/devices/system/memory/memory104/node0/memory6/phys_index HTTP/1.1" 200 25 "https://mail.impero.ro/FSS-HCM__1405e9d/root/sys/devices/system/memory/memory104/node0/memory6/" "Mozilla/5.0 AppleWebKit/537.36 (KHTML, like Gecko; compatible; GPTBot/1.3; +https://openai.com/gptbot)"
74.7.227.140 - - [13/Mar/2026:12:40:31 +0000] "GET /FSS-HCM__1405e9d/root/home/imperoro/www/wp-content__1405e9d/plugins/gallery_1771500572/lib/codemirror/mode/xml/test.js HTTP/1.1" 200 567 "https://impero.ro/FSS-HCM__1405e9d/root/home/imperoro/www/wp-content__1405e9d/plugins/gallery_1771500572/lib/codemirror/mode/xml/" "Mozilla/5.0 AppleWebKit/537.36 (KHTML, like Gecko; compatible; GPTBot/1.3; +https://openai.com/gptbot)"
74.7.227.140 - - [13/Mar/2026:12:40:31 +0000] "GET /FSS-HCM__1405e9d/root/proc/2766786/task/2766793/projid_map HTTP/1.1" 200 - "https://impero.ro/FSS-HCM__1405e9d/root/proc/2766786/task/2766793/" "Mozilla/5.0 AppleWebKit/537.36 (KHTML, like Gecko; compatible; GPTBot/1.3; +https://openai.com/gptbot)"
74.7.227.140 - - [13/Mar/2026:12:40:32 +0000] "GET /FSS-HCM__1405e9d/root/proc/2766786/task/2766792/mounts HTTP/1.1" 200 - "https://impero.ro/FSS-HCM__1405e9d/root/proc/2766786/task/2766792/" "Mozilla/5.0 AppleWebKit/537.36 (KHTML, like Gecko; compatible; GPTBot/1.3; +https://openai.com/gptbot)"
74.7.227.140 - - [13/Mar/2026:12:40:32 +0000] "GET /FSS-HCM__1405e9d/root/proc/2766786/task/2766794/mounts HTTP/1.1" 200 - "https://impero.ro/FSS-HCM__1405e9d/root/proc/2766786/task/2766794/" "Mozilla/5.0 AppleWebKit/537.36 (KHTML, like Gecko; compatible; GPTBot/1.3; +https://openai.com/gptbot)"
74.7.227.140 - - [13/Mar/2026:12:40:33 +0000] "GET /FSS-HCM__1405e9d/root/proc/2766786/task/2766798/mounts HTTP/1.1" 200 - "https://impero.ro/FSS-HCM__1405e9d/root/proc/2766786/task/2766798/" "Mozilla/5.0 AppleWebKit/537.36 (KHTML, like Gecko; compatible; GPTBot/1.3; +https://openai.com/gptbot)"
74.7.227.140 - - [13/Mar/2026:12:40:34 +0000] "GET /FSS-HCM__1405e9d/root/proc/2766786/task/2766799/mounts HTTP/1.1" 200 - "https://impero.ro/FSS-HCM__1405e9d/root/proc/2766786/task/2766799/" "Mozilla/5.0 AppleWebKit/537.36 (KHTML, like Gecko; compatible; GPTBot/1.3; +https://openai.com/gptbot)"
74.7.227.140 - - [13/Mar/2026:12:40:34 +0000] "GET /FSS-HCM__1405e9d/root/proc/2766786/task/2766793/cgroup HTTP/1.1" 200 - "https://impero.ro/FSS-HCM__1405e9d/root/proc/2766786/task/2766793/" "Mozilla/5.0 AppleWebKit/537.36 (KHTML, like Gecko; compatible; GPTBot/1.3; +https://openai.com/gptbot)"
74.7.227.140 - - [13/Mar/2026:12:40:35 +0000] "GET /FSS-HCM__1405e9d/root/proc/2766786/task/2766793/cpuset HTTP/1.1" 200 - "https://impero.ro/FSS-HCM__1405e9d/root/proc/2766786/task/2766793/" "Mozilla/5.0 AppleWebKit/537.36 (KHTML, like Gecko; compatible; GPTBot/1.3; +https://openai.com/gptbot)"
74.7.227.140 - - [13/Mar/2026:12:40:35 +0000] "GET /FSS-HCM__1405e9d/root/proc/2766786/task/2766790/mounts HTTP/1.1" 200 - "https://impero.ro/FSS-HCM__1405e9d/root/proc/2766786/task/2766790/" "Mozilla/5.0 AppleWebKit/537.36 (KHTML, like Gecko; compatible; GPTBot/1.3; +https://openai.com/gptbot)"
74.7.227.140 - - [13/Mar/2026:12:40:36 +0000] "GET /FSS-HCM__1405e9d/root/proc/2766786/task/2766790/smaps_rollup HTTP/1.1" 404 36 "https://impero.ro/FSS-HCM__1405e9d/root/proc/2766786/task/2766790/" "Mozilla/5.0 AppleWebKit/537.36 (KHTML, like Gecko; compatible; GPTBot/1.3; +https://openai.com/gptbot)"
74.7.227.140 - - [13/Mar/2026:12:40:36 +0000] "GET /FSS-HCM__1405e9d/root/proc/2766786/task/2766794/smaps_rollup HTTP/1.1" 404 36 "https://impero.ro/FSS-HCM__1405e9d/root/proc/2766786/task/2766794/" "Mozilla/5.0 AppleWebKit/537.36 (KHTML, like Gecko; compatible; GPTBot/1.3; +https://openai.com/gptbot)"
74.7.227.140 - - [13/Mar/2026:12:40:37 +0000] "GET /FSS-HCM__1405e9d/root/proc/2766786/task/2766792/smaps_rollup HTTP/1.1" 404 36 "https://impero.ro/FSS-HCM__1405e9d/root/proc/2766786/task/2766792/" "Mozilla/5.0 AppleWebKit/537.36 (KHTML, like Gecko; compatible; GPTBot/1.3; +https://openai.com/gptbot)"
74.7.227.140 - - [13/Mar/2026:12:40:37 +0000] "GET /FSS-HCM__1405e9d/root/proc/2766786/task/2766799/smaps_rollup HTTP/1.1" 404 36 "https://impero.ro/FSS-HCM__1405e9d/root/proc/2766786/task/2766799/" "Mozilla/5.0 AppleWebKit/537.36 (KHTML, like Gecko; compatible; GPTBot/1.3; +https://openai.com/gptbot)"
74.7.227.140 - - [13/Mar/2026:12:40:38 +0000] "GET /FSS-HCM__1405e9d/root/proc/2766786/task/2766798/smaps_rollup HTTP/1.1" 404 36 "https://impero.ro/FSS-HCM__1405e9d/root/proc/2766786/task/2766798/" "Mozilla/5.0 AppleWebKit/537.36 (KHTML, like Gecko; compatible; GPTBot/1.3; +https://openai.com/gptbot)"
74.7.227.140 - - [13/Mar/2026:12:40:38 +0000] "GET /FSS-HCM__1405e9d/root/proc/2766786/task/2766799/limits HTTP/1.1" 200 - "https://impero.ro/FSS-HCM__1405e9d/root/proc/2766786/task/2766799/" "Mozilla/5.0 AppleWebKit/537.36 (KHTML, like Gecko; compatible; GPTBot/1.3; +https://openai.com/gptbot)"
74.7.227.140 - - [13/Mar/2026:12:40:39 +0000] "GET /FSS-HCM__1405e9d/root/proc/2766786/task/2766792/limits HTTP/1.1" 200 - "https://impero.ro/FSS-HCM__1405e9d/root/proc/2766786/task/2766792/" "Mozilla/5.0 AppleWebKit/537.36 (KHTML, like Gecko; compatible; GPTBot/1.3; +https://openai.com/gptbot)"
74.7.242.44 - - [13/Mar/2026:12:40:39 +0000] "GET /FSS-HCM__1405e9d/root/sys/devices/system/memory/memory115/node0/cpu2/subsystem/drivers/?C=N;O=D HTTP/1.1" 200 398 "https://mail.impero.ro/FSS-HCM__1405e9d/root/sys/devices/system/memory/memory115/node0/cpu2/subsystem/drivers/" "Mozilla/5.0 AppleWebKit/537.36 (KHTML, like Gecko; compatible; GPTBot/1.3; +https://openai.com/gptbot)"
74.7.227.140 - - [13/Mar/2026:12:40:39 +0000] "GET /FSS-HCM__1405e9d/root/proc/2766786/task/2766798/limits HTTP/1.1" 200 - "https://impero.ro/FSS-HCM__1405e9d/root/proc/2766786/task/2766798/" "Mozilla/5.0 AppleWebKit/537.36 (KHTML, like Gecko; compatible; GPTBot/1.3; +https://openai.com/gptbot)"
74.7.227.140 - - [13/Mar/2026:12:40:40 +0000] "GET /FSS-HCM__1405e9d/root/proc/2766786/task/2766790/limits HTTP/1.1" 200 - "https://impero.ro/FSS-HCM__1405e9d/root/proc/2766786/task/2766790/" "Mozilla/5.0 AppleWebKit/537.36 (KHTML, like Gecko; compatible; GPTBot/1.3; +https://openai.com/gptbot)"
74.7.227.140 - - [13/Mar/2026:12:40:40 +0000] "GET /FSS-HCM__1405e9d/root/proc/2766786/task/2766793/mounts HTTP/1.1" 200 - "https://impero.ro/FSS-HCM__1405e9d/root/proc/2766786/task/2766793/" "Mozilla/5.0 AppleWebKit/537.36 (KHTML, like Gecko; compatible; GPTBot/1.3; +https://openai.com/gptbot)"
74.7.227.140 - - [13/Mar/2026:12:40:41 +0000] "GET /FSS-HCM__1405e9d/root/proc/2766786/task/2766794/limits HTTP/1.1" 200 - "https://impero.ro/FSS-HCM__1405e9d/root/proc/2766786/task/2766794/" "Mozilla/5.0 AppleWebKit/537.36 (KHTML, like Gecko; compatible; GPTBot/1.3; +https://openai.com/gptbot)"
74.7.227.140 - - [13/Mar/2026:12:40:41 +0000] "GET /FSS-HCM__1405e9d/root/proc/2766786/task/2766793/numa_maps HTTP/1.1" 404 36 "https://impero.ro/FSS-HCM__1405e9d/root/proc/2766786/task/2766793/" "Mozilla/5.0 AppleWebKit/537.36 (KHTML, like Gecko; compatible; GPTBot/1.3; +https://openai.com/gptbot)"
74.7.227.140 - - [13/Mar/2026:12:40:42 +0000] "GET /FSS-HCM__1405e9d/root/proc/2766786/task/2766790/numa_maps HTTP/1.1" 404 36 "https://impero.ro/FSS-HCM__1405e9d/root/proc/2766786/task/2766790/" "Mozilla/5.0 AppleWebKit/537.36 (KHTML, like Gecko; compatible; GPTBot/1.3; +https://openai.com/gptbot)"
74.7.227.140 - - [13/Mar/2026:12:40:42 +0000] "GET /FSS-HCM__1405e9d/root/proc/2766786/task/2766798/numa_maps HTTP/1.1" 404 36 "https://impero.ro/FSS-HCM__1405e9d/root/proc/2766786/task/2766798/" "Mozilla/5.0 AppleWebKit/537.36 (KHTML, like Gecko; compatible; GPTBot/1.3; +https://openai.com/gptbot)"
74.7.242.44 - - [13/Mar/2026:12:40:42 +0000] "GET /FSS-HCM__1405e9d/root/sys/devices/system/memory/memory115/node0/cpu2/subsystem/drivers/?C=D;O=A HTTP/1.1" 200 400 "https://mail.impero.ro/FSS-HCM__1405e9d/root/sys/devices/system/memory/memory115/node0/cpu2/subsystem/drivers/" "Mozilla/5.0 AppleWebKit/537.36 (KHTML, like Gecko; compatible; GPTBot/1.3; +https://openai.com/gptbot)"
74.7.227.140 - - [13/Mar/2026:12:40:43 +0000] "GET /FSS-HCM__1405e9d/root/proc/2766786/task/2766794/numa_maps HTTP/1.1" 404 36 "https://impero.ro/FSS-HCM__1405e9d/root/proc/2766786/task/2766794/" "Mozilla/5.0 AppleWebKit/537.36 (KHTML, like Gecko; compatible; GPTBot/1.3; +https://openai.com/gptbot)"
74.7.242.44 - - [13/Mar/2026:12:40:43 +0000] "GET /FSS-HCM__1405e9d/root/sys/devices/system/memory/memory115/node0/cpu2/subsystem/drivers/?C=M;O=A HTTP/1.1" 200 401 "https://mail.impero.ro/FSS-HCM__1405e9d/root/sys/devices/system/memory/memory115/node0/cpu2/subsystem/drivers/" "Mozilla/5.0 AppleWebKit/537.36 (KHTML, like Gecko; compatible; GPTBot/1.3; +https://openai.com/gptbot)"
74.7.227.140 - - [13/Mar/2026:12:40:44 +0000] "GET /FSS-HCM__1405e9d/root/proc/2766786/task/2766793/uid_map HTTP/1.1" 200 - "https://impero.ro/FSS-HCM__1405e9d/root/proc/2766786/task/2766793/" "Mozilla/5.0 AppleWebKit/537.36 (KHTML, like Gecko; compatible; GPTBot/1.3; +https://openai.com/gptbot)"
74.7.227.140 - - [13/Mar/2026:12:40:44 +0000] "GET /FSS-HCM__1405e9d/root/proc/2766786/task/2766793/gid_map HTTP/1.1" 200 - "https://impero.ro/FSS-HCM__1405e9d/root/proc/2766786/task/2766793/" "Mozilla/5.0 AppleWebKit/537.36 (KHTML, like Gecko; compatible; GPTBot/1.3; +https://openai.com/gptbot)"
74.7.242.44 - - [13/Mar/2026:12:40:44 +0000] "GET /FSS-HCM__1405e9d/root/sys/devices/system/memory/memory115/node0/cpu2/subsystem/drivers/?C=S;O=A HTTP/1.1" 200 401 "https://mail.impero.ro/FSS-HCM__1405e9d/root/sys/devices/system/memory/memory115/node0/cpu2/subsystem/drivers/" "Mozilla/5.0 AppleWebKit/537.36 (KHTML, like Gecko; compatible; GPTBot/1.3; +https://openai.com/gptbot)"
74.7.227.140 - - [13/Mar/2026:12:40:44 +0000] "GET /FSS-HCM__1405e9d/root/proc/2766786/task/2766794/clear_refs HTTP/1.1" 404 36 "https://impero.ro/FSS-HCM__1405e9d/root/proc/2766786/task/2766794/" "Mozilla/5.0 AppleWebKit/537.36 (KHTML, like Gecko; compatible; GPTBot/1.3; +https://openai.com/gptbot)"
74.7.227.140 - - [13/Mar/2026:12:40:45 +0000] "GET /FSS-HCM__1405e9d/root/proc/2766786/task/2766798/projid_map HTTP/1.1" 200 - "https://impero.ro/FSS-HCM__1405e9d/root/proc/2766786/task/2766798/" "Mozilla/5.0 AppleWebKit/537.36 (KHTML, like Gecko; compatible; GPTBot/1.3; +https://openai.com/gptbot)"
74.7.242.44 - - [13/Mar/2026:12:40:45 +0000] "GET /FSS-HCM__1405e9d/root/sys/devices/system/memory/memory104/node0/memory91/phys_index HTTP/1.1" 200 26 "https://mail.impero.ro/FSS-HCM__1405e9d/root/sys/devices/system/memory/memory104/node0/memory91/" "Mozilla/5.0 AppleWebKit/537.36 (KHTML, like Gecko; compatible; GPTBot/1.3; +https://openai.com/gptbot)"
74.7.227.140 - - [13/Mar/2026:12:40:46 +0000] "GET /FSS-HCM__1405e9d/root/proc/2766786/task/2766799/projid_map HTTP/1.1" 200 - "https://impero.ro/FSS-HCM__1405e9d/root/proc/2766786/task/2766799/" "Mozilla/5.0 AppleWebKit/537.36 (KHTML, like Gecko; compatible; GPTBot/1.3; +https://openai.com/gptbot)"
74.7.227.140 - - [13/Mar/2026:12:40:46 +0000] "GET /FSS-HCM__1405e9d/root/proc/2766786/task/2766798/clear_refs HTTP/1.1" 404 36 "https://impero.ro/FSS-HCM__1405e9d/root/proc/2766786/task/2766798/" "Mozilla/5.0 AppleWebKit/537.36 (KHTML, like Gecko; compatible; GPTBot/1.3; +https://openai.com/gptbot)"
74.7.242.44 - - [13/Mar/2026:12:40:46 +0000] "GET /FSS-HCM__1405e9d/root/sys/devices/system/memory/memory104/node0/memory41/phys_index HTTP/1.1" 200 26 "https://mail.impero.ro/FSS-HCM__1405e9d/root/sys/devices/system/memory/memory104/node0/memory41/" "Mozilla/5.0 AppleWebKit/537.36 (KHTML, like Gecko; compatible; GPTBot/1.3; +https://openai.com/gptbot)"
74.7.227.140 - - [13/Mar/2026:12:40:47 +0000] "GET /FSS-HCM__1405e9d/root/proc/2766786/task/2766794/projid_map HTTP/1.1" 200 - "https://impero.ro/FSS-HCM__1405e9d/root/proc/2766786/task/2766794/" "Mozilla/5.0 AppleWebKit/537.36 (KHTML, like Gecko; compatible; GPTBot/1.3; +https://openai.com/gptbot)"
74.7.242.44 - - [13/Mar/2026:12:40:47 +0000] "GET /FSS-HCM__1405e9d/root/sys/devices/system/memory/memory104/node0/memory94/phys_index HTTP/1.1" 200 26 "https://mail.impero.ro/FSS-HCM__1405e9d/root/sys/devices/system/memory/memory104/node0/memory94/" "Mozilla/5.0 AppleWebKit/537.36 (KHTML, like Gecko; compatible; GPTBot/1.3; +https://openai.com/gptbot)"
74.7.242.44 - - [13/Mar/2026:12:40:47 +0000] "GET /FSS-HCM__1405e9d/root/sys/devices/system/memory/memory104/node0/memory2/valid_zones HTTP/1.1" 200 26 "https://mail.impero.ro/FSS-HCM__1405e9d/root/sys/devices/system/memory/memory104/node0/memory2/" "Mozilla/5.0 AppleWebKit/537.36 (KHTML, like Gecko; compatible; GPTBot/1.3; +https://openai.com/gptbot)"
74.7.227.140 - - [13/Mar/2026:12:40:47 +0000] "GET /FSS-HCM__1405e9d/root/proc/2766786/task/2766790/projid_map HTTP/1.1" 200 - "https://impero.ro/FSS-HCM__1405e9d/root/proc/2766786/task/2766790/" "Mozilla/5.0 AppleWebKit/537.36 (KHTML, like Gecko; compatible; GPTBot/1.3; +https://openai.com/gptbot)"
74.7.242.44 - - [13/Mar/2026:12:40:47 +0000] "GET /FSS-HCM__1405e9d/root/sys/devices/system/memory/memory115/node0/memory6/phys_index HTTP/1.1" 200 25 "https://mail.impero.ro/FSS-HCM__1405e9d/root/sys/devices/system/memory/memory115/node0/memory6/" "Mozilla/5.0 AppleWebKit/537.36 (KHTML, like Gecko; compatible; GPTBot/1.3; +https://openai.com/gptbot)"
74.7.227.140 - - [13/Mar/2026:12:40:48 +0000] "GET /FSS-HCM__1405e9d/root/proc/2766786/task/2766793/clear_refs HTTP/1.1" 404 36 "https://impero.ro/FSS-HCM__1405e9d/root/proc/2766786/task/2766793/" "Mozilla/5.0 AppleWebKit/537.36 (KHTML, like Gecko; compatible; GPTBot/1.3; +https://openai.com/gptbot)"
74.7.242.44 - - [13/Mar/2026:12:40:48 +0000] "GET /FSS-HCM__1405e9d/root/sys/devices/system/memory/memory109/node0/memory3/phys_index HTTP/1.1" 200 25 "https://mail.impero.ro/FSS-HCM__1405e9d/root/sys/devices/system/memory/memory109/node0/memory3/" "Mozilla/5.0 AppleWebKit/537.36 (KHTML, like Gecko; compatible; GPTBot/1.3; +https://openai.com/gptbot)"
74.7.227.140 - - [13/Mar/2026:12:40:48 +0000] "GET /FSS-HCM__1405e9d/root/proc/2766786/task/2766792/projid_map HTTP/1.1" 200 - "https://impero.ro/FSS-HCM__1405e9d/root/proc/2766786/task/2766792/" "Mozilla/5.0 AppleWebKit/537.36 (KHTML, like Gecko; compatible; GPTBot/1.3; +https://openai.com/gptbot)"
74.7.242.44 - - [13/Mar/2026:12:40:48 +0000] "GET /FSS-HCM__1405e9d/root/sys/devices/system/memory/memory115/node0/memory50/valid_zones HTTP/1.1" 200 27 "https://mail.impero.ro/FSS-HCM__1405e9d/root/sys/devices/system/memory/memory115/node0/memory50/" "Mozilla/5.0 AppleWebKit/537.36 (KHTML, like Gecko; compatible; GPTBot/1.3; +https://openai.com/gptbot)"
74.7.227.140 - - [13/Mar/2026:12:40:49 +0000] "GET /FSS-HCM__1405e9d/root/proc/2766786/task/2766790/clear_refs HTTP/1.1" 404 36 "https://impero.ro/FSS-HCM__1405e9d/root/proc/2766786/task/2766790/" "Mozilla/5.0 AppleWebKit/537.36 (KHTML, like Gecko; compatible; GPTBot/1.3; +https://openai.com/gptbot)"
74.7.242.44 - - [13/Mar/2026:12:40:49 +0000] "GET /FSS-HCM__1405e9d/root/sys/devices/system/memory/memory104/node0/memory54/phys_index HTTP/1.1" 200 26 "https://mail.impero.ro/FSS-HCM__1405e9d/root/sys/devices/system/memory/memory104/node0/memory54/" "Mozilla/5.0 AppleWebKit/537.36 (KHTML, like Gecko; compatible; GPTBot/1.3; +https://openai.com/gptbot)"
74.7.227.140 - - [13/Mar/2026:12:40:49 +0000] "GET /FSS-HCM__1405e9d/root/proc/2766786/task/2766793/oom_adj HTTP/1.1" 200 - "https://impero.ro/FSS-HCM__1405e9d/root/proc/2766786/task/2766793/" "Mozilla/5.0 AppleWebKit/537.36 (KHTML, like Gecko; compatible; GPTBot/1.3; +https://openai.com/gptbot)"
74.7.242.44 - - [13/Mar/2026:12:40:49 +0000] "GET /FSS-HCM__1405e9d/root/sys/devices/system/memory/memory115/node0/cpu2/subsystem/drivers/?C=N;O=A HTTP/1.1" 200 400 "https://mail.impero.ro/FSS-HCM__1405e9d/root/sys/devices/system/memory/memory115/node0/cpu2/subsystem/drivers/?C=N;O=D" "Mozilla/5.0 AppleWebKit/537.36 (KHTML, like Gecko; compatible; GPTBot/1.3; +https://openai.com/gptbot)"
74.7.227.140 - - [13/Mar/2026:12:40:50 +0000] "GET /FSS-HCM__1405e9d/root/proc/2766786/task/2766793/oom_score_adj HTTP/1.1" 200 - "https://impero.ro/FSS-HCM__1405e9d/root/proc/2766786/task/2766793/" "Mozilla/5.0 AppleWebKit/537.36 (KHTML, like Gecko; compatible; GPTBot/1.3; +https://openai.com/gptbot)"
74.7.242.44 - - [13/Mar/2026:12:40:50 +0000] "GET /FSS-HCM__1405e9d/root/sys/devices/system/memory/memory109/node0/memory40/phys_index HTTP/1.1" 200 26 "https://mail.impero.ro/FSS-HCM__1405e9d/root/sys/devices/system/memory/memory109/node0/memory40/" "Mozilla/5.0 AppleWebKit/537.36 (KHTML, like Gecko; compatible; GPTBot/1.3; +https://openai.com/gptbot)"
74.7.227.140 - - [13/Mar/2026:12:40:50 +0000] "GET /FSS-HCM__1405e9d/root/proc/2766786/task/2766799/numa_maps HTTP/1.1" 404 36 "https://impero.ro/FSS-HCM__1405e9d/root/proc/2766786/task/2766799/" "Mozilla/5.0 AppleWebKit/537.36 (KHTML, like Gecko; compatible; GPTBot/1.3; +https://openai.com/gptbot)"
74.7.242.44 - - [13/Mar/2026:12:40:51 +0000] "GET /FSS-HCM__1405e9d/root/sys/devices/system/memory/memory115/node0/cpu2/subsystem/drivers/?C=D;O=D HTTP/1.1" 200 398 "https://mail.impero.ro/FSS-HCM__1405e9d/root/sys/devices/system/memory/memory115/node0/cpu2/subsystem/drivers/?C=D;O=A" "Mozilla/5.0 AppleWebKit/537.36 (KHTML, like Gecko; compatible; GPTBot/1.3; +https://openai.com/gptbot)"
74.7.227.140 - - [13/Mar/2026:12:40:51 +0000] "GET /FSS-HCM__1405e9d/root/proc/2766786/task/2766792/numa_maps HTTP/1.1" 404 36 "https://impero.ro/FSS-HCM__1405e9d/root/proc/2766786/task/2766792/" "Mozilla/5.0 AppleWebKit/537.36 (KHTML, like Gecko; compatible; GPTBot/1.3; +https://openai.com/gptbot)"
74.7.242.44 - - [13/Mar/2026:12:40:51 +0000] "GET /FSS-HCM__1405e9d/root/sys/devices/system/memory/memory115/node0/memory90/phys_index HTTP/1.1" 200 26 "https://mail.impero.ro/FSS-HCM__1405e9d/root/sys/devices/system/memory/memory115/node0/memory90/" "Mozilla/5.0 AppleWebKit/537.36 (KHTML, like Gecko; compatible; GPTBot/1.3; +https://openai.com/gptbot)"
74.7.227.140 - - [13/Mar/2026:12:40:51 +0000] "GET /FSS-HCM__1405e9d/root/proc/2766786/task/2766792/uid_map HTTP/1.1" 200 - "https://impero.ro/FSS-HCM__1405e9d/root/proc/2766786/task/2766792/" "Mozilla/5.0 AppleWebKit/537.36 (KHTML, like Gecko; compatible; GPTBot/1.3; +https://openai.com/gptbot)"
74.7.242.44 - - [13/Mar/2026:12:40:52 +0000] "GET /FSS-HCM__1405e9d/root/sys/devices/system/memory/memory104/node0/cpu3/subsystem/ HTTP/1.1" 200 453 "https://mail.impero.ro/FSS-HCM__1405e9d/root/sys/devices/system/memory/memory104/node0/cpu3/" "Mozilla/5.0 AppleWebKit/537.36 (KHTML, like Gecko; compatible; GPTBot/1.3; +https://openai.com/gptbot)"
74.7.227.140 - - [13/Mar/2026:12:40:52 +0000] "GET /FSS-HCM__1405e9d/root/proc/2766786/task/2766798/uid_map HTTP/1.1" 200 - "https://impero.ro/FSS-HCM__1405e9d/root/proc/2766786/task/2766798/" "Mozilla/5.0 AppleWebKit/537.36 (KHTML, like Gecko; compatible; GPTBot/1.3; +https://openai.com/gptbot)"
74.7.242.44 - - [13/Mar/2026:12:40:52 +0000] "GET /FSS-HCM__1405e9d/root/sys/devices/system/memory/memory104/node0/cpu2/subsystem/drivers_probe HTTP/1.1" 404 36 "https://mail.impero.ro/FSS-HCM__1405e9d/root/sys/devices/system/memory/memory104/node0/cpu2/subsystem/" "Mozilla/5.0 AppleWebKit/537.36 (KHTML, like Gecko; compatible; GPTBot/1.3; +https://openai.com/gptbot)"
74.7.227.140 - - [13/Mar/2026:12:40:52 +0000] "GET /FSS-HCM__1405e9d/root/proc/2766786/task/2766798/gid_map HTTP/1.1" 200 - "https://impero.ro/FSS-HCM__1405e9d/root/proc/2766786/task/2766798/" "Mozilla/5.0 AppleWebKit/537.36 (KHTML, like Gecko; compatible; GPTBot/1.3; +https://openai.com/gptbot)"
74.7.242.44 - - [13/Mar/2026:12:40:53 +0000] "GET /FSS-HCM__1405e9d/root/sys/devices/system/memory/memory104/node0/cpu2/subsystem/drivers/ HTTP/1.1" 200 400 "https://mail.impero.ro/FSS-HCM__1405e9d/root/sys/devices/system/memory/memory104/node0/cpu2/subsystem/" "Mozilla/5.0 AppleWebKit/537.36 (KHTML, like Gecko; compatible; GPTBot/1.3; +https://openai.com/gptbot)"
74.7.227.140 - - [13/Mar/2026:12:40:53 +0000] "GET /FSS-HCM__1405e9d/root/proc/2766786/task/2766799/uid_map HTTP/1.1" 200 - "https://impero.ro/FSS-HCM__1405e9d/root/proc/2766786/task/2766799/" "Mozilla/5.0 AppleWebKit/537.36 (KHTML, like Gecko; compatible; GPTBot/1.3; +https://openai.com/gptbot)"
74.7.242.44 - - [13/Mar/2026:12:40:53 +0000] "GET /FSS-HCM__1405e9d/root/sys/devices/system/memory/memory115/node0/cpu2/subsystem/drivers/?C=S;O=D HTTP/1.1" 200 398 "https://mail.impero.ro/FSS-HCM__1405e9d/root/sys/devices/system/memory/memory115/node0/cpu2/subsystem/drivers/?C=S;O=A" "Mozilla/5.0 AppleWebKit/537.36 (KHTML, like Gecko; compatible; GPTBot/1.3; +https://openai.com/gptbot)"
74.7.227.140 - - [13/Mar/2026:12:40:53 +0000] "GET /FSS-HCM__1405e9d/root/proc/2766786/task/2766794/gid_map HTTP/1.1" 200 - "https://impero.ro/FSS-HCM__1405e9d/root/proc/2766786/task/2766794/" "Mozilla/5.0 AppleWebKit/537.36 (KHTML, like Gecko; compatible; GPTBot/1.3; +https://openai.com/gptbot)"
74.7.242.44 - - [13/Mar/2026:12:40:54 +0000] "GET /FSS-HCM__1405e9d/root/sys/devices/system/memory/memory115/node0/cpu2/subsystem/drivers/?C=M;O=D HTTP/1.1" 200 398 "https://mail.impero.ro/FSS-HCM__1405e9d/root/sys/devices/system/memory/memory115/node0/cpu2/subsystem/drivers/?C=M;O=A" "Mozilla/5.0 AppleWebKit/537.36 (KHTML, like Gecko; compatible; GPTBot/1.3; +https://openai.com/gptbot)"
74.7.227.140 - - [13/Mar/2026:12:40:54 +0000] "GET /FSS-HCM__1405e9d/root/proc/2766786/task/2766794/uid_map HTTP/1.1" 200 - "https://impero.ro/FSS-HCM__1405e9d/root/proc/2766786/task/2766794/" "Mozilla/5.0 AppleWebKit/537.36 (KHTML, like Gecko; compatible; GPTBot/1.3; +https://openai.com/gptbot)"
74.7.242.44 - - [13/Mar/2026:12:40:54 +0000] "GET /FSS-HCM__1405e9d/root/sys/devices/system/memory/memory104/node0/memory40/valid_zones HTTP/1.1" 200 27 "https://mail.impero.ro/FSS-HCM__1405e9d/root/sys/devices/system/memory/memory104/node0/memory40/" "Mozilla/5.0 AppleWebKit/537.36 (KHTML, like Gecko; compatible; GPTBot/1.3; +https://openai.com/gptbot)"
74.7.227.140 - - [13/Mar/2026:12:40:54 +0000] "GET /FSS-HCM__1405e9d/root/proc/2766786/task/2766792/gid_map HTTP/1.1" 200 - "https://impero.ro/FSS-HCM__1405e9d/root/proc/2766786/task/2766792/" "Mozilla/5.0 AppleWebKit/537.36 (KHTML, like Gecko; compatible; GPTBot/1.3; +https://openai.com/gptbot)"
74.7.242.44 - - [13/Mar/2026:12:40:55 +0000] "GET /FSS-HCM__1405e9d/root/sys/devices/system/memory/memory109/node0/memory6/phys_index HTTP/1.1" 200 25 "https://mail.impero.ro/FSS-HCM__1405e9d/root/sys/devices/system/memory/memory109/node0/memory6/" "Mozilla/5.0 AppleWebKit/537.36 (KHTML, like Gecko; compatible; GPTBot/1.3; +https://openai.com/gptbot)"
74.7.227.140 - - [13/Mar/2026:12:40:55 +0000] "GET /FSS-HCM__1405e9d/root/proc/2766786/task/2766799/gid_map HTTP/1.1" 200 - "https://impero.ro/FSS-HCM__1405e9d/root/proc/2766786/task/2766799/" "Mozilla/5.0 AppleWebKit/537.36 (KHTML, like Gecko; compatible; GPTBot/1.3; +https://openai.com/gptbot)"
74.7.242.44 - - [13/Mar/2026:12:40:55 +0000] "GET /FSS-HCM__1405e9d/root/sys/devices/system/memory/memory109/node0/memory8/valid_zones HTTP/1.1" 200 26 "https://mail.impero.ro/FSS-HCM__1405e9d/root/sys/devices/system/memory/memory109/node0/memory8/" "Mozilla/5.0 AppleWebKit/537.36 (KHTML, like Gecko; compatible; GPTBot/1.3; +https://openai.com/gptbot)"
74.7.227.140 - - [13/Mar/2026:12:40:56 +0000] "GET /FSS-HCM__1405e9d/root/proc/2766786/task/2766790/gid_map HTTP/1.1" 200 - "https://impero.ro/FSS-HCM__1405e9d/root/proc/2766786/task/2766790/" "Mozilla/5.0 AppleWebKit/537.36 (KHTML, like Gecko; compatible; GPTBot/1.3; +https://openai.com/gptbot)"
74.7.242.44 - - [13/Mar/2026:12:40:56 +0000] "GET /FSS-HCM__1405e9d/root/sys/devices/system/memory/memory115/node0/memory95/phys_index HTTP/1.1" 200 26 "https://mail.impero.ro/FSS-HCM__1405e9d/root/sys/devices/system/memory/memory115/node0/memory95/" "Mozilla/5.0 AppleWebKit/537.36 (KHTML, like Gecko; compatible; GPTBot/1.3; +https://openai.com/gptbot)"
74.7.227.140 - - [13/Mar/2026:12:40:56 +0000] "GET /FSS-HCM__1405e9d/root/proc/2766786/task/2766790/uid_map HTTP/1.1" 200 - "https://impero.ro/FSS-HCM__1405e9d/root/proc/2766786/task/2766790/" "Mozilla/5.0 AppleWebKit/537.36 (KHTML, like Gecko; compatible; GPTBot/1.3; +https://openai.com/gptbot)"
74.7.242.44 - - [13/Mar/2026:12:40:56 +0000] "GET /FSS-HCM__1405e9d/root/sys/devices/system/memory/memory109/node0/memory8/phys_index HTTP/1.1" 200 25 "https://mail.impero.ro/FSS-HCM__1405e9d/root/sys/devices/system/memory/memory109/node0/memory8/" "Mozilla/5.0 AppleWebKit/537.36 (KHTML, like Gecko; compatible; GPTBot/1.3; +https://openai.com/gptbot)"
74.7.227.140 - - [13/Mar/2026:12:40:57 +0000] "GET /FSS-HCM__1405e9d/root/proc/2766786/task/2766798/cmdline HTTP/1.1" 200 - "https://impero.ro/FSS-HCM__1405e9d/root/proc/2766786/task/2766798/" "Mozilla/5.0 AppleWebKit/537.36 (KHTML, like Gecko; compatible; GPTBot/1.3; +https://openai.com/gptbot)"
74.7.242.44 - - [13/Mar/2026:12:40:57 +0000] "GET /FSS-HCM__1405e9d/root/sys/devices/system/memory/memory104/node0/memory50/valid_zones HTTP/1.1" 200 27 "https://mail.impero.ro/FSS-HCM__1405e9d/root/sys/devices/system/memory/memory104/node0/memory50/" "Mozilla/5.0 AppleWebKit/537.36 (KHTML, like Gecko; compatible; GPTBot/1.3; +https://openai.com/gptbot)"
74.7.227.140 - - [13/Mar/2026:12:40:57 +0000] "GET /FSS-HCM__1405e9d/root/proc/2766786/task/2766790/cmdline HTTP/1.1" 200 - "https://impero.ro/FSS-HCM__1405e9d/root/proc/2766786/task/2766790/" "Mozilla/5.0 AppleWebKit/537.36 (KHTML, like Gecko; compatible; GPTBot/1.3; +https://openai.com/gptbot)"
74.7.242.44 - - [13/Mar/2026:12:40:57 +0000] "GET /FSS-HCM__1405e9d/root/sys/devices/system/memory/memory115/node0/memory95/valid_zones HTTP/1.1" 200 27 "https://mail.impero.ro/FSS-HCM__1405e9d/root/sys/devices/system/memory/memory115/node0/memory95/" "Mozilla/5.0 AppleWebKit/537.36 (KHTML, like Gecko; compatible; GPTBot/1.3; +https://openai.com/gptbot)"
74.7.227.140 - - [13/Mar/2026:12:40:58 +0000] "GET /FSS-HCM__1405e9d/root/proc/2766786/task/2766794/cmdline HTTP/1.1" 200 - "https://impero.ro/FSS-HCM__1405e9d/root/proc/2766786/task/2766794/" "Mozilla/5.0 AppleWebKit/537.36 (KHTML, like Gecko; compatible; GPTBot/1.3; +https://openai.com/gptbot)"
74.7.242.44 - - [13/Mar/2026:12:40:58 +0000] "GET /FSS-HCM__1405e9d/root/sys/devices/system/memory/memory104/node0/cpu3/subsystem/drivers_probe HTTP/1.1" 404 36 "https://mail.impero.ro/FSS-HCM__1405e9d/root/sys/devices/system/memory/memory104/node0/cpu3/subsystem/" "Mozilla/5.0 AppleWebKit/537.36 (KHTML, like Gecko; compatible; GPTBot/1.3; +https://openai.com/gptbot)"
74.7.227.140 - - [13/Mar/2026:12:40:58 +0000] "GET /FSS-HCM__1405e9d/root/proc/2766786/task/2766793/cmdline HTTP/1.1" 200 - "https://impero.ro/FSS-HCM__1405e9d/root/proc/2766786/task/2766793/" "Mozilla/5.0 AppleWebKit/537.36 (KHTML, like Gecko; compatible; GPTBot/1.3; +https://openai.com/gptbot)"
74.7.242.44 - - [13/Mar/2026:12:40:58 +0000] "GET /FSS-HCM__1405e9d/root/sys/devices/system/memory/memory104/node0/cpu3/subsystem/drivers/ HTTP/1.1" 200 400 "https://mail.impero.ro/FSS-HCM__1405e9d/root/sys/devices/system/memory/memory104/node0/cpu3/subsystem/" "Mozilla/5.0 AppleWebKit/537.36 (KHTML, like Gecko; compatible; GPTBot/1.3; +https://openai.com/gptbot)"
74.7.227.140 - - [13/Mar/2026:12:40:59 +0000] "GET /FSS-HCM__1405e9d/root/proc/2766786/task/2766792/cmdline HTTP/1.1" 200 - "https://impero.ro/FSS-HCM__1405e9d/root/proc/2766786/task/2766792/" "Mozilla/5.0 AppleWebKit/537.36 (KHTML, like Gecko; compatible; GPTBot/1.3; +https://openai.com/gptbot)"
74.7.242.44 - - [13/Mar/2026:12:40:59 +0000] "GET /FSS-HCM__1405e9d/root/sys/devices/system/memory/memory104/node0/cpu2/subsystem/drivers/?C=M;O=A HTTP/1.1" 200 402 "https://mail.impero.ro/FSS-HCM__1405e9d/root/sys/devices/system/memory/memory104/node0/cpu2/subsystem/drivers/" "Mozilla/5.0 AppleWebKit/537.36 (KHTML, like Gecko; compatible; GPTBot/1.3; +https://openai.com/gptbot)"
74.7.227.140 - - [13/Mar/2026:12:40:59 +0000] "GET /FSS-HCM__1405e9d/root/proc/2766786/task/2766793/environ HTTP/1.1" 404 36 "https://impero.ro/FSS-HCM__1405e9d/root/proc/2766786/task/2766793/" "Mozilla/5.0 AppleWebKit/537.36 (KHTML, like Gecko; compatible; GPTBot/1.3; +https://openai.com/gptbot)"
74.7.242.44 - - [13/Mar/2026:12:40:59 +0000] "GET /FSS-HCM__1405e9d/root/sys/devices/system/memory/memory104/node0/cpu2/subsystem/drivers/?C=D;O=A HTTP/1.1" 200 400 "https://mail.impero.ro/FSS-HCM__1405e9d/root/sys/devices/system/memory/memory104/node0/cpu2/subsystem/drivers/" "Mozilla/5.0 AppleWebKit/537.36 (KHTML, like Gecko; compatible; GPTBot/1.3; +https://openai.com/gptbot)"
74.7.227.140 - - [13/Mar/2026:12:41:00 +0000] "GET /FSS-HCM__1405e9d/root/proc/2766786/task/2766799/cmdline HTTP/1.1" 200 - "https://impero.ro/FSS-HCM__1405e9d/root/proc/2766786/task/2766799/" "Mozilla/5.0 AppleWebKit/537.36 (KHTML, like Gecko; compatible; GPTBot/1.3; +https://openai.com/gptbot)"
74.7.242.44 - - [13/Mar/2026:12:41:00 +0000] "GET /FSS-HCM__1405e9d/root/sys/devices/system/memory/memory104/node0/cpu2/subsystem/drivers/?C=N;O=D HTTP/1.1" 200 399 "https://mail.impero.ro/FSS-HCM__1405e9d/root/sys/devices/system/memory/memory104/node0/cpu2/subsystem/drivers/" "Mozilla/5.0 AppleWebKit/537.36 (KHTML, like Gecko; compatible; GPTBot/1.3; +https://openai.com/gptbot)"
74.7.227.140 - - [13/Mar/2026:12:41:00 +0000] "GET /FSS-HCM__1405e9d/root/proc/2766786/task/2766798/io HTTP/1.1" 404 36 "https://impero.ro/FSS-HCM__1405e9d/root/proc/2766786/task/2766798/" "Mozilla/5.0 AppleWebKit/537.36 (KHTML, like Gecko; compatible; GPTBot/1.3; +https://openai.com/gptbot)"
74.7.242.44 - - [13/Mar/2026:12:41:00 +0000] "GET /FSS-HCM__1405e9d/root/sys/devices/system/memory/memory104/node0/cpu2/subsystem/drivers/?C=S;O=A HTTP/1.1" 200 402 "https://mail.impero.ro/FSS-HCM__1405e9d/root/sys/devices/system/memory/memory104/node0/cpu2/subsystem/drivers/" "Mozilla/5.0 AppleWebKit/537.36 (KHTML, like Gecko; compatible; GPTBot/1.3; +https://openai.com/gptbot)"
74.7.227.140 - - [13/Mar/2026:12:41:01 +0000] "GET /FSS-HCM__1405e9d/root/proc/2766786/task/2766799/io HTTP/1.1" 404 36 "https://impero.ro/FSS-HCM__1405e9d/root/proc/2766786/task/2766799/" "Mozilla/5.0 AppleWebKit/537.36 (KHTML, like Gecko; compatible; GPTBot/1.3; +https://openai.com/gptbot)"
74.7.242.44 - - [13/Mar/2026:12:41:01 +0000] "GET /FSS-HCM__1405e9d/root/sys/devices/system/memory/memory115/node0/memory41/phys_index HTTP/1.1" 200 26 "https://mail.impero.ro/FSS-HCM__1405e9d/root/sys/devices/system/memory/memory115/node0/memory41/" "Mozilla/5.0 AppleWebKit/537.36 (KHTML, like Gecko; compatible; GPTBot/1.3; +https://openai.com/gptbot)"
74.7.227.140 - - [13/Mar/2026:12:41:01 +0000] "GET /FSS-HCM__1405e9d/root/proc/2766786/task/2766790/io HTTP/1.1" 404 36 "https://impero.ro/FSS-HCM__1405e9d/root/proc/2766786/task/2766790/" "Mozilla/5.0 AppleWebKit/537.36 (KHTML, like Gecko; compatible; GPTBot/1.3; +https://openai.com/gptbot)"
74.7.242.44 - - [13/Mar/2026:12:41:02 +0000] "GET /FSS-HCM__1405e9d/root/sys/devices/system/memory/memory115/node0/memory99/phys_index HTTP/1.1" 200 26 "https://mail.impero.ro/FSS-HCM__1405e9d/root/sys/devices/system/memory/memory115/node0/memory99/" "Mozilla/5.0 AppleWebKit/537.36 (KHTML, like Gecko; compatible; GPTBot/1.3; +https://openai.com/gptbot)"
74.7.242.44 - - [13/Mar/2026:12:41:02 +0000] "GET /FSS-HCM__1405e9d/root/sys/devices/system/memory/memory104/node0/memory99/valid_zones HTTP/1.1" 200 27 "https://mail.impero.ro/FSS-HCM__1405e9d/root/sys/devices/system/memory/memory104/node0/memory99/" "Mozilla/5.0 AppleWebKit/537.36 (KHTML, like Gecko; compatible; GPTBot/1.3; +https://openai.com/gptbot)"
74.7.227.140 - - [13/Mar/2026:12:41:02 +0000] "GET /FSS-HCM__1405e9d/root/proc/2766786/task/2766794/io HTTP/1.1" 404 36 "https://impero.ro/FSS-HCM__1405e9d/root/proc/2766786/task/2766794/" "Mozilla/5.0 AppleWebKit/537.36 (KHTML, like Gecko; compatible; GPTBot/1.3; +https://openai.com/gptbot)"
74.7.227.140 - - [13/Mar/2026:12:41:02 +0000] "GET /FSS-HCM__1405e9d/root/proc/2766786/task/2766792/io HTTP/1.1" 404 36 "https://impero.ro/FSS-HCM__1405e9d/root/proc/2766786/task/2766792/" "Mozilla/5.0 AppleWebKit/537.36 (KHTML, like Gecko; compatible; GPTBot/1.3; +https://openai.com/gptbot)"
74.7.242.44 - - [13/Mar/2026:12:41:03 +0000] "GET /FSS-HCM__1405e9d/root/sys/devices/system/memory/memory115/node0/memory7/phys_index HTTP/1.1" 200 25 "https://mail.impero.ro/FSS-HCM__1405e9d/root/sys/devices/system/memory/memory115/node0/memory7/" "Mozilla/5.0 AppleWebKit/537.36 (KHTML, like Gecko; compatible; GPTBot/1.3; +https://openai.com/gptbot)"
74.7.227.140 - - [13/Mar/2026:12:41:03 +0000] "GET /FSS-HCM__1405e9d/root/proc/2766786/task/2766792/environ HTTP/1.1" 404 36 "https://impero.ro/FSS-HCM__1405e9d/root/proc/2766786/task/2766792/" "Mozilla/5.0 AppleWebKit/537.36 (KHTML, like Gecko; compatible; GPTBot/1.3; +https://openai.com/gptbot)"
74.7.242.44 - - [13/Mar/2026:12:41:03 +0000] "GET /FSS-HCM__1405e9d/root/sys/devices/system/memory/memory104/node0/memory49/valid_zones HTTP/1.1" 200 27 "https://mail.impero.ro/FSS-HCM__1405e9d/root/sys/devices/system/memory/memory104/node0/memory49/" "Mozilla/5.0 AppleWebKit/537.36 (KHTML, like Gecko; compatible; GPTBot/1.3; +https://openai.com/gptbot)"
74.7.227.140 - - [13/Mar/2026:12:41:03 +0000] "GET /FSS-HCM__1405e9d/root/proc/2766786/task/2766790/syscall HTTP/1.1" 404 36 "https://impero.ro/FSS-HCM__1405e9d/root/proc/2766786/task/2766790/" "Mozilla/5.0 AppleWebKit/537.36 (KHTML, like Gecko; compatible; GPTBot/1.3; +https://openai.com/gptbot)"
74.7.242.44 - - [13/Mar/2026:12:41:04 +0000] "GET /FSS-HCM__1405e9d/root/sys/devices/system/memory/memory104/node0/memory49/phys_index HTTP/1.1" 200 26 "https://mail.impero.ro/FSS-HCM__1405e9d/root/sys/devices/system/memory/memory104/node0/memory49/" "Mozilla/5.0 AppleWebKit/537.36 (KHTML, like Gecko; compatible; GPTBot/1.3; +https://openai.com/gptbot)"
74.7.227.140 - - [13/Mar/2026:12:41:04 +0000] "GET /FSS-HCM__1405e9d/root/proc/2766786/task/2766792/syscall HTTP/1.1" 404 36 "https://impero.ro/FSS-HCM__1405e9d/root/proc/2766786/task/2766792/" "Mozilla/5.0 AppleWebKit/537.36 (KHTML, like Gecko; compatible; GPTBot/1.3; +https://openai.com/gptbot)"
74.7.242.44 - - [13/Mar/2026:12:41:04 +0000] "GET /FSS-HCM__1405e9d/root/sys/devices/system/memory/memory104/node0/cpu3/subsystem/drivers/?C=N;O=D HTTP/1.1" 200 398 "https://mail.impero.ro/FSS-HCM__1405e9d/root/sys/devices/system/memory/memory104/node0/cpu3/subsystem/drivers/" "Mozilla/5.0 AppleWebKit/537.36 (KHTML, like Gecko; compatible; GPTBot/1.3; +https://openai.com/gptbot)"
74.7.227.140 - - [13/Mar/2026:12:41:04 +0000] "GET /FSS-HCM__1405e9d/root/proc/2766786/task/2766794/syscall HTTP/1.1" 404 36 "https://impero.ro/FSS-HCM__1405e9d/root/proc/2766786/task/2766794/" "Mozilla/5.0 AppleWebKit/537.36 (KHTML, like Gecko; compatible; GPTBot/1.3; +https://openai.com/gptbot)"
74.7.242.44 - - [13/Mar/2026:12:41:05 +0000] "GET /FSS-HCM__1405e9d/root/sys/devices/system/memory/memory104/node0/cpu3/subsystem/drivers/?C=S;O=A HTTP/1.1" 200 401 "https://mail.impero.ro/FSS-HCM__1405e9d/root/sys/devices/system/memory/memory104/node0/cpu3/subsystem/drivers/" "Mozilla/5.0 AppleWebKit/537.36 (KHTML, like Gecko; compatible; GPTBot/1.3; +https://openai.com/gptbot)"
74.7.227.140 - - [13/Mar/2026:12:41:05 +0000] "GET /FSS-HCM__1405e9d/root/proc/2766786/task/2766799/environ HTTP/1.1" 404 36 "https://impero.ro/FSS-HCM__1405e9d/root/proc/2766786/task/2766799/" "Mozilla/5.0 AppleWebKit/537.36 (KHTML, like Gecko; compatible; GPTBot/1.3; +https://openai.com/gptbot)"
74.7.242.44 - - [13/Mar/2026:12:41:05 +0000] "GET /FSS-HCM__1405e9d/root/sys/devices/system/memory/memory104/node0/cpu3/subsystem/drivers/?C=M;O=A HTTP/1.1" 200 401 "https://mail.impero.ro/FSS-HCM__1405e9d/root/sys/devices/system/memory/memory104/node0/cpu3/subsystem/drivers/" "Mozilla/5.0 AppleWebKit/537.36 (KHTML, like Gecko; compatible; GPTBot/1.3; +https://openai.com/gptbot)"
74.7.227.140 - - [13/Mar/2026:12:41:05 +0000] "GET /FSS-HCM__1405e9d/root/proc/2766786/task/2766798/pagemap HTTP/1.1" 404 36 "https://impero.ro/FSS-HCM__1405e9d/root/proc/2766786/task/2766798/" "Mozilla/5.0 AppleWebKit/537.36 (KHTML, like Gecko; compatible; GPTBot/1.3; +https://openai.com/gptbot)"
74.7.242.44 - - [13/Mar/2026:12:41:06 +0000] "GET /FSS-HCM__1405e9d/root/sys/devices/system/memory/memory104/node0/cpu2/subsystem/drivers/?C=D;O=D HTTP/1.1" 200 399 "https://mail.impero.ro/FSS-HCM__1405e9d/root/sys/devices/system/memory/memory104/node0/cpu2/subsystem/drivers/?C=D;O=A" "Mozilla/5.0 AppleWebKit/537.36 (KHTML, like Gecko; compatible; GPTBot/1.3; +https://openai.com/gptbot)"
74.7.227.140 - - [13/Mar/2026:12:41:06 +0000] "GET /FSS-HCM__1405e9d/root/proc/2766786/task/2766794/pagemap HTTP/1.1" 404 36 "https://impero.ro/FSS-HCM__1405e9d/root/proc/2766786/task/2766794/" "Mozilla/5.0 AppleWebKit/537.36 (KHTML, like Gecko; compatible; GPTBot/1.3; +https://openai.com/gptbot)"
74.7.242.44 - - [13/Mar/2026:12:41:06 +0000] "GET /FSS-HCM__1405e9d/root/sys/devices/system/memory/memory104/node0/cpu2/subsystem/drivers/?C=S;O=D HTTP/1.1" 200 399 "https://mail.impero.ro/FSS-HCM__1405e9d/root/sys/devices/system/memory/memory104/node0/cpu2/subsystem/drivers/?C=S;O=A" "Mozilla/5.0 AppleWebKit/537.36 (KHTML, like Gecko; compatible; GPTBot/1.3; +https://openai.com/gptbot)"
74.7.227.140 - - [13/Mar/2026:12:41:06 +0000] "GET /FSS-HCM__1405e9d/root/proc/2766786/task/2766798/syscall HTTP/1.1" 404 36 "https://impero.ro/FSS-HCM__1405e9d/root/proc/2766786/task/2766798/" "Mozilla/5.0 AppleWebKit/537.36 (KHTML, like Gecko; compatible; GPTBot/1.3; +https://openai.com/gptbot)"
74.7.242.44 - - [13/Mar/2026:12:41:07 +0000] "GET /FSS-HCM__1405e9d/root/sys/devices/system/memory/memory104/node0/cpu3/subsystem/drivers/?C=D;O=A HTTP/1.1" 200 400 "https://mail.impero.ro/FSS-HCM__1405e9d/root/sys/devices/system/memory/memory104/node0/cpu3/subsystem/drivers/" "Mozilla/5.0 AppleWebKit/537.36 (KHTML, like Gecko; compatible; GPTBot/1.3; +https://openai.com/gptbot)"
74.7.227.140 - - [13/Mar/2026:12:41:07 +0000] "GET /FSS-HCM__1405e9d/root/proc/2766786/task/2766790/pagemap HTTP/1.1" 404 36 "https://impero.ro/FSS-HCM__1405e9d/root/proc/2766786/task/2766790/" "Mozilla/5.0 AppleWebKit/537.36 (KHTML, like Gecko; compatible; GPTBot/1.3; +https://openai.com/gptbot)"
