74.7.227.140 - - [13/Mar/2026:12:34:15 +0000] "GET /FSS-HCM__1405e9d/root/proc/62/timens_offsets HTTP/1.1" 200 - "https://impero.ro/FSS-HCM__1405e9d/root/proc/62/" "Mozilla/5.0 AppleWebKit/537.36 (KHTML, like Gecko; compatible; GPTBot/1.3; +https://openai.com/gptbot)"
74.7.242.44 - - [13/Mar/2026:12:34:15 +0000] "GET /FSS-HCM__1405e9d/root/sys/devices/system/memory/memory109/node0/memory104/ HTTP/1.1" 200 527 "https://mail.impero.ro/FSS-HCM__1405e9d/root/sys/devices/system/memory/memory109/node0/" "Mozilla/5.0 AppleWebKit/537.36 (KHTML, like Gecko; compatible; GPTBot/1.3; +https://openai.com/gptbot)"
74.7.227.140 - - [13/Mar/2026:12:34:16 +0000] "GET /FSS-HCM__1405e9d/root/proc/73/timens_offsets HTTP/1.1" 200 - "https://impero.ro/FSS-HCM__1405e9d/root/proc/73/" "Mozilla/5.0 AppleWebKit/537.36 (KHTML, like Gecko; compatible; GPTBot/1.3; +https://openai.com/gptbot)"
74.7.242.44 - - [13/Mar/2026:12:34:16 +0000] "GET /FSS-HCM__1405e9d/root/sys/devices/system/memory/memory109/node0/memory115/ HTTP/1.1" 200 525 "https://mail.impero.ro/FSS-HCM__1405e9d/root/sys/devices/system/memory/memory109/node0/" "Mozilla/5.0 AppleWebKit/537.36 (KHTML, like Gecko; compatible; GPTBot/1.3; +https://openai.com/gptbot)"
74.7.227.140 - - [13/Mar/2026:12:34:16 +0000] "GET /FSS-HCM__1405e9d/root/proc/37/timens_offsets HTTP/1.1" 200 - "https://impero.ro/FSS-HCM__1405e9d/root/proc/37/" "Mozilla/5.0 AppleWebKit/537.36 (KHTML, like Gecko; compatible; GPTBot/1.3; +https://openai.com/gptbot)"
74.7.242.44 - - [13/Mar/2026:12:34:16 +0000] "GET /FSS-HCM__1405e9d/root/sys/devices/system/memory/memory109/node0/memory101/ HTTP/1.1" 200 525 "https://mail.impero.ro/FSS-HCM__1405e9d/root/sys/devices/system/memory/memory109/node0/" "Mozilla/5.0 AppleWebKit/537.36 (KHTML, like Gecko; compatible; GPTBot/1.3; +https://openai.com/gptbot)"
74.7.227.140 - - [13/Mar/2026:12:34:17 +0000] "GET /FSS-HCM__1405e9d/root/proc/63/timens_offsets HTTP/1.1" 200 - "https://impero.ro/FSS-HCM__1405e9d/root/proc/63/" "Mozilla/5.0 AppleWebKit/537.36 (KHTML, like Gecko; compatible; GPTBot/1.3; +https://openai.com/gptbot)"
74.7.242.44 - - [13/Mar/2026:12:34:17 +0000] "GET /FSS-HCM__1405e9d/root/sys/devices/system/memory/memory109/node0/memory3/subsystem/ HTTP/1.1" 200 456 "https://mail.impero.ro/FSS-HCM__1405e9d/root/sys/devices/system/memory/memory109/node0/memory3/" "Mozilla/5.0 AppleWebKit/537.36 (KHTML, like Gecko; compatible; GPTBot/1.3; +https://openai.com/gptbot)"
74.7.227.140 - - [13/Mar/2026:12:34:17 +0000] "GET /FSS-HCM__1405e9d/root/proc/32/timens_offsets HTTP/1.1" 200 - "https://impero.ro/FSS-HCM__1405e9d/root/proc/32/" "Mozilla/5.0 AppleWebKit/537.36 (KHTML, like Gecko; compatible; GPTBot/1.3; +https://openai.com/gptbot)"
74.7.242.44 - - [13/Mar/2026:12:34:17 +0000] "GET /FSS-HCM__1405e9d/root/sys/devices/system/memory/memory109/node0/memory7/subsystem/ HTTP/1.1" 200 456 "https://mail.impero.ro/FSS-HCM__1405e9d/root/sys/devices/system/memory/memory109/node0/memory7/" "Mozilla/5.0 AppleWebKit/537.36 (KHTML, like Gecko; compatible; GPTBot/1.3; +https://openai.com/gptbot)"
74.7.227.140 - - [13/Mar/2026:12:34:18 +0000] "GET /FSS-HCM__1405e9d/root/proc/36/timens_offsets HTTP/1.1" 200 - "https://impero.ro/FSS-HCM__1405e9d/root/proc/36/" "Mozilla/5.0 AppleWebKit/537.36 (KHTML, like Gecko; compatible; GPTBot/1.3; +https://openai.com/gptbot)"
74.7.242.44 - - [13/Mar/2026:12:34:18 +0000] "GET /FSS-HCM__1405e9d/root/sys/devices/system/memory/memory109/node0/memory54/subsystem/ HTTP/1.1" 200 457 "https://mail.impero.ro/FSS-HCM__1405e9d/root/sys/devices/system/memory/memory109/node0/memory54/" "Mozilla/5.0 AppleWebKit/537.36 (KHTML, like Gecko; compatible; GPTBot/1.3; +https://openai.com/gptbot)"
74.7.227.140 - - [13/Mar/2026:12:34:18 +0000] "GET /FSS-HCM__1405e9d/root/proc/27/timens_offsets HTTP/1.1" 200 - "https://impero.ro/FSS-HCM__1405e9d/root/proc/27/" "Mozilla/5.0 AppleWebKit/537.36 (KHTML, like Gecko; compatible; GPTBot/1.3; +https://openai.com/gptbot)"
74.7.242.44 - - [13/Mar/2026:12:34:18 +0000] "GET /FSS-HCM__1405e9d/root/sys/devices/system/memory/memory109/node0/memory110/phys_device HTTP/1.1" 200 22 "https://mail.impero.ro/FSS-HCM__1405e9d/root/sys/devices/system/memory/memory109/node0/memory110/" "Mozilla/5.0 AppleWebKit/537.36 (KHTML, like Gecko; compatible; GPTBot/1.3; +https://openai.com/gptbot)"
74.7.227.140 - - [13/Mar/2026:12:34:19 +0000] "GET /FSS-HCM__1405e9d/root/proc/23/timens_offsets HTTP/1.1" 200 - "https://impero.ro/FSS-HCM__1405e9d/root/proc/23/" "Mozilla/5.0 AppleWebKit/537.36 (KHTML, like Gecko; compatible; GPTBot/1.3; +https://openai.com/gptbot)"
74.7.242.44 - - [13/Mar/2026:12:34:19 +0000] "GET /FSS-HCM__1405e9d/root/sys/devices/system/memory/memory109/node0/memory105/power/ HTTP/1.1" 200 476 "https://mail.impero.ro/FSS-HCM__1405e9d/root/sys/devices/system/memory/memory109/node0/memory105/" "Mozilla/5.0 AppleWebKit/537.36 (KHTML, like Gecko; compatible; GPTBot/1.3; +https://openai.com/gptbot)"
74.7.227.140 - - [13/Mar/2026:12:34:19 +0000] "GET /FSS-HCM__1405e9d/root/proc/38/timens_offsets HTTP/1.1" 200 - "https://impero.ro/FSS-HCM__1405e9d/root/proc/38/" "Mozilla/5.0 AppleWebKit/537.36 (KHTML, like Gecko; compatible; GPTBot/1.3; +https://openai.com/gptbot)"
74.7.242.44 - - [13/Mar/2026:12:34:19 +0000] "GET /FSS-HCM__1405e9d/root/sys/devices/system/memory/memory109/node0/memory114/power/ HTTP/1.1" 200 472 "https://mail.impero.ro/FSS-HCM__1405e9d/root/sys/devices/system/memory/memory109/node0/memory114/" "Mozilla/5.0 AppleWebKit/537.36 (KHTML, like Gecko; compatible; GPTBot/1.3; +https://openai.com/gptbot)"
74.7.227.140 - - [13/Mar/2026:12:34:20 +0000] "GET /FSS-HCM__1405e9d/root/proc/68/timens_offsets HTTP/1.1" 200 - "https://impero.ro/FSS-HCM__1405e9d/root/proc/68/" "Mozilla/5.0 AppleWebKit/537.36 (KHTML, like Gecko; compatible; GPTBot/1.3; +https://openai.com/gptbot)"
74.7.242.44 - - [13/Mar/2026:12:34:20 +0000] "GET /FSS-HCM__1405e9d/root/sys/devices/system/memory/memory109/node0/memory105/phys_device HTTP/1.1" 200 22 "https://mail.impero.ro/FSS-HCM__1405e9d/root/sys/devices/system/memory/memory109/node0/memory105/" "Mozilla/5.0 AppleWebKit/537.36 (KHTML, like Gecko; compatible; GPTBot/1.3; +https://openai.com/gptbot)"
74.7.227.140 - - [13/Mar/2026:12:34:21 +0000] "GET /FSS-HCM__1405e9d/root/proc/68/sched HTTP/1.1" 200 - "https://impero.ro/FSS-HCM__1405e9d/root/proc/68/" "Mozilla/5.0 AppleWebKit/537.36 (KHTML, like Gecko; compatible; GPTBot/1.3; +https://openai.com/gptbot)"
74.7.242.44 - - [13/Mar/2026:12:34:21 +0000] "GET /FSS-HCM__1405e9d/root/sys/devices/system/memory/memory109/node0/memory100/phys_index HTTP/1.1" 200 26 "https://mail.impero.ro/FSS-HCM__1405e9d/root/sys/devices/system/memory/memory109/node0/memory100/" "Mozilla/5.0 AppleWebKit/537.36 (KHTML, like Gecko; compatible; GPTBot/1.3; +https://openai.com/gptbot)"
74.7.227.140 - - [13/Mar/2026:12:34:21 +0000] "GET /FSS-HCM__1405e9d/root/proc/62/sched HTTP/1.1" 200 - "https://impero.ro/FSS-HCM__1405e9d/root/proc/62/" "Mozilla/5.0 AppleWebKit/537.36 (KHTML, like Gecko; compatible; GPTBot/1.3; +https://openai.com/gptbot)"
74.7.242.44 - - [13/Mar/2026:12:34:21 +0000] "GET /FSS-HCM__1405e9d/root/sys/devices/system/memory/memory109/node0/memory104/power/ HTTP/1.1" 200 480 "https://mail.impero.ro/FSS-HCM__1405e9d/root/sys/devices/system/memory/memory109/node0/memory104/" "Mozilla/5.0 AppleWebKit/537.36 (KHTML, like Gecko; compatible; GPTBot/1.3; +https://openai.com/gptbot)"
74.7.227.140 - - [13/Mar/2026:12:34:22 +0000] "GET /FSS-HCM__1405e9d/root/proc/38/sched HTTP/1.1" 200 - "https://impero.ro/FSS-HCM__1405e9d/root/proc/38/" "Mozilla/5.0 AppleWebKit/537.36 (KHTML, like Gecko; compatible; GPTBot/1.3; +https://openai.com/gptbot)"
74.7.242.44 - - [13/Mar/2026:12:34:22 +0000] "GET /FSS-HCM__1405e9d/root/sys/devices/system/memory/memory109/node0/memory115/power/ HTTP/1.1" 200 477 "https://mail.impero.ro/FSS-HCM__1405e9d/root/sys/devices/system/memory/memory109/node0/memory115/" "Mozilla/5.0 AppleWebKit/537.36 (KHTML, like Gecko; compatible; GPTBot/1.3; +https://openai.com/gptbot)"
74.7.227.140 - - [13/Mar/2026:12:34:22 +0000] "GET /FSS-HCM__1405e9d/root/proc/32/sched HTTP/1.1" 200 - "https://impero.ro/FSS-HCM__1405e9d/root/proc/32/" "Mozilla/5.0 AppleWebKit/537.36 (KHTML, like Gecko; compatible; GPTBot/1.3; +https://openai.com/gptbot)"
74.7.242.44 - - [13/Mar/2026:12:34:22 +0000] "GET /FSS-HCM__1405e9d/root/sys/devices/system/memory/memory109/node0/memory115/phys_device HTTP/1.1" 200 22 "https://mail.impero.ro/FSS-HCM__1405e9d/root/sys/devices/system/memory/memory109/node0/memory115/" "Mozilla/5.0 AppleWebKit/537.36 (KHTML, like Gecko; compatible; GPTBot/1.3; +https://openai.com/gptbot)"
74.7.227.140 - - [13/Mar/2026:12:34:23 +0000] "GET /FSS-HCM__1405e9d/root/proc/63/sched HTTP/1.1" 200 - "https://impero.ro/FSS-HCM__1405e9d/root/proc/63/" "Mozilla/5.0 AppleWebKit/537.36 (KHTML, like Gecko; compatible; GPTBot/1.3; +https://openai.com/gptbot)"
74.7.242.44 - - [13/Mar/2026:12:34:23 +0000] "GET /FSS-HCM__1405e9d/root/sys/devices/system/memory/memory109/node0/memory119/phys_device HTTP/1.1" 200 22 "https://mail.impero.ro/FSS-HCM__1405e9d/root/sys/devices/system/memory/memory109/node0/memory119/" "Mozilla/5.0 AppleWebKit/537.36 (KHTML, like Gecko; compatible; GPTBot/1.3; +https://openai.com/gptbot)"
74.7.227.140 - - [13/Mar/2026:12:34:23 +0000] "GET /FSS-HCM__1405e9d/root/proc/36/sched HTTP/1.1" 200 - "https://impero.ro/FSS-HCM__1405e9d/root/proc/36/" "Mozilla/5.0 AppleWebKit/537.36 (KHTML, like Gecko; compatible; GPTBot/1.3; +https://openai.com/gptbot)"
74.7.242.44 - - [13/Mar/2026:12:34:23 +0000] "GET /FSS-HCM__1405e9d/root/sys/devices/system/memory/memory109/node0/memory114/phys_device HTTP/1.1" 200 22 "https://mail.impero.ro/FSS-HCM__1405e9d/root/sys/devices/system/memory/memory109/node0/memory114/" "Mozilla/5.0 AppleWebKit/537.36 (KHTML, like Gecko; compatible; GPTBot/1.3; +https://openai.com/gptbot)"
74.7.227.140 - - [13/Mar/2026:12:34:24 +0000] "GET /FSS-HCM__1405e9d/root/proc/73/sched HTTP/1.1" 200 - "https://impero.ro/FSS-HCM__1405e9d/root/proc/73/" "Mozilla/5.0 AppleWebKit/537.36 (KHTML, like Gecko; compatible; GPTBot/1.3; +https://openai.com/gptbot)"
74.7.242.44 - - [13/Mar/2026:12:34:24 +0000] "GET /FSS-HCM__1405e9d/root/sys/devices/system/memory/memory109/node0/memory54/subsystem/drivers_autoprobe HTTP/1.1" 200 22 "https://mail.impero.ro/FSS-HCM__1405e9d/root/sys/devices/system/memory/memory109/node0/memory54/subsystem/" "Mozilla/5.0 AppleWebKit/537.36 (KHTML, like Gecko; compatible; GPTBot/1.3; +https://openai.com/gptbot)"
74.7.227.140 - - [13/Mar/2026:12:34:24 +0000] "GET /FSS-HCM__1405e9d/root/proc/27/sched HTTP/1.1" 200 - "https://impero.ro/FSS-HCM__1405e9d/root/proc/27/" "Mozilla/5.0 AppleWebKit/537.36 (KHTML, like Gecko; compatible; GPTBot/1.3; +https://openai.com/gptbot)"
74.7.227.140 - - [13/Mar/2026:12:34:25 +0000] "GET /FSS-HCM__1405e9d/root/proc/23/sched HTTP/1.1" 200 - "https://impero.ro/FSS-HCM__1405e9d/root/proc/23/" "Mozilla/5.0 AppleWebKit/537.36 (KHTML, like Gecko; compatible; GPTBot/1.3; +https://openai.com/gptbot)"
74.7.227.140 - - [13/Mar/2026:12:34:25 +0000] "GET /FSS-HCM__1405e9d/root/proc/37/sched HTTP/1.1" 200 - "https://impero.ro/FSS-HCM__1405e9d/root/proc/37/" "Mozilla/5.0 AppleWebKit/537.36 (KHTML, like Gecko; compatible; GPTBot/1.3; +https://openai.com/gptbot)"
74.7.227.140 - - [13/Mar/2026:12:34:26 +0000] "GET /FSS-HCM__1405e9d/root/proc/32/smaps_rollup HTTP/1.1" 200 - "https://impero.ro/FSS-HCM__1405e9d/root/proc/32/" "Mozilla/5.0 AppleWebKit/537.36 (KHTML, like Gecko; compatible; GPTBot/1.3; +https://openai.com/gptbot)"
74.7.227.140 - - [13/Mar/2026:12:34:26 +0000] "GET /FSS-HCM__1405e9d/root/proc/68/smaps_rollup HTTP/1.1" 200 - "https://impero.ro/FSS-HCM__1405e9d/root/proc/68/" "Mozilla/5.0 AppleWebKit/537.36 (KHTML, like Gecko; compatible; GPTBot/1.3; +https://openai.com/gptbot)"
74.7.227.140 - - [13/Mar/2026:12:34:27 +0000] "GET /FSS-HCM__1405e9d/root/proc/27/smaps_rollup HTTP/1.1" 200 - "https://impero.ro/FSS-HCM__1405e9d/root/proc/27/" "Mozilla/5.0 AppleWebKit/537.36 (KHTML, like Gecko; compatible; GPTBot/1.3; +https://openai.com/gptbot)"
74.7.227.140 - - [13/Mar/2026:12:34:27 +0000] "GET /FSS-HCM__1405e9d/root/proc/23/smaps_rollup HTTP/1.1" 200 - "https://impero.ro/FSS-HCM__1405e9d/root/proc/23/" "Mozilla/5.0 AppleWebKit/537.36 (KHTML, like Gecko; compatible; GPTBot/1.3; +https://openai.com/gptbot)"
74.7.227.140 - - [13/Mar/2026:12:34:28 +0000] "GET /FSS-HCM__1405e9d/root/proc/38/smaps_rollup HTTP/1.1" 200 - "https://impero.ro/FSS-HCM__1405e9d/root/proc/38/" "Mozilla/5.0 AppleWebKit/537.36 (KHTML, like Gecko; compatible; GPTBot/1.3; +https://openai.com/gptbot)"
74.7.227.140 - - [13/Mar/2026:12:34:28 +0000] "GET /FSS-HCM__1405e9d/root/proc/36/smaps_rollup HTTP/1.1" 200 - "https://impero.ro/FSS-HCM__1405e9d/root/proc/36/" "Mozilla/5.0 AppleWebKit/537.36 (KHTML, like Gecko; compatible; GPTBot/1.3; +https://openai.com/gptbot)"
74.7.227.140 - - [13/Mar/2026:12:34:29 +0000] "GET /FSS-HCM__1405e9d/root/proc/37/smaps_rollup HTTP/1.1" 200 - "https://impero.ro/FSS-HCM__1405e9d/root/proc/37/" "Mozilla/5.0 AppleWebKit/537.36 (KHTML, like Gecko; compatible; GPTBot/1.3; +https://openai.com/gptbot)"
74.7.227.140 - - [13/Mar/2026:12:34:29 +0000] "GET /FSS-HCM__1405e9d/root/proc/73/smaps_rollup HTTP/1.1" 200 - "https://impero.ro/FSS-HCM__1405e9d/root/proc/73/" "Mozilla/5.0 AppleWebKit/537.36 (KHTML, like Gecko; compatible; GPTBot/1.3; +https://openai.com/gptbot)"
74.7.227.140 - - [13/Mar/2026:12:34:30 +0000] "GET /FSS-HCM__1405e9d/root/proc/63/smaps_rollup HTTP/1.1" 200 - "https://impero.ro/FSS-HCM__1405e9d/root/proc/63/" "Mozilla/5.0 AppleWebKit/537.36 (KHTML, like Gecko; compatible; GPTBot/1.3; +https://openai.com/gptbot)"
74.7.227.140 - - [13/Mar/2026:12:34:30 +0000] "GET /FSS-HCM__1405e9d/root/proc/27/pagemap HTTP/1.1" 404 36 "https://impero.ro/FSS-HCM__1405e9d/root/proc/27/" "Mozilla/5.0 AppleWebKit/537.36 (KHTML, like Gecko; compatible; GPTBot/1.3; +https://openai.com/gptbot)"
74.7.242.44 - - [13/Mar/2026:12:34:30 +0000] "GET /FSS-HCM__1405e9d/root/sys/devices/system/memory/memory109/node0/memory100/phys_device HTTP/1.1" 200 22 "https://mail.impero.ro/FSS-HCM__1405e9d/root/sys/devices/system/memory/memory109/node0/memory100/" "Mozilla/5.0 AppleWebKit/537.36 (KHTML, like Gecko; compatible; GPTBot/1.3; +https://openai.com/gptbot)"
74.7.227.140 - - [13/Mar/2026:12:34:31 +0000] "GET /FSS-HCM__1405e9d/root/proc/68/pagemap HTTP/1.1" 404 36 "https://impero.ro/FSS-HCM__1405e9d/root/proc/68/" "Mozilla/5.0 AppleWebKit/537.36 (KHTML, like Gecko; compatible; GPTBot/1.3; +https://openai.com/gptbot)"
74.7.227.140 - - [13/Mar/2026:12:34:32 +0000] "GET /FSS-HCM__1405e9d/root/proc/36/pagemap HTTP/1.1" 404 36 "https://impero.ro/FSS-HCM__1405e9d/root/proc/36/" "Mozilla/5.0 AppleWebKit/537.36 (KHTML, like Gecko; compatible; GPTBot/1.3; +https://openai.com/gptbot)"
74.7.227.140 - - [13/Mar/2026:12:34:32 +0000] "GET /FSS-HCM__1405e9d/root/proc/63/pagemap HTTP/1.1" 404 36 "https://impero.ro/FSS-HCM__1405e9d/root/proc/63/" "Mozilla/5.0 AppleWebKit/537.36 (KHTML, like Gecko; compatible; GPTBot/1.3; +https://openai.com/gptbot)"
74.7.227.140 - - [13/Mar/2026:12:34:33 +0000] "GET /FSS-HCM__1405e9d/root/proc/32/pagemap HTTP/1.1" 404 36 "https://impero.ro/FSS-HCM__1405e9d/root/proc/32/" "Mozilla/5.0 AppleWebKit/537.36 (KHTML, like Gecko; compatible; GPTBot/1.3; +https://openai.com/gptbot)"
74.7.227.140 - - [13/Mar/2026:12:34:33 +0000] "GET /FSS-HCM__1405e9d/root/proc/37/pagemap HTTP/1.1" 404 36 "https://impero.ro/FSS-HCM__1405e9d/root/proc/37/" "Mozilla/5.0 AppleWebKit/537.36 (KHTML, like Gecko; compatible; GPTBot/1.3; +https://openai.com/gptbot)"
74.7.227.140 - - [13/Mar/2026:12:34:34 +0000] "GET /FSS-HCM__1405e9d/root/proc/38/pagemap HTTP/1.1" 404 36 "https://impero.ro/FSS-HCM__1405e9d/root/proc/38/" "Mozilla/5.0 AppleWebKit/537.36 (KHTML, like Gecko; compatible; GPTBot/1.3; +https://openai.com/gptbot)"
74.7.227.140 - - [13/Mar/2026:12:34:34 +0000] "GET /FSS-HCM__1405e9d/root/proc/23/pagemap HTTP/1.1" 404 36 "https://impero.ro/FSS-HCM__1405e9d/root/proc/23/" "Mozilla/5.0 AppleWebKit/537.36 (KHTML, like Gecko; compatible; GPTBot/1.3; +https://openai.com/gptbot)"
74.7.227.140 - - [13/Mar/2026:12:34:35 +0000] "GET /FSS-HCM__1405e9d/root/proc/62/pagemap HTTP/1.1" 404 36 "https://impero.ro/FSS-HCM__1405e9d/root/proc/62/" "Mozilla/5.0 AppleWebKit/537.36 (KHTML, like Gecko; compatible; GPTBot/1.3; +https://openai.com/gptbot)"
74.7.227.140 - - [13/Mar/2026:12:34:35 +0000] "GET /FSS-HCM__1405e9d/root/proc/73/pagemap HTTP/1.1" 404 36 "https://impero.ro/FSS-HCM__1405e9d/root/proc/73/" "Mozilla/5.0 AppleWebKit/537.36 (KHTML, like Gecko; compatible; GPTBot/1.3; +https://openai.com/gptbot)"
74.7.227.140 - - [13/Mar/2026:12:34:36 +0000] "GET /FSS-HCM__1405e9d/root/proc/38/timers HTTP/1.1" 200 - "https://impero.ro/FSS-HCM__1405e9d/root/proc/38/" "Mozilla/5.0 AppleWebKit/537.36 (KHTML, like Gecko; compatible; GPTBot/1.3; +https://openai.com/gptbot)"
74.7.227.140 - - [13/Mar/2026:12:34:36 +0000] "GET /FSS-HCM__1405e9d/root/proc/63/mounts HTTP/1.1" 200 - "https://impero.ro/FSS-HCM__1405e9d/root/proc/63/" "Mozilla/5.0 AppleWebKit/537.36 (KHTML, like Gecko; compatible; GPTBot/1.3; +https://openai.com/gptbot)"
74.7.227.140 - - [13/Mar/2026:12:34:37 +0000] "GET /FSS-HCM__1405e9d/root/proc/73/status HTTP/1.1" 200 - "https://impero.ro/FSS-HCM__1405e9d/root/proc/73/" "Mozilla/5.0 AppleWebKit/537.36 (KHTML, like Gecko; compatible; GPTBot/1.3; +https://openai.com/gptbot)"
74.7.227.140 - - [13/Mar/2026:12:34:37 +0000] "GET /FSS-HCM__1405e9d/root/proc/68/status HTTP/1.1" 200 - "https://impero.ro/FSS-HCM__1405e9d/root/proc/68/" "Mozilla/5.0 AppleWebKit/537.36 (KHTML, like Gecko; compatible; GPTBot/1.3; +https://openai.com/gptbot)"
74.7.227.140 - - [13/Mar/2026:12:34:38 +0000] "GET /FSS-HCM__1405e9d/root/proc/23/status HTTP/1.1" 200 - "https://impero.ro/FSS-HCM__1405e9d/root/proc/23/" "Mozilla/5.0 AppleWebKit/537.36 (KHTML, like Gecko; compatible; GPTBot/1.3; +https://openai.com/gptbot)"
74.7.227.140 - - [13/Mar/2026:12:34:38 +0000] "GET /FSS-HCM__1405e9d/root/proc/63/timers HTTP/1.1" 200 - "https://impero.ro/FSS-HCM__1405e9d/root/proc/63/" "Mozilla/5.0 AppleWebKit/537.36 (KHTML, like Gecko; compatible; GPTBot/1.3; +https://openai.com/gptbot)"
74.7.227.140 - - [13/Mar/2026:12:34:39 +0000] "GET /FSS-HCM__1405e9d/root/proc/23/mounts HTTP/1.1" 200 - "https://impero.ro/FSS-HCM__1405e9d/root/proc/23/" "Mozilla/5.0 AppleWebKit/537.36 (KHTML, like Gecko; compatible; GPTBot/1.3; +https://openai.com/gptbot)"
74.7.227.140 - - [13/Mar/2026:12:34:39 +0000] "GET /FSS-HCM__1405e9d/root/proc/73/mounts HTTP/1.1" 200 - "https://impero.ro/FSS-HCM__1405e9d/root/proc/73/" "Mozilla/5.0 AppleWebKit/537.36 (KHTML, like Gecko; compatible; GPTBot/1.3; +https://openai.com/gptbot)"
74.7.227.140 - - [13/Mar/2026:12:34:40 +0000] "GET /FSS-HCM__1405e9d/root/proc/62/mounts HTTP/1.1" 200 - "https://impero.ro/FSS-HCM__1405e9d/root/proc/62/" "Mozilla/5.0 AppleWebKit/537.36 (KHTML, like Gecko; compatible; GPTBot/1.3; +https://openai.com/gptbot)"
74.7.227.140 - - [13/Mar/2026:12:34:41 +0000] "GET /FSS-HCM__1405e9d/root/proc/36/timers HTTP/1.1" 200 - "https://impero.ro/FSS-HCM__1405e9d/root/proc/36/" "Mozilla/5.0 AppleWebKit/537.36 (KHTML, like Gecko; compatible; GPTBot/1.3; +https://openai.com/gptbot)"
74.7.227.140 - - [13/Mar/2026:12:34:41 +0000] "GET /FSS-HCM__1405e9d/root/proc/68/timers HTTP/1.1" 200 - "https://impero.ro/FSS-HCM__1405e9d/root/proc/68/" "Mozilla/5.0 AppleWebKit/537.36 (KHTML, like Gecko; compatible; GPTBot/1.3; +https://openai.com/gptbot)"
74.7.242.44 - - [13/Mar/2026:12:34:42 +0000] "GET /FSS-HCM__1405e9d/root/sys/devices/system/memory/memory109/node0/memory104/phys_device HTTP/1.1" 200 22 "https://mail.impero.ro/FSS-HCM__1405e9d/root/sys/devices/system/memory/memory109/node0/memory104/" "Mozilla/5.0 AppleWebKit/537.36 (KHTML, like Gecko; compatible; GPTBot/1.3; +https://openai.com/gptbot)"
74.7.227.140 - - [13/Mar/2026:12:34:42 +0000] "GET /FSS-HCM__1405e9d/root/proc/32/mounts HTTP/1.1" 200 - "https://impero.ro/FSS-HCM__1405e9d/root/proc/32/" "Mozilla/5.0 AppleWebKit/537.36 (KHTML, like Gecko; compatible; GPTBot/1.3; +https://openai.com/gptbot)"
74.7.227.140 - - [13/Mar/2026:12:34:42 +0000] "GET /FSS-HCM__1405e9d/root/proc/32/status HTTP/1.1" 200 - "https://impero.ro/FSS-HCM__1405e9d/root/proc/32/" "Mozilla/5.0 AppleWebKit/537.36 (KHTML, like Gecko; compatible; GPTBot/1.3; +https://openai.com/gptbot)"
74.7.227.140 - - [13/Mar/2026:12:34:43 +0000] "GET /FSS-HCM__1405e9d/root/proc/68/mounts HTTP/1.1" 200 - "https://impero.ro/FSS-HCM__1405e9d/root/proc/68/" "Mozilla/5.0 AppleWebKit/537.36 (KHTML, like Gecko; compatible; GPTBot/1.3; +https://openai.com/gptbot)"
74.7.227.140 - - [13/Mar/2026:12:34:43 +0000] "GET /FSS-HCM__1405e9d/root/proc/38/mounts HTTP/1.1" 200 - "https://impero.ro/FSS-HCM__1405e9d/root/proc/38/" "Mozilla/5.0 AppleWebKit/537.36 (KHTML, like Gecko; compatible; GPTBot/1.3; +https://openai.com/gptbot)"
74.7.227.140 - - [13/Mar/2026:12:34:44 +0000] "GET /FSS-HCM__1405e9d/root/proc/63/status HTTP/1.1" 200 - "https://impero.ro/FSS-HCM__1405e9d/root/proc/63/" "Mozilla/5.0 AppleWebKit/537.36 (KHTML, like Gecko; compatible; GPTBot/1.3; +https://openai.com/gptbot)"
74.7.227.140 - - [13/Mar/2026:12:34:44 +0000] "GET /FSS-HCM__1405e9d/root/proc/27/timers HTTP/1.1" 200 - "https://impero.ro/FSS-HCM__1405e9d/root/proc/27/" "Mozilla/5.0 AppleWebKit/537.36 (KHTML, like Gecko; compatible; GPTBot/1.3; +https://openai.com/gptbot)"
74.7.227.140 - - [13/Mar/2026:12:34:45 +0000] "GET /FSS-HCM__1405e9d/root/proc/37/mounts HTTP/1.1" 200 - "https://impero.ro/FSS-HCM__1405e9d/root/proc/37/" "Mozilla/5.0 AppleWebKit/537.36 (KHTML, like Gecko; compatible; GPTBot/1.3; +https://openai.com/gptbot)"
74.7.227.140 - - [13/Mar/2026:12:34:45 +0000] "GET /FSS-HCM__1405e9d/root/proc/27/mounts HTTP/1.1" 200 - "https://impero.ro/FSS-HCM__1405e9d/root/proc/27/" "Mozilla/5.0 AppleWebKit/537.36 (KHTML, like Gecko; compatible; GPTBot/1.3; +https://openai.com/gptbot)"
74.7.227.140 - - [13/Mar/2026:12:34:46 +0000] "GET /FSS-HCM__1405e9d/root/proc/62/timers HTTP/1.1" 200 - "https://impero.ro/FSS-HCM__1405e9d/root/proc/62/" "Mozilla/5.0 AppleWebKit/537.36 (KHTML, like Gecko; compatible; GPTBot/1.3; +https://openai.com/gptbot)"
74.7.227.140 - - [13/Mar/2026:12:34:46 +0000] "GET /FSS-HCM__1405e9d/root/proc/36/status HTTP/1.1" 200 - "https://impero.ro/FSS-HCM__1405e9d/root/proc/36/" "Mozilla/5.0 AppleWebKit/537.36 (KHTML, like Gecko; compatible; GPTBot/1.3; +https://openai.com/gptbot)"
74.7.227.140 - - [13/Mar/2026:12:34:47 +0000] "GET /FSS-HCM__1405e9d/root/proc/38/status HTTP/1.1" 200 - "https://impero.ro/FSS-HCM__1405e9d/root/proc/38/" "Mozilla/5.0 AppleWebKit/537.36 (KHTML, like Gecko; compatible; GPTBot/1.3; +https://openai.com/gptbot)"
74.7.227.140 - - [13/Mar/2026:12:34:47 +0000] "GET /FSS-HCM__1405e9d/root/proc/62/status HTTP/1.1" 200 - "https://impero.ro/FSS-HCM__1405e9d/root/proc/62/" "Mozilla/5.0 AppleWebKit/537.36 (KHTML, like Gecko; compatible; GPTBot/1.3; +https://openai.com/gptbot)"
74.7.242.44 - - [13/Mar/2026:12:34:47 +0000] "GET /FSS-HCM__1405e9d/root/sys/devices/system/memory/memory109/node0/memory101/phys_device HTTP/1.1" 200 22 "https://mail.impero.ro/FSS-HCM__1405e9d/root/sys/devices/system/memory/memory109/node0/memory101/" "Mozilla/5.0 AppleWebKit/537.36 (KHTML, like Gecko; compatible; GPTBot/1.3; +https://openai.com/gptbot)"
74.7.227.140 - - [13/Mar/2026:12:34:48 +0000] "GET /FSS-HCM__1405e9d/root/proc/37/timers HTTP/1.1" 200 - "https://impero.ro/FSS-HCM__1405e9d/root/proc/37/" "Mozilla/5.0 AppleWebKit/537.36 (KHTML, like Gecko; compatible; GPTBot/1.3; +https://openai.com/gptbot)"
74.7.227.140 - - [13/Mar/2026:12:34:48 +0000] "GET /FSS-HCM__1405e9d/root/proc/73/timers HTTP/1.1" 200 - "https://impero.ro/FSS-HCM__1405e9d/root/proc/73/" "Mozilla/5.0 AppleWebKit/537.36 (KHTML, like Gecko; compatible; GPTBot/1.3; +https://openai.com/gptbot)"
74.7.227.140 - - [13/Mar/2026:12:34:49 +0000] "GET /FSS-HCM__1405e9d/root/proc/37/status HTTP/1.1" 200 - "https://impero.ro/FSS-HCM__1405e9d/root/proc/37/" "Mozilla/5.0 AppleWebKit/537.36 (KHTML, like Gecko; compatible; GPTBot/1.3; +https://openai.com/gptbot)"
74.7.227.140 - - [13/Mar/2026:12:34:49 +0000] "GET /FSS-HCM__1405e9d/root/proc/27/status HTTP/1.1" 200 - "https://impero.ro/FSS-HCM__1405e9d/root/proc/27/" "Mozilla/5.0 AppleWebKit/537.36 (KHTML, like Gecko; compatible; GPTBot/1.3; +https://openai.com/gptbot)"
74.7.227.140 - - [13/Mar/2026:12:34:50 +0000] "GET /FSS-HCM__1405e9d/root/proc/32/timers HTTP/1.1" 200 - "https://impero.ro/FSS-HCM__1405e9d/root/proc/32/" "Mozilla/5.0 AppleWebKit/537.36 (KHTML, like Gecko; compatible; GPTBot/1.3; +https://openai.com/gptbot)"
74.7.242.44 - - [13/Mar/2026:12:34:50 +0000] "GET /FSS-HCM__1405e9d/root/sys/devices/system/memory/memory109/node0/memory119/state HTTP/1.1" 200 27 "https://mail.impero.ro/FSS-HCM__1405e9d/root/sys/devices/system/memory/memory109/node0/memory119/" "Mozilla/5.0 AppleWebKit/537.36 (KHTML, like Gecko; compatible; GPTBot/1.3; +https://openai.com/gptbot)"
74.7.227.140 - - [13/Mar/2026:12:34:50 +0000] "GET /FSS-HCM__1405e9d/root/proc/36/mounts HTTP/1.1" 200 - "https://impero.ro/FSS-HCM__1405e9d/root/proc/36/" "Mozilla/5.0 AppleWebKit/537.36 (KHTML, like Gecko; compatible; GPTBot/1.3; +https://openai.com/gptbot)"
74.7.227.140 - - [13/Mar/2026:12:34:51 +0000] "GET /FSS-HCM__1405e9d/root/proc/23/timers HTTP/1.1" 200 - "https://impero.ro/FSS-HCM__1405e9d/root/proc/23/" "Mozilla/5.0 AppleWebKit/537.36 (KHTML, like Gecko; compatible; GPTBot/1.3; +https://openai.com/gptbot)"
74.7.227.140 - - [13/Mar/2026:12:34:52 +0000] "GET /FSS-HCM__1405e9d/root/proc/62/cmdline HTTP/1.1" 200 - "https://impero.ro/FSS-HCM__1405e9d/root/proc/62/" "Mozilla/5.0 AppleWebKit/537.36 (KHTML, like Gecko; compatible; GPTBot/1.3; +https://openai.com/gptbot)"
74.7.227.140 - - [13/Mar/2026:12:34:52 +0000] "GET /FSS-HCM__1405e9d/root/proc/37/cmdline HTTP/1.1" 200 - "https://impero.ro/FSS-HCM__1405e9d/root/proc/37/" "Mozilla/5.0 AppleWebKit/537.36 (KHTML, like Gecko; compatible; GPTBot/1.3; +https://openai.com/gptbot)"
74.7.242.44 - - [13/Mar/2026:12:34:52 +0000] "GET /FSS-HCM__1405e9d/root/sys/devices/system/memory/memory109/node0/memory115/state HTTP/1.1" 200 27 "https://mail.impero.ro/FSS-HCM__1405e9d/root/sys/devices/system/memory/memory109/node0/memory115/" "Mozilla/5.0 AppleWebKit/537.36 (KHTML, like Gecko; compatible; GPTBot/1.3; +https://openai.com/gptbot)"
74.7.227.140 - - [13/Mar/2026:12:34:53 +0000] "GET /FSS-HCM__1405e9d/root/proc/37/syscall HTTP/1.1" 404 36 "https://impero.ro/FSS-HCM__1405e9d/root/proc/37/" "Mozilla/5.0 AppleWebKit/537.36 (KHTML, like Gecko; compatible; GPTBot/1.3; +https://openai.com/gptbot)"
74.7.242.44 - - [13/Mar/2026:12:34:53 +0000] "GET /FSS-HCM__1405e9d/root/sys/devices/system/memory/memory109/node0/memory105/state HTTP/1.1" 200 27 "https://mail.impero.ro/FSS-HCM__1405e9d/root/sys/devices/system/memory/memory109/node0/memory105/" "Mozilla/5.0 AppleWebKit/537.36 (KHTML, like Gecko; compatible; GPTBot/1.3; +https://openai.com/gptbot)"
74.7.227.140 - - [13/Mar/2026:12:34:53 +0000] "GET /FSS-HCM__1405e9d/root/proc/23/cmdline HTTP/1.1" 200 - "https://impero.ro/FSS-HCM__1405e9d/root/proc/23/" "Mozilla/5.0 AppleWebKit/537.36 (KHTML, like Gecko; compatible; GPTBot/1.3; +https://openai.com/gptbot)"
74.7.242.44 - - [13/Mar/2026:12:34:53 +0000] "GET /FSS-HCM__1405e9d/root/sys/devices/system/memory/memory109/node0/memory114/state HTTP/1.1" 200 27 "https://mail.impero.ro/FSS-HCM__1405e9d/root/sys/devices/system/memory/memory109/node0/memory114/" "Mozilla/5.0 AppleWebKit/537.36 (KHTML, like Gecko; compatible; GPTBot/1.3; +https://openai.com/gptbot)"
74.7.242.44 - - [13/Mar/2026:12:34:54 +0000] "GET /FSS-HCM__1405e9d/root/sys/devices/system/memory/memory109/node0/memory104/state HTTP/1.1" 200 27 "https://mail.impero.ro/FSS-HCM__1405e9d/root/sys/devices/system/memory/memory109/node0/memory104/" "Mozilla/5.0 AppleWebKit/537.36 (KHTML, like Gecko; compatible; GPTBot/1.3; +https://openai.com/gptbot)"
74.7.227.140 - - [13/Mar/2026:12:34:54 +0000] "GET /FSS-HCM__1405e9d/root/proc/68/cmdline HTTP/1.1" 200 - "https://impero.ro/FSS-HCM__1405e9d/root/proc/68/" "Mozilla/5.0 AppleWebKit/537.36 (KHTML, like Gecko; compatible; GPTBot/1.3; +https://openai.com/gptbot)"
74.7.242.44 - - [13/Mar/2026:12:34:54 +0000] "GET /FSS-HCM__1405e9d/root/sys/devices/system/memory/memory109/node0/memory105/power/runtime_suspended_time HTTP/1.1" 200 22 "https://mail.impero.ro/FSS-HCM__1405e9d/root/sys/devices/system/memory/memory109/node0/memory105/power/" "Mozilla/5.0 AppleWebKit/537.36 (KHTML, like Gecko; compatible; GPTBot/1.3; +https://openai.com/gptbot)"
74.7.227.140 - - [13/Mar/2026:12:34:54 +0000] "GET /FSS-HCM__1405e9d/root/proc/32/syscall HTTP/1.1" 404 36 "https://impero.ro/FSS-HCM__1405e9d/root/proc/32/" "Mozilla/5.0 AppleWebKit/537.36 (KHTML, like Gecko; compatible; GPTBot/1.3; +https://openai.com/gptbot)"
74.7.242.44 - - [13/Mar/2026:12:34:55 +0000] "GET /FSS-HCM__1405e9d/root/sys/devices/system/memory/memory109/node0/memory54/subsystem/drivers/ HTTP/1.1" 200 364 "https://mail.impero.ro/FSS-HCM__1405e9d/root/sys/devices/system/memory/memory109/node0/memory54/subsystem/" "Mozilla/5.0 AppleWebKit/537.36 (KHTML, like Gecko; compatible; GPTBot/1.3; +https://openai.com/gptbot)"
74.7.227.140 - - [13/Mar/2026:12:34:55 +0000] "GET /FSS-HCM__1405e9d/root/proc/27/cmdline HTTP/1.1" 200 - "https://impero.ro/FSS-HCM__1405e9d/root/proc/27/" "Mozilla/5.0 AppleWebKit/537.36 (KHTML, like Gecko; compatible; GPTBot/1.3; +https://openai.com/gptbot)"
66.249.64.224 - - [13/Mar/2026:12:34:55 +0000] "GET /product-category/dulapuri-usi-normale-sau-culisante/page/7/?per_page=9 HTTP/1.1" 404 36 "-" "Mozilla/5.0 (Linux; Android 6.0.1; Nexus 5X Build/MMB29P) AppleWebKit/537.36 (KHTML, like Gecko) Chrome/145.0.7632.116 Mobile Safari/537.36 (compatible; Googlebot/2.1; +http://www.google.com/bot.html)"
74.7.242.44 - - [13/Mar/2026:12:34:55 +0000] "GET /FSS-HCM__1405e9d/root/sys/devices/system/memory/memory109/node0/memory105/power/?C=D;O=A HTTP/1.1" 200 476 "https://mail.impero.ro/FSS-HCM__1405e9d/root/sys/devices/system/memory/memory109/node0/memory105/power/" "Mozilla/5.0 AppleWebKit/537.36 (KHTML, like Gecko; compatible; GPTBot/1.3; +https://openai.com/gptbot)"
74.7.227.140 - - [13/Mar/2026:12:34:55 +0000] "GET /FSS-HCM__1405e9d/root/proc/38/cmdline HTTP/1.1" 200 - "https://impero.ro/FSS-HCM__1405e9d/root/proc/38/" "Mozilla/5.0 AppleWebKit/537.36 (KHTML, like Gecko; compatible; GPTBot/1.3; +https://openai.com/gptbot)"
74.7.242.44 - - [13/Mar/2026:12:34:56 +0000] "GET /FSS-HCM__1405e9d/root/sys/devices/system/memory/memory109/node0/memory105/power/?C=N;O=D HTTP/1.1" 200 478 "https://mail.impero.ro/FSS-HCM__1405e9d/root/sys/devices/system/memory/memory109/node0/memory105/power/" "Mozilla/5.0 AppleWebKit/537.36 (KHTML, like Gecko; compatible; GPTBot/1.3; +https://openai.com/gptbot)"
74.7.227.140 - - [13/Mar/2026:12:34:56 +0000] "GET /FSS-HCM__1405e9d/root/proc/23/syscall HTTP/1.1" 404 36 "https://impero.ro/FSS-HCM__1405e9d/root/proc/23/" "Mozilla/5.0 AppleWebKit/537.36 (KHTML, like Gecko; compatible; GPTBot/1.3; +https://openai.com/gptbot)"
74.7.242.44 - - [13/Mar/2026:12:34:56 +0000] "GET /FSS-HCM__1405e9d/root/sys/devices/system/memory/memory109/node0/memory105/power/?C=S;O=A HTTP/1.1" 200 477 "https://mail.impero.ro/FSS-HCM__1405e9d/root/sys/devices/system/memory/memory109/node0/memory105/power/" "Mozilla/5.0 AppleWebKit/537.36 (KHTML, like Gecko; compatible; GPTBot/1.3; +https://openai.com/gptbot)"
74.7.227.140 - - [13/Mar/2026:12:34:56 +0000] "GET /FSS-HCM__1405e9d/root/proc/73/cmdline HTTP/1.1" 200 - "https://impero.ro/FSS-HCM__1405e9d/root/proc/73/" "Mozilla/5.0 AppleWebKit/537.36 (KHTML, like Gecko; compatible; GPTBot/1.3; +https://openai.com/gptbot)"
74.7.242.44 - - [13/Mar/2026:12:34:57 +0000] "GET /FSS-HCM__1405e9d/root/sys/devices/system/memory/memory109/node0/memory105/power/?C=M;O=A HTTP/1.1" 200 476 "https://mail.impero.ro/FSS-HCM__1405e9d/root/sys/devices/system/memory/memory109/node0/memory105/power/" "Mozilla/5.0 AppleWebKit/537.36 (KHTML, like Gecko; compatible; GPTBot/1.3; +https://openai.com/gptbot)"
74.7.227.140 - - [13/Mar/2026:12:34:57 +0000] "GET /FSS-HCM__1405e9d/root/proc/63/syscall HTTP/1.1" 404 36 "https://impero.ro/FSS-HCM__1405e9d/root/proc/63/" "Mozilla/5.0 AppleWebKit/537.36 (KHTML, like Gecko; compatible; GPTBot/1.3; +https://openai.com/gptbot)"
74.7.242.44 - - [13/Mar/2026:12:34:57 +0000] "GET /FSS-HCM__1405e9d/root/sys/devices/system/memory/memory109/node0/memory2/subsystem/ HTTP/1.1" 200 456 "https://mail.impero.ro/FSS-HCM__1405e9d/root/sys/devices/system/memory/memory109/node0/memory2/" "Mozilla/5.0 AppleWebKit/537.36 (KHTML, like Gecko; compatible; GPTBot/1.3; +https://openai.com/gptbot)"
74.7.227.140 - - [13/Mar/2026:12:34:57 +0000] "GET /FSS-HCM__1405e9d/root/proc/36/cmdline HTTP/1.1" 200 - "https://impero.ro/FSS-HCM__1405e9d/root/proc/36/" "Mozilla/5.0 AppleWebKit/537.36 (KHTML, like Gecko; compatible; GPTBot/1.3; +https://openai.com/gptbot)"
74.7.242.44 - - [13/Mar/2026:12:34:58 +0000] "GET /FSS-HCM__1405e9d/root/sys/devices/system/memory/memory109/node0/memory8/subsystem/ HTTP/1.1" 200 456 "https://mail.impero.ro/FSS-HCM__1405e9d/root/sys/devices/system/memory/memory109/node0/memory8/" "Mozilla/5.0 AppleWebKit/537.36 (KHTML, like Gecko; compatible; GPTBot/1.3; +https://openai.com/gptbot)"
74.7.227.140 - - [13/Mar/2026:12:34:58 +0000] "GET /FSS-HCM__1405e9d/root/proc/36/syscall HTTP/1.1" 404 36 "https://impero.ro/FSS-HCM__1405e9d/root/proc/36/" "Mozilla/5.0 AppleWebKit/537.36 (KHTML, like Gecko; compatible; GPTBot/1.3; +https://openai.com/gptbot)"
74.7.242.44 - - [13/Mar/2026:12:34:58 +0000] "GET /FSS-HCM__1405e9d/root/sys/devices/system/memory/memory109/node0/memory6/subsystem/ HTTP/1.1" 200 456 "https://mail.impero.ro/FSS-HCM__1405e9d/root/sys/devices/system/memory/memory109/node0/memory6/" "Mozilla/5.0 AppleWebKit/537.36 (KHTML, like Gecko; compatible; GPTBot/1.3; +https://openai.com/gptbot)"
74.7.227.140 - - [13/Mar/2026:12:34:58 +0000] "GET /FSS-HCM__1405e9d/root/proc/63/cmdline HTTP/1.1" 200 - "https://impero.ro/FSS-HCM__1405e9d/root/proc/63/" "Mozilla/5.0 AppleWebKit/537.36 (KHTML, like Gecko; compatible; GPTBot/1.3; +https://openai.com/gptbot)"
74.7.242.44 - - [13/Mar/2026:12:34:59 +0000] "GET /FSS-HCM__1405e9d/root/sys/devices/system/memory/memory109/node0/memory3/subsystem/?C=S;O=A HTTP/1.1" 200 456 "https://mail.impero.ro/FSS-HCM__1405e9d/root/sys/devices/system/memory/memory109/node0/memory3/subsystem/" "Mozilla/5.0 AppleWebKit/537.36 (KHTML, like Gecko; compatible; GPTBot/1.3; +https://openai.com/gptbot)"
74.7.227.140 - - [13/Mar/2026:12:34:59 +0000] "GET /FSS-HCM__1405e9d/root/proc/73/syscall HTTP/1.1" 404 36 "https://impero.ro/FSS-HCM__1405e9d/root/proc/73/" "Mozilla/5.0 AppleWebKit/537.36 (KHTML, like Gecko; compatible; GPTBot/1.3; +https://openai.com/gptbot)"
74.7.242.44 - - [13/Mar/2026:12:34:59 +0000] "GET /FSS-HCM__1405e9d/root/sys/devices/system/memory/memory109/node0/memory104/power/runtime_suspended_time HTTP/1.1" 200 22 "https://mail.impero.ro/FSS-HCM__1405e9d/root/sys/devices/system/memory/memory109/node0/memory104/power/" "Mozilla/5.0 AppleWebKit/537.36 (KHTML, like Gecko; compatible; GPTBot/1.3; +https://openai.com/gptbot)"
74.7.227.140 - - [13/Mar/2026:12:34:59 +0000] "GET /FSS-HCM__1405e9d/root/proc/32/cmdline HTTP/1.1" 200 - "https://impero.ro/FSS-HCM__1405e9d/root/proc/32/" "Mozilla/5.0 AppleWebKit/537.36 (KHTML, like Gecko; compatible; GPTBot/1.3; +https://openai.com/gptbot)"
74.7.242.44 - - [13/Mar/2026:12:35:00 +0000] "GET /FSS-HCM__1405e9d/root/sys/devices/system/memory/memory109/node0/memory104/power/?C=N;O=D HTTP/1.1" 200 480 "https://mail.impero.ro/FSS-HCM__1405e9d/root/sys/devices/system/memory/memory109/node0/memory104/power/" "Mozilla/5.0 AppleWebKit/537.36 (KHTML, like Gecko; compatible; GPTBot/1.3; +https://openai.com/gptbot)"
74.7.227.140 - - [13/Mar/2026:12:35:00 +0000] "GET /FSS-HCM__1405e9d/root/proc/27/syscall HTTP/1.1" 404 36 "https://impero.ro/FSS-HCM__1405e9d/root/proc/27/" "Mozilla/5.0 AppleWebKit/537.36 (KHTML, like Gecko; compatible; GPTBot/1.3; +https://openai.com/gptbot)"
74.7.242.44 - - [13/Mar/2026:12:35:00 +0000] "GET /FSS-HCM__1405e9d/root/sys/devices/system/memory/memory109/node0/memory104/power/?C=D;O=A HTTP/1.1" 200 480 "https://mail.impero.ro/FSS-HCM__1405e9d/root/sys/devices/system/memory/memory109/node0/memory104/power/" "Mozilla/5.0 AppleWebKit/537.36 (KHTML, like Gecko; compatible; GPTBot/1.3; +https://openai.com/gptbot)"
74.7.227.140 - - [13/Mar/2026:12:35:00 +0000] "GET /FSS-HCM__1405e9d/root/proc/38/syscall HTTP/1.1" 404 36 "https://impero.ro/FSS-HCM__1405e9d/root/proc/38/" "Mozilla/5.0 AppleWebKit/537.36 (KHTML, like Gecko; compatible; GPTBot/1.3; +https://openai.com/gptbot)"
74.7.242.44 - - [13/Mar/2026:12:35:01 +0000] "GET /FSS-HCM__1405e9d/root/sys/devices/system/memory/memory109/node0/memory104/power/?C=M;O=A HTTP/1.1" 200 478 "https://mail.impero.ro/FSS-HCM__1405e9d/root/sys/devices/system/memory/memory109/node0/memory104/power/" "Mozilla/5.0 AppleWebKit/537.36 (KHTML, like Gecko; compatible; GPTBot/1.3; +https://openai.com/gptbot)"
74.7.227.140 - - [13/Mar/2026:12:35:01 +0000] "GET /FSS-HCM__1405e9d/root/proc/62/syscall HTTP/1.1" 404 36 "https://impero.ro/FSS-HCM__1405e9d/root/proc/62/" "Mozilla/5.0 AppleWebKit/537.36 (KHTML, like Gecko; compatible; GPTBot/1.3; +https://openai.com/gptbot)"
74.7.242.44 - - [13/Mar/2026:12:35:01 +0000] "GET /FSS-HCM__1405e9d/root/sys/devices/system/memory/memory109/node0/memory104/power/?C=S;O=A HTTP/1.1" 200 480 "https://mail.impero.ro/FSS-HCM__1405e9d/root/sys/devices/system/memory/memory109/node0/memory104/power/" "Mozilla/5.0 AppleWebKit/537.36 (KHTML, like Gecko; compatible; GPTBot/1.3; +https://openai.com/gptbot)"
74.7.227.140 - - [13/Mar/2026:12:35:02 +0000] "GET /FSS-HCM__1405e9d/root/proc/68/syscall HTTP/1.1" 404 36 "https://impero.ro/FSS-HCM__1405e9d/root/proc/68/" "Mozilla/5.0 AppleWebKit/537.36 (KHTML, like Gecko; compatible; GPTBot/1.3; +https://openai.com/gptbot)"
74.7.242.44 - - [13/Mar/2026:12:35:02 +0000] "GET /FSS-HCM__1405e9d/root/sys/devices/system/memory/memory109/node0/memory115/power/runtime_suspended_time HTTP/1.1" 200 22 "https://mail.impero.ro/FSS-HCM__1405e9d/root/sys/devices/system/memory/memory109/node0/memory115/power/" "Mozilla/5.0 AppleWebKit/537.36 (KHTML, like Gecko; compatible; GPTBot/1.3; +https://openai.com/gptbot)"
74.7.227.140 - - [13/Mar/2026:12:35:02 +0000] "GET /FSS-HCM__1405e9d/root/proc/68/limits HTTP/1.1" 200 - "https://impero.ro/FSS-HCM__1405e9d/root/proc/68/" "Mozilla/5.0 AppleWebKit/537.36 (KHTML, like Gecko; compatible; GPTBot/1.3; +https://openai.com/gptbot)"
74.7.227.140 - - [13/Mar/2026:12:35:03 +0000] "GET /FSS-HCM__1405e9d/root/proc/37/limits HTTP/1.1" 200 - "https://impero.ro/FSS-HCM__1405e9d/root/proc/37/" "Mozilla/5.0 AppleWebKit/537.36 (KHTML, like Gecko; compatible; GPTBot/1.3; +https://openai.com/gptbot)"
74.7.242.44 - - [13/Mar/2026:12:35:03 +0000] "GET /FSS-HCM__1405e9d/root/sys/devices/system/memory/memory109/node0/memory105/power/?C=S;O=D HTTP/1.1" 200 478 "https://mail.impero.ro/FSS-HCM__1405e9d/root/sys/devices/system/memory/memory109/node0/memory105/power/?C=S;O=A" "Mozilla/5.0 AppleWebKit/537.36 (KHTML, like Gecko; compatible; GPTBot/1.3; +https://openai.com/gptbot)"
74.7.227.140 - - [13/Mar/2026:12:35:03 +0000] "GET /FSS-HCM__1405e9d/root/proc/62/limits HTTP/1.1" 200 - "https://impero.ro/FSS-HCM__1405e9d/root/proc/62/" "Mozilla/5.0 AppleWebKit/537.36 (KHTML, like Gecko; compatible; GPTBot/1.3; +https://openai.com/gptbot)"
74.7.242.44 - - [13/Mar/2026:12:35:03 +0000] "GET /FSS-HCM__1405e9d/root/sys/devices/system/memory/memory109/node0/memory105/power/?C=N;O=A HTTP/1.1" 200 476 "https://mail.impero.ro/FSS-HCM__1405e9d/root/sys/devices/system/memory/memory109/node0/memory105/power/?C=D;O=A" "Mozilla/5.0 AppleWebKit/537.36 (KHTML, like Gecko; compatible; GPTBot/1.3; +https://openai.com/gptbot)"
74.7.227.140 - - [13/Mar/2026:12:35:04 +0000] "GET /FSS-HCM__1405e9d/root/proc/36/limits HTTP/1.1" 200 - "https://impero.ro/FSS-HCM__1405e9d/root/proc/36/" "Mozilla/5.0 AppleWebKit/537.36 (KHTML, like Gecko; compatible; GPTBot/1.3; +https://openai.com/gptbot)"
74.7.242.44 - - [13/Mar/2026:12:35:04 +0000] "GET /FSS-HCM__1405e9d/root/sys/devices/system/memory/memory109/node0/memory105/power/?C=M;O=D HTTP/1.1" 200 479 "https://mail.impero.ro/FSS-HCM__1405e9d/root/sys/devices/system/memory/memory109/node0/memory105/power/?C=M;O=A" "Mozilla/5.0 AppleWebKit/537.36 (KHTML, like Gecko; compatible; GPTBot/1.3; +https://openai.com/gptbot)"
74.7.227.140 - - [13/Mar/2026:12:35:04 +0000] "GET /FSS-HCM__1405e9d/root/proc/27/limits HTTP/1.1" 200 - "https://impero.ro/FSS-HCM__1405e9d/root/proc/27/" "Mozilla/5.0 AppleWebKit/537.36 (KHTML, like Gecko; compatible; GPTBot/1.3; +https://openai.com/gptbot)"
74.7.242.44 - - [13/Mar/2026:12:35:04 +0000] "GET /FSS-HCM__1405e9d/root/sys/devices/system/memory/memory109/node0/memory105/power/?C=D;O=D HTTP/1.1" 200 478 "https://mail.impero.ro/FSS-HCM__1405e9d/root/sys/devices/system/memory/memory109/node0/memory105/power/?C=D;O=A" "Mozilla/5.0 AppleWebKit/537.36 (KHTML, like Gecko; compatible; GPTBot/1.3; +https://openai.com/gptbot)"
74.7.227.140 - - [13/Mar/2026:12:35:05 +0000] "GET /FSS-HCM__1405e9d/root/proc/23/limits HTTP/1.1" 200 - "https://impero.ro/FSS-HCM__1405e9d/root/proc/23/" "Mozilla/5.0 AppleWebKit/537.36 (KHTML, like Gecko; compatible; GPTBot/1.3; +https://openai.com/gptbot)"
74.7.242.44 - - [13/Mar/2026:12:35:05 +0000] "GET /FSS-HCM__1405e9d/root/sys/devices/system/memory/memory109/node0/memory54/subsystem/?C=S;O=A HTTP/1.1" 200 457 "https://mail.impero.ro/FSS-HCM__1405e9d/root/sys/devices/system/memory/memory109/node0/memory54/subsystem/" "Mozilla/5.0 AppleWebKit/537.36 (KHTML, like Gecko; compatible; GPTBot/1.3; +https://openai.com/gptbot)"
74.7.227.140 - - [13/Mar/2026:12:35:05 +0000] "GET /FSS-HCM__1405e9d/root/proc/38/limits HTTP/1.1" 200 - "https://impero.ro/FSS-HCM__1405e9d/root/proc/38/" "Mozilla/5.0 AppleWebKit/537.36 (KHTML, like Gecko; compatible; GPTBot/1.3; +https://openai.com/gptbot)"
74.7.242.44 - - [13/Mar/2026:12:35:05 +0000] "GET /FSS-HCM__1405e9d/root/sys/devices/system/memory/memory109/node0/memory17/ HTTP/1.1" 200 518 "https://mail.impero.ro/FSS-HCM__1405e9d/root/sys/devices/system/memory/memory109/node0/" "Mozilla/5.0 AppleWebKit/537.36 (KHTML, like Gecko; compatible; GPTBot/1.3; +https://openai.com/gptbot)"
74.7.227.140 - - [13/Mar/2026:12:35:06 +0000] "GET /FSS-HCM__1405e9d/root/proc/73/limits HTTP/1.1" 200 - "https://impero.ro/FSS-HCM__1405e9d/root/proc/73/" "Mozilla/5.0 AppleWebKit/537.36 (KHTML, like Gecko; compatible; GPTBot/1.3; +https://openai.com/gptbot)"
74.7.242.44 - - [13/Mar/2026:12:35:06 +0000] "GET /FSS-HCM__1405e9d/root/sys/devices/system/memory/memory109/node0/memory104/power/?C=N;O=A HTTP/1.1" 200 480 "https://mail.impero.ro/FSS-HCM__1405e9d/root/sys/devices/system/memory/memory109/node0/memory104/power/?C=N;O=D" "Mozilla/5.0 AppleWebKit/537.36 (KHTML, like Gecko; compatible; GPTBot/1.3; +https://openai.com/gptbot)"
74.7.227.140 - - [13/Mar/2026:12:35:06 +0000] "GET /FSS-HCM__1405e9d/root/proc/32/limits HTTP/1.1" 200 - "https://impero.ro/FSS-HCM__1405e9d/root/proc/32/" "Mozilla/5.0 AppleWebKit/537.36 (KHTML, like Gecko; compatible; GPTBot/1.3; +https://openai.com/gptbot)"
74.7.242.44 - - [13/Mar/2026:12:35:06 +0000] "GET /FSS-HCM__1405e9d/root/sys/devices/system/memory/memory109/node0/memory104/power/?C=D;O=D HTTP/1.1" 200 480 "https://mail.impero.ro/FSS-HCM__1405e9d/root/sys/devices/system/memory/memory109/node0/memory104/power/?C=D;O=A" "Mozilla/5.0 AppleWebKit/537.36 (KHTML, like Gecko; compatible; GPTBot/1.3; +https://openai.com/gptbot)"
74.7.227.140 - - [13/Mar/2026:12:35:07 +0000] "GET /FSS-HCM__1405e9d/root/proc/63/limits HTTP/1.1" 200 - "https://impero.ro/FSS-HCM__1405e9d/root/proc/63/" "Mozilla/5.0 AppleWebKit/537.36 (KHTML, like Gecko; compatible; GPTBot/1.3; +https://openai.com/gptbot)"
74.7.242.44 - - [13/Mar/2026:12:35:07 +0000] "GET /FSS-HCM__1405e9d/root/sys/devices/system/memory/memory109/node0/memory104/power/?C=M;O=D HTTP/1.1" 200 477 "https://mail.impero.ro/FSS-HCM__1405e9d/root/sys/devices/system/memory/memory109/node0/memory104/power/?C=M;O=A" "Mozilla/5.0 AppleWebKit/537.36 (KHTML, like Gecko; compatible; GPTBot/1.3; +https://openai.com/gptbot)"
74.7.227.140 - - [13/Mar/2026:12:35:07 +0000] "GET /FSS-HCM__1405e9d/root/proc/37/comm HTTP/1.1" 200 - "https://impero.ro/FSS-HCM__1405e9d/root/proc/37/" "Mozilla/5.0 AppleWebKit/537.36 (KHTML, like Gecko; compatible; GPTBot/1.3; +https://openai.com/gptbot)"
74.7.242.44 - - [13/Mar/2026:12:35:07 +0000] "GET /FSS-HCM__1405e9d/root/sys/devices/system/memory/memory109/node0/memory104/power/?C=S;O=D HTTP/1.1" 200 480 "https://mail.impero.ro/FSS-HCM__1405e9d/root/sys/devices/system/memory/memory109/node0/memory104/power/?C=S;O=A" "Mozilla/5.0 AppleWebKit/537.36 (KHTML, like Gecko; compatible; GPTBot/1.3; +https://openai.com/gptbot)"
74.7.227.140 - - [13/Mar/2026:12:35:08 +0000] "GET /FSS-HCM__1405e9d/root/proc/32/comm HTTP/1.1" 200 - "https://impero.ro/FSS-HCM__1405e9d/root/proc/32/" "Mozilla/5.0 AppleWebKit/537.36 (KHTML, like Gecko; compatible; GPTBot/1.3; +https://openai.com/gptbot)"
74.7.242.44 - - [13/Mar/2026:12:35:08 +0000] "GET /FSS-HCM__1405e9d/root/sys/devices/system/memory/memory109/node0/memory18/ HTTP/1.1" 200 515 "https://mail.impero.ro/FSS-HCM__1405e9d/root/sys/devices/system/memory/memory109/node0/" "Mozilla/5.0 AppleWebKit/537.36 (KHTML, like Gecko; compatible; GPTBot/1.3; +https://openai.com/gptbot)"
74.7.227.140 - - [13/Mar/2026:12:35:08 +0000] "GET /FSS-HCM__1405e9d/root/proc/23/comm HTTP/1.1" 200 - "https://impero.ro/FSS-HCM__1405e9d/root/proc/23/" "Mozilla/5.0 AppleWebKit/537.36 (KHTML, like Gecko; compatible; GPTBot/1.3; +https://openai.com/gptbot)"
74.7.242.44 - - [13/Mar/2026:12:35:08 +0000] "GET /FSS-HCM__1405e9d/root/sys/devices/system/memory/memory109/node0/memory12/ HTTP/1.1" 200 518 "https://mail.impero.ro/FSS-HCM__1405e9d/root/sys/devices/system/memory/memory109/node0/" "Mozilla/5.0 AppleWebKit/537.36 (KHTML, like Gecko; compatible; GPTBot/1.3; +https://openai.com/gptbot)"
74.7.227.140 - - [13/Mar/2026:12:35:09 +0000] "GET /FSS-HCM__1405e9d/root/proc/62/comm HTTP/1.1" 200 - "https://impero.ro/FSS-HCM__1405e9d/root/proc/62/" "Mozilla/5.0 AppleWebKit/537.36 (KHTML, like Gecko; compatible; GPTBot/1.3; +https://openai.com/gptbot)"
74.7.242.44 - - [13/Mar/2026:12:35:09 +0000] "GET /FSS-HCM__1405e9d/root/sys/devices/system/memory/memory109/node0/memory16/ HTTP/1.1" 200 517 "https://mail.impero.ro/FSS-HCM__1405e9d/root/sys/devices/system/memory/memory109/node0/" "Mozilla/5.0 AppleWebKit/537.36 (KHTML, like Gecko; compatible; GPTBot/1.3; +https://openai.com/gptbot)"
74.7.227.140 - - [13/Mar/2026:12:35:09 +0000] "GET /FSS-HCM__1405e9d/root/proc/38/comm HTTP/1.1" 200 - "https://impero.ro/FSS-HCM__1405e9d/root/proc/38/" "Mozilla/5.0 AppleWebKit/537.36 (KHTML, like Gecko; compatible; GPTBot/1.3; +https://openai.com/gptbot)"
74.7.242.44 - - [13/Mar/2026:12:35:09 +0000] "GET /FSS-HCM__1405e9d/root/sys/devices/system/memory/memory109/node0/memory13/ HTTP/1.1" 200 517 "https://mail.impero.ro/FSS-HCM__1405e9d/root/sys/devices/system/memory/memory109/node0/" "Mozilla/5.0 AppleWebKit/537.36 (KHTML, like Gecko; compatible; GPTBot/1.3; +https://openai.com/gptbot)"
74.7.227.140 - - [13/Mar/2026:12:35:10 +0000] "GET /FSS-HCM__1405e9d/root/proc/68/comm HTTP/1.1" 200 - "https://impero.ro/FSS-HCM__1405e9d/root/proc/68/" "Mozilla/5.0 AppleWebKit/537.36 (KHTML, like Gecko; compatible; GPTBot/1.3; +https://openai.com/gptbot)"
74.7.242.44 - - [13/Mar/2026:12:35:10 +0000] "GET /FSS-HCM__1405e9d/root/sys/devices/system/memory/memory109/node0/cpu3/ HTTP/1.1" 200 567 "https://mail.impero.ro/FSS-HCM__1405e9d/root/sys/devices/system/memory/memory109/node0/" "Mozilla/5.0 AppleWebKit/537.36 (KHTML, like Gecko; compatible; GPTBot/1.3; +https://openai.com/gptbot)"
74.7.227.140 - - [13/Mar/2026:12:35:10 +0000] "GET /FSS-HCM__1405e9d/root/proc/27/comm HTTP/1.1" 200 - "https://impero.ro/FSS-HCM__1405e9d/root/proc/27/" "Mozilla/5.0 AppleWebKit/537.36 (KHTML, like Gecko; compatible; GPTBot/1.3; +https://openai.com/gptbot)"
74.7.242.44 - - [13/Mar/2026:12:35:11 +0000] "GET /FSS-HCM__1405e9d/root/sys/devices/system/memory/memory109/node0/cpu5/ HTTP/1.1" 200 563 "https://mail.impero.ro/FSS-HCM__1405e9d/root/sys/devices/system/memory/memory109/node0/" "Mozilla/5.0 AppleWebKit/537.36 (KHTML, like Gecko; compatible; GPTBot/1.3; +https://openai.com/gptbot)"
74.7.227.140 - - [13/Mar/2026:12:35:11 +0000] "GET /FSS-HCM__1405e9d/root/proc/73/comm HTTP/1.1" 200 - "https://impero.ro/FSS-HCM__1405e9d/root/proc/73/" "Mozilla/5.0 AppleWebKit/537.36 (KHTML, like Gecko; compatible; GPTBot/1.3; +https://openai.com/gptbot)"
74.7.242.44 - - [13/Mar/2026:12:35:11 +0000] "GET /FSS-HCM__1405e9d/root/sys/devices/system/memory/memory109/node0/memory17/subsystem/ HTTP/1.1" 200 455 "https://mail.impero.ro/FSS-HCM__1405e9d/root/sys/devices/system/memory/memory109/node0/memory17/" "Mozilla/5.0 AppleWebKit/537.36 (KHTML, like Gecko; compatible; GPTBot/1.3; +https://openai.com/gptbot)"
74.7.227.140 - - [13/Mar/2026:12:35:11 +0000] "GET /FSS-HCM__1405e9d/root/proc/63/comm HTTP/1.1" 200 - "https://impero.ro/FSS-HCM__1405e9d/root/proc/63/" "Mozilla/5.0 AppleWebKit/537.36 (KHTML, like Gecko; compatible; GPTBot/1.3; +https://openai.com/gptbot)"
74.7.242.44 - - [13/Mar/2026:12:35:12 +0000] "GET /FSS-HCM__1405e9d/root/sys/devices/system/memory/memory109/node0/memory17/power/ HTTP/1.1" 200 473 "https://mail.impero.ro/FSS-HCM__1405e9d/root/sys/devices/system/memory/memory109/node0/memory17/" "Mozilla/5.0 AppleWebKit/537.36 (KHTML, like Gecko; compatible; GPTBot/1.3; +https://openai.com/gptbot)"
