74.7.242.44 - - [13/Mar/2026:12:31:27 +0000] "GET /FSS-HCM__1405e9d/root/sys/devices/system/memory/memory104/node0/memory12/subsystem/?C=N;O=A HTTP/1.1" 200 455 "https://mail.impero.ro/FSS-HCM__1405e9d/root/sys/devices/system/memory/memory104/node0/memory12/subsystem/?C=N;O=D" "Mozilla/5.0 AppleWebKit/537.36 (KHTML, like Gecko; compatible; GPTBot/1.3; +https://openai.com/gptbot)"
74.7.227.140 - - [13/Mar/2026:12:31:27 +0000] "GET /FSS-HCM__1405e9d/root/home/imperoro/www/wp-content__1405e9d/plugins/analytics-1771323405/images/wp_file_manager.svg HTTP/1.1" 200 1303 "https://impero.ro/FSS-HCM__1405e9d/root/home/imperoro/www/wp-content__1405e9d/plugins/analytics-1771323405/images/" "Mozilla/5.0 AppleWebKit/537.36 (KHTML, like Gecko; compatible; GPTBot/1.3; +https://openai.com/gptbot)"
74.7.242.44 - - [13/Mar/2026:12:31:27 +0000] "GET /FSS-HCM__1405e9d/root/sys/devices/system/memory/memory104/node0/memory19/subsystem/?C=N;O=D HTTP/1.1" 200 460 "https://mail.impero.ro/FSS-HCM__1405e9d/root/sys/devices/system/memory/memory104/node0/memory19/subsystem/" "Mozilla/5.0 AppleWebKit/537.36 (KHTML, like Gecko; compatible; GPTBot/1.3; +https://openai.com/gptbot)"
74.7.227.140 - - [13/Mar/2026:12:31:27 +0000] "GET /FSS-HCM__1405e9d/root/home/imperoro/www/wp-content__1405e9d/plugins/analytics-1772432887/images/btn-arrow-icon.png HTTP/1.1" 200 1652 "https://impero.ro/FSS-HCM__1405e9d/root/home/imperoro/www/wp-content__1405e9d/plugins/analytics-1772432887/images/" "Mozilla/5.0 AppleWebKit/537.36 (KHTML, like Gecko; compatible; GPTBot/1.3; +https://openai.com/gptbot)"
74.7.242.44 - - [13/Mar/2026:12:31:28 +0000] "GET /FSS-HCM__1405e9d/root/sys/devices/system/memory/memory115/node0/memory14/subsystem/?C=N;O=D HTTP/1.1" 200 460 "https://mail.impero.ro/FSS-HCM__1405e9d/root/sys/devices/system/memory/memory115/node0/memory14/subsystem/" "Mozilla/5.0 AppleWebKit/537.36 (KHTML, like Gecko; compatible; GPTBot/1.3; +https://openai.com/gptbot)"
74.7.227.140 - - [13/Mar/2026:12:31:28 +0000] "GET /FSS-HCM__1405e9d/root/home/imperoro/www/wp-content__1405e9d/plugins/security_1772271053/images/wp_file_manager.svg HTTP/1.1" 200 1303 "https://impero.ro/FSS-HCM__1405e9d/root/home/imperoro/www/wp-content__1405e9d/plugins/security_1772271053/images/" "Mozilla/5.0 AppleWebKit/537.36 (KHTML, like Gecko; compatible; GPTBot/1.3; +https://openai.com/gptbot)"
74.7.242.44 - - [13/Mar/2026:12:31:28 +0000] "GET /FSS-HCM__1405e9d/root/sys/devices/system/memory/memory104/node0/memory17/subsystem/?C=M;O=D HTTP/1.1" 200 463 "https://mail.impero.ro/FSS-HCM__1405e9d/root/sys/devices/system/memory/memory104/node0/memory17/subsystem/?C=M;O=A" "Mozilla/5.0 AppleWebKit/537.36 (KHTML, like Gecko; compatible; GPTBot/1.3; +https://openai.com/gptbot)"
74.7.227.140 - - [13/Mar/2026:12:31:29 +0000] "GET /FSS-HCM__1405e9d/root/home/imperoro/www/wp-content__1405e9d/themes/config-1772806033/images/popularfx-logo-menu.png HTTP/1.1" 200 827 "https://impero.ro/FSS-HCM__1405e9d/root/home/imperoro/www/wp-content__1405e9d/themes/config-1772806033/images/" "Mozilla/5.0 AppleWebKit/537.36 (KHTML, like Gecko; compatible; GPTBot/1.3; +https://openai.com/gptbot)"
74.7.242.44 - - [13/Mar/2026:12:31:29 +0000] "GET /FSS-HCM__1405e9d/root/sys/devices/system/memory/memory104/node0/memory17/subsystem/?C=S;O=D HTTP/1.1" 200 460 "https://mail.impero.ro/FSS-HCM__1405e9d/root/sys/devices/system/memory/memory104/node0/memory17/subsystem/?C=S;O=A" "Mozilla/5.0 AppleWebKit/537.36 (KHTML, like Gecko; compatible; GPTBot/1.3; +https://openai.com/gptbot)"
74.7.227.140 - - [13/Mar/2026:12:31:29 +0000] "GET /FSS-HCM__1405e9d/root/home/imperoro/www/wp-content__1405e9d/plugins/analytics-1771170928/images/wp_file_manager.svg HTTP/1.1" 200 1303 "https://impero.ro/FSS-HCM__1405e9d/root/home/imperoro/www/wp-content__1405e9d/plugins/analytics-1771170928/images/" "Mozilla/5.0 AppleWebKit/537.36 (KHTML, like Gecko; compatible; GPTBot/1.3; +https://openai.com/gptbot)"
74.7.242.44 - - [13/Mar/2026:12:31:29 +0000] "GET /FSS-HCM__1405e9d/root/sys/devices/system/memory/memory115/node0/memory18/subsystem/?C=D;O=D HTTP/1.1" 200 460 "https://mail.impero.ro/FSS-HCM__1405e9d/root/sys/devices/system/memory/memory115/node0/memory18/subsystem/?C=D;O=A" "Mozilla/5.0 AppleWebKit/537.36 (KHTML, like Gecko; compatible; GPTBot/1.3; +https://openai.com/gptbot)"
74.7.227.140 - - [13/Mar/2026:12:31:30 +0000] "GET /FSS-HCM__1405e9d/root/home/imperoro/www/wp-content__1405e9d/plugins/analytics-1772432887/images/wp_file_manager.svg HTTP/1.1" 200 1303 "https://impero.ro/FSS-HCM__1405e9d/root/home/imperoro/www/wp-content__1405e9d/plugins/analytics-1772432887/images/" "Mozilla/5.0 AppleWebKit/537.36 (KHTML, like Gecko; compatible; GPTBot/1.3; +https://openai.com/gptbot)"
74.7.242.44 - - [13/Mar/2026:12:31:30 +0000] "GET /FSS-HCM__1405e9d/root/sys/devices/system/memory/memory104/node0/memory13/subsystem/?C=M;O=D HTTP/1.1" 200 463 "https://mail.impero.ro/FSS-HCM__1405e9d/root/sys/devices/system/memory/memory104/node0/memory13/subsystem/?C=M;O=A" "Mozilla/5.0 AppleWebKit/537.36 (KHTML, like Gecko; compatible; GPTBot/1.3; +https://openai.com/gptbot)"
74.7.227.140 - - [13/Mar/2026:12:31:30 +0000] "GET /FSS-HCM__1405e9d/root/home/imperoro/www/wp-content__1405e9d/plugins/backup_1771474426/images/loader-fm-console.gif HTTP/1.1" 200 41605 "https://impero.ro/FSS-HCM__1405e9d/root/home/imperoro/www/wp-content__1405e9d/plugins/backup_1771474426/images/" "Mozilla/5.0 AppleWebKit/537.36 (KHTML, like Gecko; compatible; GPTBot/1.3; +https://openai.com/gptbot)"
74.7.242.44 - - [13/Mar/2026:12:31:30 +0000] "GET /FSS-HCM__1405e9d/root/sys/devices/system/memory/memory115/node0/memory12/subsystem/?C=N;O=D HTTP/1.1" 200 460 "https://mail.impero.ro/FSS-HCM__1405e9d/root/sys/devices/system/memory/memory115/node0/memory12/subsystem/" "Mozilla/5.0 AppleWebKit/537.36 (KHTML, like Gecko; compatible; GPTBot/1.3; +https://openai.com/gptbot)"
74.7.227.140 - - [13/Mar/2026:12:31:31 +0000] "GET /FSS-HCM__1405e9d/root/home/imperoro/www/wp-content__1405e9d/plugins/analytics_1772808482/images/wp_file_manager.svg HTTP/1.1" 200 1303 "https://impero.ro/FSS-HCM__1405e9d/root/home/imperoro/www/wp-content__1405e9d/plugins/analytics_1772808482/images/" "Mozilla/5.0 AppleWebKit/537.36 (KHTML, like Gecko; compatible; GPTBot/1.3; +https://openai.com/gptbot)"
74.7.242.44 - - [13/Mar/2026:12:31:31 +0000] "GET /FSS-HCM__1405e9d/root/sys/devices/system/memory/memory104/node0/memory15/subsystem/?C=N;O=A HTTP/1.1" 200 456 "https://mail.impero.ro/FSS-HCM__1405e9d/root/sys/devices/system/memory/memory104/node0/memory15/subsystem/?C=N;O=D" "Mozilla/5.0 AppleWebKit/537.36 (KHTML, like Gecko; compatible; GPTBot/1.3; +https://openai.com/gptbot)"
74.7.227.140 - - [13/Mar/2026:12:31:31 +0000] "GET /FSS-HCM__1405e9d/root/home/imperoro/www/wp-content__1405e9d/plugins/backup_1770982340/images/loader-fm-console.gif HTTP/1.1" 200 41605 "https://impero.ro/FSS-HCM__1405e9d/root/home/imperoro/www/wp-content__1405e9d/plugins/backup_1770982340/images/" "Mozilla/5.0 AppleWebKit/537.36 (KHTML, like Gecko; compatible; GPTBot/1.3; +https://openai.com/gptbot)"
74.7.242.44 - - [13/Mar/2026:12:31:31 +0000] "GET /FSS-HCM__1405e9d/root/sys/devices/system/memory/memory104/node0/memory14/subsystem/?C=N;O=D HTTP/1.1" 200 460 "https://mail.impero.ro/FSS-HCM__1405e9d/root/sys/devices/system/memory/memory104/node0/memory14/subsystem/" "Mozilla/5.0 AppleWebKit/537.36 (KHTML, like Gecko; compatible; GPTBot/1.3; +https://openai.com/gptbot)"
74.7.227.140 - - [13/Mar/2026:12:31:32 +0000] "GET /FSS-HCM__1405e9d/root/home/imperoro/www/wp-includes__1405e9d/js/mce-view.js HTTP/1.1" 200 7014 "https://impero.ro/FSS-HCM__1405e9d/root/home/imperoro/www/wp-includes__1405e9d/js/" "Mozilla/5.0 AppleWebKit/537.36 (KHTML, like Gecko; compatible; GPTBot/1.3; +https://openai.com/gptbot)"
74.7.242.44 - - [13/Mar/2026:12:31:32 +0000] "GET /FSS-HCM__1405e9d/root/sys/devices/system/memory/memory104/node0/memory16/subsystem/?C=M;O=D HTTP/1.1" 200 463 "https://mail.impero.ro/FSS-HCM__1405e9d/root/sys/devices/system/memory/memory104/node0/memory16/subsystem/?C=M;O=A" "Mozilla/5.0 AppleWebKit/537.36 (KHTML, like Gecko; compatible; GPTBot/1.3; +https://openai.com/gptbot)"
74.7.227.140 - - [13/Mar/2026:12:31:32 +0000] "GET /FSS-HCM__1405e9d/root/home/imperoro/www/wp-includes__1405e9d/blocks/comments-pagination-next/block.json HTTP/1.1" 200 464 "https://impero.ro/FSS-HCM__1405e9d/root/home/imperoro/www/wp-includes__1405e9d/blocks/comments-pagination-next/" "Mozilla/5.0 AppleWebKit/537.36 (KHTML, like Gecko; compatible; GPTBot/1.3; +https://openai.com/gptbot)"
74.7.242.44 - - [13/Mar/2026:12:31:32 +0000] "GET /FSS-HCM__1405e9d/root/sys/devices/system/memory/memory115/node0/memory16/subsystem/?C=D;O=D HTTP/1.1" 200 460 "https://mail.impero.ro/FSS-HCM__1405e9d/root/sys/devices/system/memory/memory115/node0/memory16/subsystem/?C=D;O=A" "Mozilla/5.0 AppleWebKit/537.36 (KHTML, like Gecko; compatible; GPTBot/1.3; +https://openai.com/gptbot)"
74.7.227.140 - - [13/Mar/2026:12:31:33 +0000] "GET /FSS-HCM__1405e9d/root/home/imperoro/www/wp-content__1405e9d/plugins/security_1772271053/lib/main.default.js HTTP/1.1" 200 2445 "https://impero.ro/FSS-HCM__1405e9d/root/home/imperoro/www/wp-content__1405e9d/plugins/security_1772271053/lib/" "Mozilla/5.0 AppleWebKit/537.36 (KHTML, like Gecko; compatible; GPTBot/1.3; +https://openai.com/gptbot)"
74.7.242.44 - - [13/Mar/2026:12:31:33 +0000] "GET /FSS-HCM__1405e9d/root/sys/devices/system/memory/memory104/node0/memory15/subsystem/?C=D;O=A HTTP/1.1" 200 456 "https://mail.impero.ro/FSS-HCM__1405e9d/root/sys/devices/system/memory/memory104/node0/memory15/subsystem/" "Mozilla/5.0 AppleWebKit/537.36 (KHTML, like Gecko; compatible; GPTBot/1.3; +https://openai.com/gptbot)"
74.7.227.140 - - [13/Mar/2026:12:31:33 +0000] "GET /FSS-HCM__1405e9d/root/home/imperoro/www/wp-content__1405e9d/uploads/2025/11/?C=N;O=D HTTP/1.1" 200 357 "https://impero.ro/FSS-HCM__1405e9d/root/home/imperoro/www/wp-content__1405e9d/uploads/2025/11/" "Mozilla/5.0 AppleWebKit/537.36 (KHTML, like Gecko; compatible; GPTBot/1.3; +https://openai.com/gptbot)"
74.7.242.44 - - [13/Mar/2026:12:31:33 +0000] "GET /FSS-HCM__1405e9d/root/sys/devices/system/memory/memory115/node0/memory14/subsystem/?C=N;O=A HTTP/1.1" 200 456 "https://mail.impero.ro/FSS-HCM__1405e9d/root/sys/devices/system/memory/memory115/node0/memory14/subsystem/?C=N;O=D" "Mozilla/5.0 AppleWebKit/537.36 (KHTML, like Gecko; compatible; GPTBot/1.3; +https://openai.com/gptbot)"
74.7.227.140 - - [13/Mar/2026:12:31:34 +0000] "GET /FSS-HCM__1405e9d/root/home/imperoro/www/wp-content__1405e9d/uploads/2025/03/?C=D;O=A HTTP/1.1" 200 359 "https://impero.ro/FSS-HCM__1405e9d/root/home/imperoro/www/wp-content__1405e9d/uploads/2025/03/" "Mozilla/5.0 AppleWebKit/537.36 (KHTML, like Gecko; compatible; GPTBot/1.3; +https://openai.com/gptbot)"
74.7.242.44 - - [13/Mar/2026:12:31:34 +0000] "GET /FSS-HCM__1405e9d/root/sys/devices/system/memory/memory104/node0/memory12/subsystem/?C=M;O=D HTTP/1.1" 200 463 "https://mail.impero.ro/FSS-HCM__1405e9d/root/sys/devices/system/memory/memory104/node0/memory12/subsystem/?C=M;O=A" "Mozilla/5.0 AppleWebKit/537.36 (KHTML, like Gecko; compatible; GPTBot/1.3; +https://openai.com/gptbot)"
74.7.227.140 - - [13/Mar/2026:12:31:34 +0000] "GET /FSS-HCM__1405e9d/root/home/imperoro/www/wp-content__1405e9d/plugins/analytics-1771323405/lib/main.default.js HTTP/1.1" 200 2445 "https://impero.ro/FSS-HCM__1405e9d/root/home/imperoro/www/wp-content__1405e9d/plugins/analytics-1771323405/lib/" "Mozilla/5.0 AppleWebKit/537.36 (KHTML, like Gecko; compatible; GPTBot/1.3; +https://openai.com/gptbot)"
74.7.242.44 - - [13/Mar/2026:12:31:35 +0000] "GET /FSS-HCM__1405e9d/root/sys/devices/system/memory/memory115/node0/memory16/subsystem/?C=M;O=A HTTP/1.1" 200 458 "https://mail.impero.ro/FSS-HCM__1405e9d/root/sys/devices/system/memory/memory115/node0/memory16/subsystem/" "Mozilla/5.0 AppleWebKit/537.36 (KHTML, like Gecko; compatible; GPTBot/1.3; +https://openai.com/gptbot)"
74.7.227.140 - - [13/Mar/2026:12:31:35 +0000] "GET /FSS-HCM__1405e9d/root/home/imperoro/www/wp-content__1405e9d/plugins/analytics_1772808482/lib/main.default.js HTTP/1.1" 200 2445 "https://impero.ro/FSS-HCM__1405e9d/root/home/imperoro/www/wp-content__1405e9d/plugins/analytics_1772808482/lib/" "Mozilla/5.0 AppleWebKit/537.36 (KHTML, like Gecko; compatible; GPTBot/1.3; +https://openai.com/gptbot)"
74.7.242.44 - - [13/Mar/2026:12:31:35 +0000] "GET /FSS-HCM__1405e9d/root/sys/devices/system/memory/memory104/node0/memory17/subsystem/?C=D;O=D HTTP/1.1" 200 460 "https://mail.impero.ro/FSS-HCM__1405e9d/root/sys/devices/system/memory/memory104/node0/memory17/subsystem/?C=D;O=A" "Mozilla/5.0 AppleWebKit/537.36 (KHTML, like Gecko; compatible; GPTBot/1.3; +https://openai.com/gptbot)"
74.7.227.140 - - [13/Mar/2026:12:31:35 +0000] "GET /FSS-HCM__1405e9d/root/home/imperoro/www/wp-content__1405e9d/plugins/analytics-1771170928/lib/main.default.js HTTP/1.1" 200 2445 "https://impero.ro/FSS-HCM__1405e9d/root/home/imperoro/www/wp-content__1405e9d/plugins/analytics-1771170928/lib/" "Mozilla/5.0 AppleWebKit/537.36 (KHTML, like Gecko; compatible; GPTBot/1.3; +https://openai.com/gptbot)"
74.7.242.44 - - [13/Mar/2026:12:31:36 +0000] "GET /FSS-HCM__1405e9d/root/sys/devices/system/memory/memory115/node0/memory13/subsystem/?C=N;O=D HTTP/1.1" 200 460 "https://mail.impero.ro/FSS-HCM__1405e9d/root/sys/devices/system/memory/memory115/node0/memory13/subsystem/" "Mozilla/5.0 AppleWebKit/537.36 (KHTML, like Gecko; compatible; GPTBot/1.3; +https://openai.com/gptbot)"
74.7.227.140 - - [13/Mar/2026:12:31:36 +0000] "GET /FSS-HCM__1405e9d/root/home/imperoro/www/wp-content__1405e9d/plugins/analytics_1772189723/lib/main.default.js HTTP/1.1" 200 2445 "https://impero.ro/FSS-HCM__1405e9d/root/home/imperoro/www/wp-content__1405e9d/plugins/analytics_1772189723/lib/" "Mozilla/5.0 AppleWebKit/537.36 (KHTML, like Gecko; compatible; GPTBot/1.3; +https://openai.com/gptbot)"
74.7.242.44 - - [13/Mar/2026:12:31:36 +0000] "GET /FSS-HCM__1405e9d/root/sys/devices/system/memory/memory104/node0/memory19/subsystem/?C=N;O=A HTTP/1.1" 200 456 "https://mail.impero.ro/FSS-HCM__1405e9d/root/sys/devices/system/memory/memory104/node0/memory19/subsystem/?C=D;O=A" "Mozilla/5.0 AppleWebKit/537.36 (KHTML, like Gecko; compatible; GPTBot/1.3; +https://openai.com/gptbot)"
74.7.227.140 - - [13/Mar/2026:12:31:37 +0000] "GET /FSS-HCM__1405e9d/root/home/imperoro/www/wp-content__1405e9d/plugins/analytics_1770646166/lib/main.default.js HTTP/1.1" 200 2445 "https://impero.ro/FSS-HCM__1405e9d/root/home/imperoro/www/wp-content__1405e9d/plugins/analytics_1770646166/lib/" "Mozilla/5.0 AppleWebKit/537.36 (KHTML, like Gecko; compatible; GPTBot/1.3; +https://openai.com/gptbot)"
74.7.242.44 - - [13/Mar/2026:12:31:37 +0000] "GET /FSS-HCM__1405e9d/root/sys/devices/system/memory/memory104/node0/memory12/subsystem/?C=D;O=D HTTP/1.1" 200 460 "https://mail.impero.ro/FSS-HCM__1405e9d/root/sys/devices/system/memory/memory104/node0/memory12/subsystem/?C=D;O=A" "Mozilla/5.0 AppleWebKit/537.36 (KHTML, like Gecko; compatible; GPTBot/1.3; +https://openai.com/gptbot)"
74.7.242.44 - - [13/Mar/2026:12:31:37 +0000] "GET /FSS-HCM__1405e9d/root/sys/devices/system/memory/memory115/node0/memory14/subsystem/?C=D;O=A HTTP/1.1" 200 456 "https://mail.impero.ro/FSS-HCM__1405e9d/root/sys/devices/system/memory/memory115/node0/memory14/subsystem/" "Mozilla/5.0 AppleWebKit/537.36 (KHTML, like Gecko; compatible; GPTBot/1.3; +https://openai.com/gptbot)"
74.7.227.140 - - [13/Mar/2026:12:31:38 +0000] "GET /%22https:/developer.wordpress.org/plugins/%22 HTTP/1.1" 404 36 "https://impero.ro/FSS-HCM__1405e9d/root/home/imperoro/www/wp-content__1405e9d/languages/admin-ro_RO.po" "Mozilla/5.0 AppleWebKit/537.36 (KHTML, like Gecko; compatible; GPTBot/1.3; +https://openai.com/gptbot)"
74.7.242.44 - - [13/Mar/2026:12:31:38 +0000] "GET /FSS-HCM__1405e9d/root/sys/devices/system/memory/memory104/node0/memory14/subsystem/?C=N;O=A HTTP/1.1" 200 456 "https://mail.impero.ro/FSS-HCM__1405e9d/root/sys/devices/system/memory/memory104/node0/memory14/subsystem/?C=D;O=A" "Mozilla/5.0 AppleWebKit/537.36 (KHTML, like Gecko; compatible; GPTBot/1.3; +https://openai.com/gptbot)"
74.7.227.140 - - [13/Mar/2026:12:31:38 +0000] "GET /FSS-HCM__1405e9d/root/home/imperoro/www/wp-content__1405e9d/themes/author-template-1771415070/js/ HTTP/1.1" 200 476 "https://impero.ro/FSS-HCM__1405e9d/root/home/imperoro/www/wp-content__1405e9d/themes/author-template-1771415070/" "Mozilla/5.0 AppleWebKit/537.36 (KHTML, like Gecko; compatible; GPTBot/1.3; +https://openai.com/gptbot)"
74.7.242.44 - - [13/Mar/2026:12:31:38 +0000] "GET /FSS-HCM__1405e9d/root/sys/devices/system/memory/memory115/node0/memory16/subsystem/?C=N;O=A HTTP/1.1" 200 455 "https://mail.impero.ro/FSS-HCM__1405e9d/root/sys/devices/system/memory/memory115/node0/memory16/subsystem/?C=D;O=A" "Mozilla/5.0 AppleWebKit/537.36 (KHTML, like Gecko; compatible; GPTBot/1.3; +https://openai.com/gptbot)"
74.7.227.140 - - [13/Mar/2026:12:31:39 +0000] "GET /FSS-HCM__1405e9d/root/home/imperoro/www/wp-content__1405e9d/plugins/security_1772271053/lib/require.js HTTP/1.1" 404 36 "https://impero.ro/FSS-HCM__1405e9d/root/home/imperoro/www/wp-content__1405e9d/plugins/security_1772271053/lib/main.default.js" "Mozilla/5.0 AppleWebKit/537.36 (KHTML, like Gecko; compatible; GPTBot/1.3; +https://openai.com/gptbot)"
74.7.242.44 - - [13/Mar/2026:12:31:39 +0000] "GET /FSS-HCM__1405e9d/root/sys/devices/system/memory/memory115/node0/memory19/subsystem/?C=N;O=D HTTP/1.1" 200 460 "https://mail.impero.ro/FSS-HCM__1405e9d/root/sys/devices/system/memory/memory115/node0/memory19/subsystem/" "Mozilla/5.0 AppleWebKit/537.36 (KHTML, like Gecko; compatible; GPTBot/1.3; +https://openai.com/gptbot)"
74.7.227.140 - - [13/Mar/2026:12:31:39 +0000] "GET /FSS-HCM__1405e9d/root/home/imperoro/www/wp-content__1405e9d/themes/author-template-1771415070/inc/ HTTP/1.1" 200 376 "https://impero.ro/FSS-HCM__1405e9d/root/home/imperoro/www/wp-content__1405e9d/themes/author-template-1771415070/" "Mozilla/5.0 AppleWebKit/537.36 (KHTML, like Gecko; compatible; GPTBot/1.3; +https://openai.com/gptbot)"
74.7.242.44 - - [13/Mar/2026:12:31:39 +0000] "GET /FSS-HCM__1405e9d/root/sys/devices/system/memory/memory115/node0/memory14/power/?C=D;O=A HTTP/1.1" 200 473 "https://mail.impero.ro/FSS-HCM__1405e9d/root/sys/devices/system/memory/memory115/node0/memory14/power/" "Mozilla/5.0 AppleWebKit/537.36 (KHTML, like Gecko; compatible; GPTBot/1.3; +https://openai.com/gptbot)"
74.7.227.140 - - [13/Mar/2026:12:31:40 +0000] "GET /FSS-HCM__1405e9d/root/home/imperoro/www/wp-content__1405e9d/themes/author-template-1771091394/js/ HTTP/1.1" 200 476 "https://impero.ro/FSS-HCM__1405e9d/root/home/imperoro/www/wp-content__1405e9d/themes/author-template-1771091394/" "Mozilla/5.0 AppleWebKit/537.36 (KHTML, like Gecko; compatible; GPTBot/1.3; +https://openai.com/gptbot)"
74.7.242.44 - - [13/Mar/2026:12:31:40 +0000] "GET /FSS-HCM__1405e9d/root/sys/devices/system/memory/memory104/node0/memory14/power/?C=N;O=D HTTP/1.1" 200 473 "https://mail.impero.ro/FSS-HCM__1405e9d/root/sys/devices/system/memory/memory104/node0/memory14/power/" "Mozilla/5.0 AppleWebKit/537.36 (KHTML, like Gecko; compatible; GPTBot/1.3; +https://openai.com/gptbot)"
74.7.227.140 - - [13/Mar/2026:12:31:40 +0000] "GET /FSS-HCM__1405e9d/root/home/imperoro/www/wp-content__1405e9d/plugins/analytics-1771323405/lib/require.js HTTP/1.1" 404 36 "https://impero.ro/FSS-HCM__1405e9d/root/home/imperoro/www/wp-content__1405e9d/plugins/analytics-1771323405/lib/main.default.js" "Mozilla/5.0 AppleWebKit/537.36 (KHTML, like Gecko; compatible; GPTBot/1.3; +https://openai.com/gptbot)"
74.7.242.44 - - [13/Mar/2026:12:31:40 +0000] "GET /FSS-HCM__1405e9d/root/sys/devices/system/memory/memory115/node0/memory16/subsystem/?C=M;O=D HTTP/1.1" 200 463 "https://mail.impero.ro/FSS-HCM__1405e9d/root/sys/devices/system/memory/memory115/node0/memory16/subsystem/?C=M;O=A" "Mozilla/5.0 AppleWebKit/537.36 (KHTML, like Gecko; compatible; GPTBot/1.3; +https://openai.com/gptbot)"
74.7.227.140 - - [13/Mar/2026:12:31:41 +0000] "GET /FSS-HCM__1405e9d/root/home/imperoro/www/wp-content__1405e9d/plugins/analytics_1772808482/lib/require.js HTTP/1.1" 404 36 "https://impero.ro/FSS-HCM__1405e9d/root/home/imperoro/www/wp-content__1405e9d/plugins/analytics_1772808482/lib/main.default.js" "Mozilla/5.0 AppleWebKit/537.36 (KHTML, like Gecko; compatible; GPTBot/1.3; +https://openai.com/gptbot)"
74.7.242.44 - - [13/Mar/2026:12:31:41 +0000] "GET /FSS-HCM__1405e9d/root/sys/devices/system/memory/memory104/node0/memory15/power/?C=S;O=A HTTP/1.1" 200 473 "https://mail.impero.ro/FSS-HCM__1405e9d/root/sys/devices/system/memory/memory104/node0/memory15/power/" "Mozilla/5.0 AppleWebKit/537.36 (KHTML, like Gecko; compatible; GPTBot/1.3; +https://openai.com/gptbot)"
74.7.227.140 - - [13/Mar/2026:12:31:41 +0000] "GET /FSS-HCM__1405e9d/root/home/imperoro/www/wp-content__1405e9d/plugins/analytics-1771170928/lib/require.js HTTP/1.1" 404 36 "https://impero.ro/FSS-HCM__1405e9d/root/home/imperoro/www/wp-content__1405e9d/plugins/analytics-1771170928/lib/main.default.js" "Mozilla/5.0 AppleWebKit/537.36 (KHTML, like Gecko; compatible; GPTBot/1.3; +https://openai.com/gptbot)"
74.7.242.44 - - [13/Mar/2026:12:31:41 +0000] "GET /FSS-HCM__1405e9d/root/sys/devices/system/memory/memory115/node0/memory13/power/?C=M;O=A HTTP/1.1" 200 477 "https://mail.impero.ro/FSS-HCM__1405e9d/root/sys/devices/system/memory/memory115/node0/memory13/power/" "Mozilla/5.0 AppleWebKit/537.36 (KHTML, like Gecko; compatible; GPTBot/1.3; +https://openai.com/gptbot)"
74.7.227.140 - - [13/Mar/2026:12:31:42 +0000] "GET /FSS-HCM__1405e9d/root/home/imperoro/www/wp-content__1405e9d/plugins/analytics_1772189723/lib/require.js HTTP/1.1" 404 36 "https://impero.ro/FSS-HCM__1405e9d/root/home/imperoro/www/wp-content__1405e9d/plugins/analytics_1772189723/lib/main.default.js" "Mozilla/5.0 AppleWebKit/537.36 (KHTML, like Gecko; compatible; GPTBot/1.3; +https://openai.com/gptbot)"
74.7.242.44 - - [13/Mar/2026:12:31:42 +0000] "GET /FSS-HCM__1405e9d/root/sys/devices/system/memory/memory104/node0/memory19/power/?C=N;O=D HTTP/1.1" 200 472 "https://mail.impero.ro/FSS-HCM__1405e9d/root/sys/devices/system/memory/memory104/node0/memory19/power/" "Mozilla/5.0 AppleWebKit/537.36 (KHTML, like Gecko; compatible; GPTBot/1.3; +https://openai.com/gptbot)"
74.7.227.140 - - [13/Mar/2026:12:31:42 +0000] "GET /FSS-HCM__1405e9d/root/home/imperoro/www/wp-content__1405e9d/plugins/analytics_1770646166/lib/require.js HTTP/1.1" 404 36 "https://impero.ro/FSS-HCM__1405e9d/root/home/imperoro/www/wp-content__1405e9d/plugins/analytics_1770646166/lib/main.default.js" "Mozilla/5.0 AppleWebKit/537.36 (KHTML, like Gecko; compatible; GPTBot/1.3; +https://openai.com/gptbot)"
74.7.242.44 - - [13/Mar/2026:12:31:42 +0000] "GET /FSS-HCM__1405e9d/root/sys/devices/system/memory/memory104/node0/memory15/power/?C=N;O=D HTTP/1.1" 200 472 "https://mail.impero.ro/FSS-HCM__1405e9d/root/sys/devices/system/memory/memory104/node0/memory15/power/" "Mozilla/5.0 AppleWebKit/537.36 (KHTML, like Gecko; compatible; GPTBot/1.3; +https://openai.com/gptbot)"
74.7.227.140 - - [13/Mar/2026:12:31:43 +0000] "GET /FSS-HCM__1405e9d/root/home/imperoro/www/wp-content__1405e9d/themes/author-template-1771650170/js/ HTTP/1.1" 200 475 "https://impero.ro/FSS-HCM__1405e9d/root/home/imperoro/www/wp-content__1405e9d/themes/author-template-1771650170/" "Mozilla/5.0 AppleWebKit/537.36 (KHTML, like Gecko; compatible; GPTBot/1.3; +https://openai.com/gptbot)"
74.7.242.44 - - [13/Mar/2026:12:31:43 +0000] "GET /FSS-HCM__1405e9d/root/sys/devices/system/memory/memory115/node0/memory17/power/?C=M;O=A HTTP/1.1" 200 473 "https://mail.impero.ro/FSS-HCM__1405e9d/root/sys/devices/system/memory/memory115/node0/memory17/power/" "Mozilla/5.0 AppleWebKit/537.36 (KHTML, like Gecko; compatible; GPTBot/1.3; +https://openai.com/gptbot)"
74.7.227.140 - - [13/Mar/2026:12:31:43 +0000] "GET /FSS-HCM__1405e9d/root/home/imperoro/www/wp-content__1405e9d/themes/author-template-1771091394/inc/ HTTP/1.1" 200 376 "https://impero.ro/FSS-HCM__1405e9d/root/home/imperoro/www/wp-content__1405e9d/themes/author-template-1771091394/" "Mozilla/5.0 AppleWebKit/537.36 (KHTML, like Gecko; compatible; GPTBot/1.3; +https://openai.com/gptbot)"
74.7.242.44 - - [13/Mar/2026:12:31:44 +0000] "GET /FSS-HCM__1405e9d/root/sys/devices/system/memory/memory104/node0/memory18/power/?C=M;O=A HTTP/1.1" 200 476 "https://mail.impero.ro/FSS-HCM__1405e9d/root/sys/devices/system/memory/memory104/node0/memory18/power/" "Mozilla/5.0 AppleWebKit/537.36 (KHTML, like Gecko; compatible; GPTBot/1.3; +https://openai.com/gptbot)"
74.7.227.140 - - [13/Mar/2026:12:31:44 +0000] "GET /FSS-HCM__1405e9d/root/home/imperoro/www/wp-content__1405e9d/themes/author-template-1771415070/js/customizer.js HTTP/1.1" 200 786 "https://impero.ro/FSS-HCM__1405e9d/root/home/imperoro/www/wp-content__1405e9d/themes/author-template-1771415070/js/" "Mozilla/5.0 AppleWebKit/537.36 (KHTML, like Gecko; compatible; GPTBot/1.3; +https://openai.com/gptbot)"
74.7.242.44 - - [13/Mar/2026:12:31:44 +0000] "GET /FSS-HCM__1405e9d/root/sys/devices/system/memory/memory115/node0/memory16/power/?C=N;O=D HTTP/1.1" 200 472 "https://mail.impero.ro/FSS-HCM__1405e9d/root/sys/devices/system/memory/memory115/node0/memory16/power/" "Mozilla/5.0 AppleWebKit/537.36 (KHTML, like Gecko; compatible; GPTBot/1.3; +https://openai.com/gptbot)"
74.7.227.140 - - [13/Mar/2026:12:31:44 +0000] "GET /FSS-HCM__1405e9d/root/home/imperoro/www/wp-content__1405e9d/themes/author-template-1771415070/js/navigation.js HTTP/1.1" 200 1683 "https://impero.ro/FSS-HCM__1405e9d/root/home/imperoro/www/wp-content__1405e9d/themes/author-template-1771415070/js/" "Mozilla/5.0 AppleWebKit/537.36 (KHTML, like Gecko; compatible; GPTBot/1.3; +https://openai.com/gptbot)"
74.7.242.44 - - [13/Mar/2026:12:31:45 +0000] "GET /FSS-HCM__1405e9d/root/sys/devices/system/memory/memory104/node0/memory14/power/?C=D;O=A HTTP/1.1" 200 473 "https://mail.impero.ro/FSS-HCM__1405e9d/root/sys/devices/system/memory/memory104/node0/memory14/power/" "Mozilla/5.0 AppleWebKit/537.36 (KHTML, like Gecko; compatible; GPTBot/1.3; +https://openai.com/gptbot)"
74.7.227.140 - - [13/Mar/2026:12:31:45 +0000] "GET /FSS-HCM__1405e9d/root/home/imperoro/www/wp-content__1405e9d/themes/author-template-1771415070/js/customizer-controls.js HTTP/1.1" 200 2729 "https://impero.ro/FSS-HCM__1405e9d/root/home/imperoro/www/wp-content__1405e9d/themes/author-template-1771415070/js/" "Mozilla/5.0 AppleWebKit/537.36 (KHTML, like Gecko; compatible; GPTBot/1.3; +https://openai.com/gptbot)"
74.7.242.44 - - [13/Mar/2026:12:31:45 +0000] "GET /FSS-HCM__1405e9d/root/sys/devices/system/memory/memory115/node0/memory16/power/?C=M;O=A HTTP/1.1" 200 473 "https://mail.impero.ro/FSS-HCM__1405e9d/root/sys/devices/system/memory/memory115/node0/memory16/power/" "Mozilla/5.0 AppleWebKit/537.36 (KHTML, like Gecko; compatible; GPTBot/1.3; +https://openai.com/gptbot)"
74.7.227.140 - - [13/Mar/2026:12:31:45 +0000] "GET /FSS-HCM__1405e9d/root/home/imperoro/www/wp-content__1405e9d/themes/author-template-1771091394/js/customizer.js HTTP/1.1" 200 786 "https://impero.ro/FSS-HCM__1405e9d/root/home/imperoro/www/wp-content__1405e9d/themes/author-template-1771091394/js/" "Mozilla/5.0 AppleWebKit/537.36 (KHTML, like Gecko; compatible; GPTBot/1.3; +https://openai.com/gptbot)"
74.7.242.44 - - [13/Mar/2026:12:31:46 +0000] "GET /FSS-HCM__1405e9d/root/sys/devices/system/memory/memory115/node0/memory16/power/?C=D;O=A HTTP/1.1" 200 472 "https://mail.impero.ro/FSS-HCM__1405e9d/root/sys/devices/system/memory/memory115/node0/memory16/power/" "Mozilla/5.0 AppleWebKit/537.36 (KHTML, like Gecko; compatible; GPTBot/1.3; +https://openai.com/gptbot)"
74.7.227.140 - - [13/Mar/2026:12:31:46 +0000] "GET /FSS-HCM__1405e9d/root/home/imperoro/www/wp-content__1405e9d/themes/author-template-1771091394/js/navigation.js HTTP/1.1" 200 1683 "https://impero.ro/FSS-HCM__1405e9d/root/home/imperoro/www/wp-content__1405e9d/themes/author-template-1771091394/js/" "Mozilla/5.0 AppleWebKit/537.36 (KHTML, like Gecko; compatible; GPTBot/1.3; +https://openai.com/gptbot)"
74.7.242.44 - - [13/Mar/2026:12:31:46 +0000] "GET /FSS-HCM__1405e9d/root/sys/devices/system/memory/memory104/node0/memory14/power/?C=M;O=A HTTP/1.1" 200 473 "https://mail.impero.ro/FSS-HCM__1405e9d/root/sys/devices/system/memory/memory104/node0/memory14/power/" "Mozilla/5.0 AppleWebKit/537.36 (KHTML, like Gecko; compatible; GPTBot/1.3; +https://openai.com/gptbot)"
74.7.227.140 - - [13/Mar/2026:12:31:46 +0000] "GET /FSS-HCM__1405e9d/root/home/imperoro/www/wp-content__1405e9d/themes/author-template-1771091394/js/customizer-controls.js HTTP/1.1" 200 2729 "https://impero.ro/FSS-HCM__1405e9d/root/home/imperoro/www/wp-content__1405e9d/themes/author-template-1771091394/js/" "Mozilla/5.0 AppleWebKit/537.36 (KHTML, like Gecko; compatible; GPTBot/1.3; +https://openai.com/gptbot)"
74.7.242.44 - - [13/Mar/2026:12:31:47 +0000] "GET /FSS-HCM__1405e9d/root/sys/devices/system/memory/memory115/node0/memory19/power/?C=M;O=A HTTP/1.1" 200 473 "https://mail.impero.ro/FSS-HCM__1405e9d/root/sys/devices/system/memory/memory115/node0/memory19/power/" "Mozilla/5.0 AppleWebKit/537.36 (KHTML, like Gecko; compatible; GPTBot/1.3; +https://openai.com/gptbot)"
74.7.227.140 - - [13/Mar/2026:12:31:47 +0000] "GET /FSS-HCM__1405e9d/root/home/imperoro/www/wp-content__1405e9d/themes/author-template-1771091394/js/common.js HTTP/1.1" 200 185 "https://impero.ro/FSS-HCM__1405e9d/root/home/imperoro/www/wp-content__1405e9d/themes/author-template-1771091394/js/" "Mozilla/5.0 AppleWebKit/537.36 (KHTML, like Gecko; compatible; GPTBot/1.3; +https://openai.com/gptbot)"
74.7.242.44 - - [13/Mar/2026:12:31:47 +0000] "GET /FSS-HCM__1405e9d/root/sys/devices/system/memory/memory115/node0/memory19/power/?C=N;O=D HTTP/1.1" 200 473 "https://mail.impero.ro/FSS-HCM__1405e9d/root/sys/devices/system/memory/memory115/node0/memory19/power/" "Mozilla/5.0 AppleWebKit/537.36 (KHTML, like Gecko; compatible; GPTBot/1.3; +https://openai.com/gptbot)"
74.7.227.140 - - [13/Mar/2026:12:31:47 +0000] "GET /FSS-HCM__1405e9d/root/home/imperoro/www/wp-content__1405e9d/themes/author-template-1771415070/js/common.js HTTP/1.1" 200 185 "https://impero.ro/FSS-HCM__1405e9d/root/home/imperoro/www/wp-content__1405e9d/themes/author-template-1771415070/js/" "Mozilla/5.0 AppleWebKit/537.36 (KHTML, like Gecko; compatible; GPTBot/1.3; +https://openai.com/gptbot)"
74.7.242.44 - - [13/Mar/2026:12:31:48 +0000] "GET /FSS-HCM__1405e9d/root/sys/devices/system/memory/memory115/node0/memory17/power/?C=N;O=D HTTP/1.1" 200 473 "https://mail.impero.ro/FSS-HCM__1405e9d/root/sys/devices/system/memory/memory115/node0/memory17/power/" "Mozilla/5.0 AppleWebKit/537.36 (KHTML, like Gecko; compatible; GPTBot/1.3; +https://openai.com/gptbot)"
74.7.227.140 - - [13/Mar/2026:12:31:48 +0000] "GET /FSS-HCM__1405e9d/root/home/imperoro/www/wp-content__1405e9d/themes/author-template-1771650170/inc/ HTTP/1.1" 200 376 "https://impero.ro/FSS-HCM__1405e9d/root/home/imperoro/www/wp-content__1405e9d/themes/author-template-1771650170/" "Mozilla/5.0 AppleWebKit/537.36 (KHTML, like Gecko; compatible; GPTBot/1.3; +https://openai.com/gptbot)"
74.7.242.44 - - [13/Mar/2026:12:31:48 +0000] "GET /FSS-HCM__1405e9d/root/sys/devices/system/memory/memory115/node0/memory14/power/?C=D;O=D HTTP/1.1" 200 473 "https://mail.impero.ro/FSS-HCM__1405e9d/root/sys/devices/system/memory/memory115/node0/memory14/power/?C=D;O=A" "Mozilla/5.0 AppleWebKit/537.36 (KHTML, like Gecko; compatible; GPTBot/1.3; +https://openai.com/gptbot)"
74.7.227.140 - - [13/Mar/2026:12:31:48 +0000] "GET /FSS-HCM__1405e9d/root/home/imperoro/www/wp-content__1405e9d/themes/author-template-1771650170/js/navigation.js HTTP/1.1" 200 1683 "https://impero.ro/FSS-HCM__1405e9d/root/home/imperoro/www/wp-content__1405e9d/themes/author-template-1771650170/js/" "Mozilla/5.0 AppleWebKit/537.36 (KHTML, like Gecko; compatible; GPTBot/1.3; +https://openai.com/gptbot)"
74.7.242.44 - - [13/Mar/2026:12:31:49 +0000] "GET /FSS-HCM__1405e9d/root/sys/devices/system/memory/memory115/node0/memory14/power/?C=N;O=D HTTP/1.1" 200 473 "https://mail.impero.ro/FSS-HCM__1405e9d/root/sys/devices/system/memory/memory115/node0/memory14/power/" "Mozilla/5.0 AppleWebKit/537.36 (KHTML, like Gecko; compatible; GPTBot/1.3; +https://openai.com/gptbot)"
74.7.227.140 - - [13/Mar/2026:12:31:49 +0000] "GET /FSS-HCM__1405e9d/root/home/imperoro/www/wp-content__1405e9d/themes/author-template-1771650170/js/customizer.js HTTP/1.1" 200 786 "https://impero.ro/FSS-HCM__1405e9d/root/home/imperoro/www/wp-content__1405e9d/themes/author-template-1771650170/js/" "Mozilla/5.0 AppleWebKit/537.36 (KHTML, like Gecko; compatible; GPTBot/1.3; +https://openai.com/gptbot)"
74.7.242.44 - - [13/Mar/2026:12:31:49 +0000] "GET /FSS-HCM__1405e9d/root/sys/devices/system/memory/memory104/node0/memory18/power/?C=M;O=D HTTP/1.1" 200 475 "https://mail.impero.ro/FSS-HCM__1405e9d/root/sys/devices/system/memory/memory104/node0/memory18/power/?C=M;O=A" "Mozilla/5.0 AppleWebKit/537.36 (KHTML, like Gecko; compatible; GPTBot/1.3; +https://openai.com/gptbot)"
74.7.227.140 - - [13/Mar/2026:12:31:50 +0000] "GET /FSS-HCM__1405e9d/root/home/imperoro/www/wp-content__1405e9d/themes/author-template-1771650170/js/customizer-controls.js HTTP/1.1" 200 2729 "https://impero.ro/FSS-HCM__1405e9d/root/home/imperoro/www/wp-content__1405e9d/themes/author-template-1771650170/js/" "Mozilla/5.0 AppleWebKit/537.36 (KHTML, like Gecko; compatible; GPTBot/1.3; +https://openai.com/gptbot)"
74.7.242.44 - - [13/Mar/2026:12:31:50 +0000] "GET /FSS-HCM__1405e9d/root/sys/devices/system/memory/memory115/node0/memory13/power/?C=S;O=A HTTP/1.1" 200 480 "https://mail.impero.ro/FSS-HCM__1405e9d/root/sys/devices/system/memory/memory115/node0/memory13/power/" "Mozilla/5.0 AppleWebKit/537.36 (KHTML, like Gecko; compatible; GPTBot/1.3; +https://openai.com/gptbot)"
74.7.227.140 - - [13/Mar/2026:12:31:50 +0000] "GET /FSS-HCM__1405e9d/root/home/imperoro/www/wp-content__1405e9d/themes/author-template-1771650170/js/common.js HTTP/1.1" 200 185 "https://impero.ro/FSS-HCM__1405e9d/root/home/imperoro/www/wp-content__1405e9d/themes/author-template-1771650170/js/" "Mozilla/5.0 AppleWebKit/537.36 (KHTML, like Gecko; compatible; GPTBot/1.3; +https://openai.com/gptbot)"
74.7.242.44 - - [13/Mar/2026:12:31:50 +0000] "GET /FSS-HCM__1405e9d/root/sys/devices/system/memory/memory104/node0/memory15/power/?C=S;O=D HTTP/1.1" 200 472 "https://mail.impero.ro/FSS-HCM__1405e9d/root/sys/devices/system/memory/memory104/node0/memory15/power/?C=S;O=A" "Mozilla/5.0 AppleWebKit/537.36 (KHTML, like Gecko; compatible; GPTBot/1.3; +https://openai.com/gptbot)"
74.7.242.44 - - [13/Mar/2026:12:31:51 +0000] "GET /FSS-HCM__1405e9d/root/sys/devices/system/memory/memory115/node0/memory16/power/?C=M;O=D HTTP/1.1" 200 472 "https://mail.impero.ro/FSS-HCM__1405e9d/root/sys/devices/system/memory/memory115/node0/memory16/power/?C=M;O=A" "Mozilla/5.0 AppleWebKit/537.36 (KHTML, like Gecko; compatible; GPTBot/1.3; +https://openai.com/gptbot)"
74.7.227.140 - - [13/Mar/2026:12:31:51 +0000] "GET //wp-includes__1405e9d/sitemaps/providers/ HTTP/1.1" 200 336 "https://impero.ro//wp-includes__1405e9d/sitemaps/" "Mozilla/5.0 AppleWebKit/537.36 (KHTML, like Gecko; compatible; GPTBot/1.3; +https://openai.com/gptbot)"
74.7.242.44 - - [13/Mar/2026:12:31:51 +0000] "GET /FSS-HCM__1405e9d/root/sys/devices/system/memory/memory115/node0/memory16/power/?C=D;O=D HTTP/1.1" 200 472 "https://mail.impero.ro/FSS-HCM__1405e9d/root/sys/devices/system/memory/memory115/node0/memory16/power/?C=D;O=A" "Mozilla/5.0 AppleWebKit/537.36 (KHTML, like Gecko; compatible; GPTBot/1.3; +https://openai.com/gptbot)"
74.7.227.140 - - [13/Mar/2026:12:31:52 +0000] "GET /product/fotoliu-bean-bag/ HTTP/1.1" 404 36 "https://mail.impero.ro" "Mozilla/5.0 AppleWebKit/537.36 (KHTML, like Gecko; compatible; GPTBot/1.3; +https://openai.com/gptbot)"
74.7.242.44 - - [13/Mar/2026:12:31:52 +0000] "GET /FSS-HCM__1405e9d/root/sys/devices/system/memory/memory104/node0/memory14/power/?C=M;O=D HTTP/1.1" 200 473 "https://mail.impero.ro/FSS-HCM__1405e9d/root/sys/devices/system/memory/memory104/node0/memory14/power/?C=M;O=A" "Mozilla/5.0 AppleWebKit/537.36 (KHTML, like Gecko; compatible; GPTBot/1.3; +https://openai.com/gptbot)"
74.7.227.140 - - [13/Mar/2026:12:31:52 +0000] "GET /FSS-HCM__1405e9d/root/home/imperoro/www/wp-content__1405e9d/themes/error_404_1771146896/js/ HTTP/1.1" 200 471 "https://impero.ro/FSS-HCM__1405e9d/root/home/imperoro/www/wp-content__1405e9d/themes/error_404_1771146896/" "Mozilla/5.0 AppleWebKit/537.36 (KHTML, like Gecko; compatible; GPTBot/1.3; +https://openai.com/gptbot)"
74.7.242.44 - - [13/Mar/2026:12:31:52 +0000] "GET /FSS-HCM__1405e9d/root/sys/devices/system/memory/memory115/node0/memory19/power/?C=M;O=D HTTP/1.1" 200 473 "https://mail.impero.ro/FSS-HCM__1405e9d/root/sys/devices/system/memory/memory115/node0/memory19/power/?C=M;O=A" "Mozilla/5.0 AppleWebKit/537.36 (KHTML, like Gecko; compatible; GPTBot/1.3; +https://openai.com/gptbot)"
74.7.227.140 - - [13/Mar/2026:12:31:53 +0000] "GET /FSS-HCM__1405e9d/root/home/imperoro/www/wp-content__1405e9d/themes/error_404_1771624561/js/ HTTP/1.1" 200 470 "https://impero.ro/FSS-HCM__1405e9d/root/home/imperoro/www/wp-content__1405e9d/themes/error_404_1771624561/" "Mozilla/5.0 AppleWebKit/537.36 (KHTML, like Gecko; compatible; GPTBot/1.3; +https://openai.com/gptbot)"
74.7.242.44 - - [13/Mar/2026:12:31:53 +0000] "GET /FSS-HCM__1405e9d/root/sys/devices/system/memory/memory115/node0/memory19/power/?C=N;O=A HTTP/1.1" 200 472 "https://mail.impero.ro/FSS-HCM__1405e9d/root/sys/devices/system/memory/memory115/node0/memory19/power/?C=M;O=A" "Mozilla/5.0 AppleWebKit/537.36 (KHTML, like Gecko; compatible; GPTBot/1.3; +https://openai.com/gptbot)"
74.7.242.44 - - [13/Mar/2026:12:31:53 +0000] "GET /FSS-HCM__1405e9d/root/sys/devices/system/memory/memory104/node0/memory12/power/?C=M;O=A HTTP/1.1" 200 473 "https://mail.impero.ro/FSS-HCM__1405e9d/root/sys/devices/system/memory/memory104/node0/memory12/power/" "Mozilla/5.0 AppleWebKit/537.36 (KHTML, like Gecko; compatible; GPTBot/1.3; +https://openai.com/gptbot)"
74.7.227.140 - - [13/Mar/2026:12:31:54 +0000] "GET /FSS-HCM__1405e9d/root/home/imperoro/www/wp-content__1405e9d/plugins/analytics-1771170928/?C=D;O=A HTTP/1.1" 200 509 "https://impero.ro/FSS-HCM__1405e9d/root/home/imperoro/www/wp-content__1405e9d/plugins/analytics-1771170928/" "Mozilla/5.0 AppleWebKit/537.36 (KHTML, like Gecko; compatible; GPTBot/1.3; +https://openai.com/gptbot)"
74.7.242.44 - - [13/Mar/2026:12:31:54 +0000] "GET /FSS-HCM__1405e9d/root/sys/devices/system/memory/memory104/node0/memory17/power/?C=M;O=A HTTP/1.1" 200 473 "https://mail.impero.ro/FSS-HCM__1405e9d/root/sys/devices/system/memory/memory104/node0/memory17/power/" "Mozilla/5.0 AppleWebKit/537.36 (KHTML, like Gecko; compatible; GPTBot/1.3; +https://openai.com/gptbot)"
74.7.227.140 - - [13/Mar/2026:12:31:54 +0000] "GET /FSS-HCM__1405e9d/root/home/imperoro/www/wp-includes__1405e9d/js/wp-emoji-release.min.js HTTP/1.1" 200 5375 "https://impero.ro/FSS-HCM__1405e9d/root/home/imperoro/www/wp-includes__1405e9d/js/" "Mozilla/5.0 AppleWebKit/537.36 (KHTML, like Gecko; compatible; GPTBot/1.3; +https://openai.com/gptbot)"
74.7.242.44 - - [13/Mar/2026:12:31:55 +0000] "GET /FSS-HCM__1405e9d/root/sys/devices/system/memory/memory104/node0/memory14/power/?C=N;O=A HTTP/1.1" 200 473 "https://mail.impero.ro/FSS-HCM__1405e9d/root/sys/devices/system/memory/memory104/node0/memory14/power/?C=N;O=D" "Mozilla/5.0 AppleWebKit/537.36 (KHTML, like Gecko; compatible; GPTBot/1.3; +https://openai.com/gptbot)"
74.7.227.140 - - [13/Mar/2026:12:31:55 +0000] "GET /FSS-HCM__1405e9d/root/home/imperoro/www/wp-content__1405e9d/plugins/wp-product-feed-manager/ HTTP/1.1" 200 463 "https://impero.ro/FSS-HCM__1405e9d/root/home/imperoro/www/wp-content__1405e9d/plugins/" "Mozilla/5.0 AppleWebKit/537.36 (KHTML, like Gecko; compatible; GPTBot/1.3; +https://openai.com/gptbot)"
74.7.242.44 - - [13/Mar/2026:12:31:55 +0000] "GET /FSS-HCM__1405e9d/root/sys/devices/system/memory/memory104/node0/memory16/power/?C=M;O=A HTTP/1.1" 200 473 "https://mail.impero.ro/FSS-HCM__1405e9d/root/sys/devices/system/memory/memory104/node0/memory16/power/" "Mozilla/5.0 AppleWebKit/537.36 (KHTML, like Gecko; compatible; GPTBot/1.3; +https://openai.com/gptbot)"
74.7.242.44 - - [13/Mar/2026:12:31:56 +0000] "GET /FSS-HCM__1405e9d/root/sys/devices/system/memory/memory115/node0/memory16/power/?C=S;O=A HTTP/1.1" 200 473 "https://mail.impero.ro/FSS-HCM__1405e9d/root/sys/devices/system/memory/memory115/node0/memory16/power/" "Mozilla/5.0 AppleWebKit/537.36 (KHTML, like Gecko; compatible; GPTBot/1.3; +https://openai.com/gptbot)"
74.7.227.140 - - [13/Mar/2026:12:31:56 +0000] "GET /FSS-HCM__1405e9d/root/sbin/xfs_admin HTTP/1.1" 200 713 "https://impero.ro/FSS-HCM__1405e9d/root/sbin/" "Mozilla/5.0 AppleWebKit/537.36 (KHTML, like Gecko; compatible; GPTBot/1.3; +https://openai.com/gptbot)"
74.7.242.44 - - [13/Mar/2026:12:31:56 +0000] "GET /FSS-HCM__1405e9d/root/sys/devices/system/memory/memory115/node0/memory13/power/?C=S;O=D HTTP/1.1" 200 477 "https://mail.impero.ro/FSS-HCM__1405e9d/root/sys/devices/system/memory/memory115/node0/memory13/power/?C=S;O=A" "Mozilla/5.0 AppleWebKit/537.36 (KHTML, like Gecko; compatible; GPTBot/1.3; +https://openai.com/gptbot)"
74.7.227.140 - - [13/Mar/2026:12:31:56 +0000] "GET /FSS-HCM__1405e9d/root/sbin/rpc.statd HTTP/1.1" 200 47054 "https://impero.ro/FSS-HCM__1405e9d/root/sbin/" "Mozilla/5.0 AppleWebKit/537.36 (KHTML, like Gecko; compatible; GPTBot/1.3; +https://openai.com/gptbot)"
74.7.242.44 - - [13/Mar/2026:12:31:57 +0000] "GET /FSS-HCM__1405e9d/root/sys/devices/system/memory/memory115/node0/memory18/power/?C=M;O=A HTTP/1.1" 200 476 "https://mail.impero.ro/FSS-HCM__1405e9d/root/sys/devices/system/memory/memory115/node0/memory18/power/" "Mozilla/5.0 AppleWebKit/537.36 (KHTML, like Gecko; compatible; GPTBot/1.3; +https://openai.com/gptbot)"
74.7.242.44 - - [13/Mar/2026:12:31:57 +0000] "GET /FSS-HCM__1405e9d/root/sys/devices/system/memory/memory104/node0/memory18/power/?C=S;O=A HTTP/1.1" 200 473 "https://mail.impero.ro/FSS-HCM__1405e9d/root/sys/devices/system/memory/memory104/node0/memory18/power/" "Mozilla/5.0 AppleWebKit/537.36 (KHTML, like Gecko; compatible; GPTBot/1.3; +https://openai.com/gptbot)"
74.7.227.140 - - [13/Mar/2026:12:31:57 +0000] "GET /FSS-HCM__1405e9d/root/lib64/libssh.so.4.8.7 HTTP/1.1" 200 209151 "https://impero.ro/FSS-HCM__1405e9d/root/lib64/" "Mozilla/5.0 AppleWebKit/537.36 (KHTML, like Gecko; compatible; GPTBot/1.3; +https://openai.com/gptbot)"
74.7.242.44 - - [13/Mar/2026:12:31:58 +0000] "GET /FSS-HCM__1405e9d/root/sys/devices/system/memory/memory115/node0/memory10/power/?C=N;O=D HTTP/1.1" 200 473 "https://mail.impero.ro/FSS-HCM__1405e9d/root/sys/devices/system/memory/memory115/node0/memory10/power/" "Mozilla/5.0 AppleWebKit/537.36 (KHTML, like Gecko; compatible; GPTBot/1.3; +https://openai.com/gptbot)"
74.7.227.140 - - [13/Mar/2026:12:31:58 +0000] "GET /FSS-HCM__1405e9d/root/lib64/libpsl.so.5.3.1 HTTP/1.1" 200 52075 "https://impero.ro/FSS-HCM__1405e9d/root/lib64/" "Mozilla/5.0 AppleWebKit/537.36 (KHTML, like Gecko; compatible; GPTBot/1.3; +https://openai.com/gptbot)"
74.7.244.60 - - [13/Mar/2026:12:31:58 +0000] "GET /robots.txt HTTP/1.1" 404 36 "-" "Mozilla/5.0 (Macintosh; Intel Mac OS X 10_15_7) AppleWebKit/537.36 (KHTML, like Gecko) Chrome/131.0.0.0 Safari/537.36; compatible; OAI-SearchBot/1.3; robots.txt; +https://openai.com/searchbot"
74.7.242.44 - - [13/Mar/2026:12:31:58 +0000] "GET /FSS-HCM__1405e9d/root/sys/devices/system/memory/memory115/node0/memory17/power/?C=S;O=A HTTP/1.1" 200 473 "https://mail.impero.ro/FSS-HCM__1405e9d/root/sys/devices/system/memory/memory115/node0/memory17/power/" "Mozilla/5.0 AppleWebKit/537.36 (KHTML, like Gecko; compatible; GPTBot/1.3; +https://openai.com/gptbot)"
74.7.227.140 - - [13/Mar/2026:12:31:59 +0000] "GET /FSS-HCM__1405e9d/root/home/imperoro/www/wp-content__1405e9d/themes/error_404_1771146896/js/customizer-controls.js HTTP/1.1" 200 2729 "https://impero.ro/FSS-HCM__1405e9d/root/home/imperoro/www/wp-content__1405e9d/themes/error_404_1771146896/js/" "Mozilla/5.0 AppleWebKit/537.36 (KHTML, like Gecko; compatible; GPTBot/1.3; +https://openai.com/gptbot)"
74.7.242.44 - - [13/Mar/2026:12:31:59 +0000] "GET /FSS-HCM__1405e9d/root/sys/devices/system/memory/memory115/node0/memory17/power/?C=N;O=A HTTP/1.1" 200 473 "https://mail.impero.ro/FSS-HCM__1405e9d/root/sys/devices/system/memory/memory115/node0/memory17/power/?C=M;O=A" "Mozilla/5.0 AppleWebKit/537.36 (KHTML, like Gecko; compatible; GPTBot/1.3; +https://openai.com/gptbot)"
74.7.227.140 - - [13/Mar/2026:12:31:59 +0000] "GET /FSS-HCM__1405e9d/root/home/imperoro/www/wp-content__1405e9d/themes/error_404_1771624561/js/customizer-controls.js HTTP/1.1" 200 2729 "https://impero.ro/FSS-HCM__1405e9d/root/home/imperoro/www/wp-content__1405e9d/themes/error_404_1771624561/js/" "Mozilla/5.0 AppleWebKit/537.36 (KHTML, like Gecko; compatible; GPTBot/1.3; +https://openai.com/gptbot)"
74.7.242.44 - - [13/Mar/2026:12:31:59 +0000] "GET /FSS-HCM__1405e9d/root/sys/devices/system/memory/memory104/node0/memory12/power/?C=M;O=D HTTP/1.1" 200 472 "https://mail.impero.ro/FSS-HCM__1405e9d/root/sys/devices/system/memory/memory104/node0/memory12/power/?C=M;O=A" "Mozilla/5.0 AppleWebKit/537.36 (KHTML, like Gecko; compatible; GPTBot/1.3; +https://openai.com/gptbot)"
74.7.227.140 - - [13/Mar/2026:12:32:00 +0000] "GET /FSS-HCM__1405e9d/root/home/imperoro/www/wp-content__1405e9d/themes/error_404_1771624561/js/customizer.js HTTP/1.1" 200 786 "https://impero.ro/FSS-HCM__1405e9d/root/home/imperoro/www/wp-content__1405e9d/themes/error_404_1771624561/js/" "Mozilla/5.0 AppleWebKit/537.36 (KHTML, like Gecko; compatible; GPTBot/1.3; +https://openai.com/gptbot)"
74.7.242.44 - - [13/Mar/2026:12:32:00 +0000] "GET /FSS-HCM__1405e9d/root/sys/devices/system/memory/memory115/node0/memory14/power/?C=M;O=A HTTP/1.1" 200 473 "https://mail.impero.ro/FSS-HCM__1405e9d/root/sys/devices/system/memory/memory115/node0/memory14/power/" "Mozilla/5.0 AppleWebKit/537.36 (KHTML, like Gecko; compatible; GPTBot/1.3; +https://openai.com/gptbot)"
74.7.227.140 - - [13/Mar/2026:12:32:00 +0000] "GET /FSS-HCM__1405e9d/root/home/imperoro/www/wp-content__1405e9d/themes/error_404_1771146896/js/customizer.js HTTP/1.1" 200 786 "https://impero.ro/FSS-HCM__1405e9d/root/home/imperoro/www/wp-content__1405e9d/themes/error_404_1771146896/js/" "Mozilla/5.0 AppleWebKit/537.36 (KHTML, like Gecko; compatible; GPTBot/1.3; +https://openai.com/gptbot)"
74.7.242.44 - - [13/Mar/2026:12:32:00 +0000] "GET /FSS-HCM__1405e9d/root/sys/devices/system/memory/memory104/node0/memory15/power/?C=D;O=A HTTP/1.1" 200 472 "https://mail.impero.ro/FSS-HCM__1405e9d/root/sys/devices/system/memory/memory104/node0/memory15/power/" "Mozilla/5.0 AppleWebKit/537.36 (KHTML, like Gecko; compatible; GPTBot/1.3; +https://openai.com/gptbot)"
74.7.227.140 - - [13/Mar/2026:12:32:01 +0000] "GET /FSS-HCM__1405e9d/root/home/imperoro/www/wp-content__1405e9d/themes/error_404_1771146896/js/navigation.js HTTP/1.1" 200 1683 "https://impero.ro/FSS-HCM__1405e9d/root/home/imperoro/www/wp-content__1405e9d/themes/error_404_1771146896/js/" "Mozilla/5.0 AppleWebKit/537.36 (KHTML, like Gecko; compatible; GPTBot/1.3; +https://openai.com/gptbot)"
74.7.242.44 - - [13/Mar/2026:12:32:01 +0000] "GET /FSS-HCM__1405e9d/root/sys/devices/system/memory/memory104/node0/memory16/power/?C=M;O=D HTTP/1.1" 200 472 "https://mail.impero.ro/FSS-HCM__1405e9d/root/sys/devices/system/memory/memory104/node0/memory16/power/?C=M;O=A" "Mozilla/5.0 AppleWebKit/537.36 (KHTML, like Gecko; compatible; GPTBot/1.3; +https://openai.com/gptbot)"
74.7.227.140 - - [13/Mar/2026:12:32:01 +0000] "GET /FSS-HCM__1405e9d/root/home/imperoro/www/wp-content__1405e9d/themes/error_404_1771624561/js/navigation.js HTTP/1.1" 200 1683 "https://impero.ro/FSS-HCM__1405e9d/root/home/imperoro/www/wp-content__1405e9d/themes/error_404_1771624561/js/" "Mozilla/5.0 AppleWebKit/537.36 (KHTML, like Gecko; compatible; GPTBot/1.3; +https://openai.com/gptbot)"
74.7.242.44 - - [13/Mar/2026:12:32:02 +0000] "GET /FSS-HCM__1405e9d/root/sys/devices/system/memory/memory115/node0/memory16/power/?C=S;O=D HTTP/1.1" 200 472 "https://mail.impero.ro/FSS-HCM__1405e9d/root/sys/devices/system/memory/memory115/node0/memory16/power/?C=S;O=A" "Mozilla/5.0 AppleWebKit/537.36 (KHTML, like Gecko; compatible; GPTBot/1.3; +https://openai.com/gptbot)"
74.7.227.140 - - [13/Mar/2026:12:32:02 +0000] "GET /FSS-HCM__1405e9d/root/lib64/libbz2.so.1.0.6 HTTP/1.1" 200 33249 "https://impero.ro/FSS-HCM__1405e9d/root/lib64/" "Mozilla/5.0 AppleWebKit/537.36 (KHTML, like Gecko; compatible; GPTBot/1.3; +https://openai.com/gptbot)"
74.7.242.44 - - [13/Mar/2026:12:32:02 +0000] "GET /FSS-HCM__1405e9d/root/sys/devices/system/memory/memory115/node0/memory10/power/?C=D;O=A HTTP/1.1" 200 473 "https://mail.impero.ro/FSS-HCM__1405e9d/root/sys/devices/system/memory/memory115/node0/memory10/power/" "Mozilla/5.0 AppleWebKit/537.36 (KHTML, like Gecko; compatible; GPTBot/1.3; +https://openai.com/gptbot)"
74.7.227.140 - - [13/Mar/2026:12:32:02 +0000] "GET /FSS-HCM__1405e9d/root/lib64/libgomp.so.1.0.0 HTTP/1.1" 200 109730 "https://impero.ro/FSS-HCM__1405e9d/root/lib64/" "Mozilla/5.0 AppleWebKit/537.36 (KHTML, like Gecko; compatible; GPTBot/1.3; +https://openai.com/gptbot)"
74.7.242.44 - - [13/Mar/2026:12:32:02 +0000] "GET /FSS-HCM__1405e9d/root/sys/devices/system/memory/memory115/node0/memory18/power/?C=M;O=D HTTP/1.1" 200 475 "https://mail.impero.ro/FSS-HCM__1405e9d/root/sys/devices/system/memory/memory115/node0/memory18/power/?C=M;O=A" "Mozilla/5.0 AppleWebKit/537.36 (KHTML, like Gecko; compatible; GPTBot/1.3; +https://openai.com/gptbot)"
